000
CXUS54 KLZK 281010
CF6PBF
PRELIMINARY LOCAL CLIMATOLOGICAL DATA (WS FORM: F-6)

                                          STATION:   Pine Bluff
                                          MONTH:     FEBRUARY
                                          YEAR:      2015
                                          LATITUDE:   34 10 N
                                          LONGITUDE:  91 56 W

  TEMPERATURE IN F:       :PCPN:    SNOW:  WIND      :SUNSHINE: SKY     :PK WND
================================================================================
1   2   3   4   5  6A  6B    7    8   9   10  11  12  13   14  15   16   17  18
                                     12Z  AVG MX 2MIN
DY MAX MIN AVG DEP HDD CDD  WTR  SNW DPTH SPD SPD DIR MIN PSBL S-S WX    SPD DR
================================================================================

 1  59  33  46   3  19   0 0.47  0.0    0 16.1 25 310   M    M   7 1      34 310
 2  37  27  32 -12  33   0 0.00  0.0    0  9.6 23 320   M    M   4        30 300
 3  50  26  38  -6  27   0 0.00  0.0    0  6.0 15 120   M    M   0        17 120
 4  54  33  44   0  21   0 0.11  0.0    0  5.9 26  10   M    M   7 1      33  10
 5  41  25  33 -11  32   0 0.00  0.0    0 11.9 25  20   M    M   3        32  20
 6  52  23  38  -6  27   0 0.00  0.0    0  4.8 15 200   M    M   2        19 190
 7  66  35  51   7  14   0 0.00  0.0    0 12.1 23 180   M    M   0        29 200
 8  64  50  57  12   8   0 0.00  0.0    0  9.6 18 210   M    M   7        23 210
 9  61  38  50   5  15   0 0.00  0.0    0 11.2 18  10   M    M   0        30 360
10  49  34  42  -3  23   0 0.00  0.0    0  7.9 17  40   M    M   1        22  50
11  59  33  46   1  19   0 0.00  0.0    0  4.1 22  20   M    M   0 1      27  10
12  45  30  38  -7  27   0 0.00  0.0    0 12.3 23  10   M    M   1        28  10
13  48  24  36 -10  29   0    T  0.0    0  4.8 12 200   M    M   0        17 160
14  72  27  50   4  15   0 0.00  0.0    0  7.5 23  40   M    M   0        31  30
15  40  24  32 -14  33   0 0.04  0.0    0 12.7 22  50   M    M   3        29  30
16  33  24  29 -17  36   0 0.40  1.1    1 12.6 24 330   M    M   8 16     28 340
17  34  20  27 -19  38   0    T    T    1  5.6 10 250   M    M   2        14 240
18  42  25  34 -13  31   0 0.00  0.0    T 11.2 23 280   M    M   2        30 280
19  32  22  27 -20  38   0 0.00  0.0    T  7.9 14 110   M    M   3        18 100
20  48  26  37 -10  28   0 0.19    T    T 11.2 16 170   M    M  10 13     22 170
21  64  36  50   2  15   0 0.67  0.0    0 15.2 33 340   M    M   9 13     45 340
22  41  30  36 -12  29   0 0.72  0.0    0 18.2 29  40   M    M   9 16     38  30
23  30  21  26 -22  39   0    T    T    0 16.5 28  30   M    M   9 4      37  20
24  40  22  31 -17  34   0 0.00  0.0    0  4.2 12 360   M    M   6        14  10
25  32  29  31 -18  34   0 0.72  6.0    0  2.6  9 310   M    M   8 126    11 300
26  36  27  32 -17  33   0 0.00  0.0    5  9.8 20  20   M    M   7 1      24 340
27  28  22  25 -24  40   0 0.00  0.0    3 12.5 20  10   M    M   5        25  10
================================================================================
SM 1257  766       737   0  3.32     7.1 264.0          M      113
================================================================================
AV 46.6 28.4                               9.8 FASTST   M    M   4    MAX(MPH)
                                 MISC ---->  # 33 340               # 45  340
================================================================================
NOTES:
# LAST OF SEVERAL OCCURRENCES

COLUMN 17 PEAK WIND IN M.P.H.

PRELIMINARY LOCAL CLIMATOLOGICAL DATA (WS FORM: F-6) , PAGE 2

                                          STATION:  Pine Bluff
                                          MONTH:    FEBRUARY
                                          YEAR:     2015
                                          LATITUDE:   34 10 N
                                          LONGITUDE:  91 56 W

[TEMPERATURE DATA]      [PRECIPITATION DATA]       SYMBOLS USED IN COLUMN 16

AVERAGE MONTHLY: 37.5   TOTAL FOR MONTH:   3.32    1 = FOG OR MIST
DPTR FM NORMAL:  -8.5   DPTR FM NORMAL:   -0.57    2 = FOG REDUCING VISIBILITY
HIGHEST:    72 ON 14    GRTST 24HR  0.83 ON 20-21      TO 1/4 MILE OR LESS
LOWEST:     20 ON 17                               3 = THUNDER
                        SNOW, ICE PELLETS, HAIL    4 = ICE PELLETS
                        TOTAL MONTH:   7.1 INCHES  5 = HAIL
                        GRTST 24HR   6.0 ON 25-25  6 = FREEZING RAIN OR DRIZZLE
                        GRTST DEPTH:   5 ON 26     7 = DUSTSTORM OR SANDSTORM:
                                                       VSBY 1/2 MILE OR LESS
                                                   8 = SMOKE OR HAZE
[NO. OF DAYS WITH]      [WEATHER - DAYS WITH]      9 = BLOWING SNOW
                                                   X = TORNADO
MAX 32 OR BELOW:   4    0.01 INCH OR MORE:   8
MAX 90 OR ABOVE:   0    0.10 INCH OR MORE:   7
MIN 32 OR BELOW:  19    0.50 INCH OR MORE:   3
MIN  0 OR BELOW:   0    1.00 INCH OR MORE:   0

[HDD (BASE 65) ]
TOTAL THIS MO.   737    CLEAR  (SCALE 0-3)  11
DPTR FM NORMAL   225    PTCLDY (SCALE 4-7)  12
TOTAL FM JUL 1  2701    CLOUDY (SCALE 8-10)  4
DPTR FM NORMAL   331

[CDD (BASE 65) ]
TOTAL THIS MO.     0
DPTR FM NORMAL     0    [PRESSURE DATA]
TOTAL FM JAN 1     0    HIGHEST SLP M ON M
DPTR FM NORMAL    -1    LOWEST  SLP 29.74 ON 21

[REMARKS]
