000
CXUS51 KBTV 250700
CF6PBG
PRELIMINARY LOCAL CLIMATOLOGICAL DATA (WS FORM: F-6)

                                          STATION:   PLATTSBURGH NY
                                          MONTH:     DECEMBER
                                          YEAR:      2014
                                          LATITUDE:   44 39 N
                                          LONGITUDE:  73 28 W

  TEMPERATURE IN F:       :PCPN:    SNOW:  WIND      :SUNSHINE: SKY     :PK WND
================================================================================
1   2   3   4   5  6A  6B    7    8   9   10  11  12  13   14  15   16   17  18
                                     12Z  AVG MX 2MIN
DY MAX MIN AVG DEP HDD CDD  WTR  SNW DPTH SPD SPD DIR MIN PSBL S-S WX    SPD DR
================================================================================

 1  46  24  35   5  30   0    T    M    0  9.0 22 330   M    M  10        27 340
 2  31  10  21  -9  44   0 0.01    M    0  8.4 23 160   M    M   4 18     29 180
 3  41  31  36   6  29   0 0.02    M    0  8.0 24 170   M    M  10 1      36 170
 4  36  13  25  -4  40   0    T    M    0  8.6 18 330   M    M   5        32 330
 5  35  10  23  -6  42   0    T    M    0  6.1 20 170   M    M   4        25 160
 6  37  30  34   6  31   0 0.10    M    0  7.1 17 350   M    M  10 1      22 330
 7  31   7  19  -9  46   0 0.00  0.0    0 10.5 20  10   M    M   1        26 330
 8  28   6  17 -11  48   0    T    M    0 11.2 26 160   M    M   1        33 160
 9  35  28  32   5  33   0 0.29    M    0 11.2 29 350   M    M   9 16     39 340
10  32  30  31   4  34   0 0.25    M    0 23.4 33 350   M    M  10 126    39 360
11  34  30  32   6  33   0 0.07    M    0  3.7 17 350   M    M  10 1      20 340
12  32  27  30   4  35   0 0.01    M    0  2.7  8 260   M    M  10 1      12 260
13  35  19  27   1  38   0    T    M    0  2.9  9 250   M    M   4        15 290
14  38  23  31   6  34   0 0.00  0.0    0  2.7 12  10   M    M  10        16 360
15  33  29  31   6  34   0 0.00  0.0    0  1.6 12  20   M    M  10        14  10
16  36  31  34  10  31   0 0.02    M    0  3.8 12 160   M    M  10 1      16 160
17  39  32  36  12  29   0 0.03    M    0  0.6  6  30   M    M  10 12      8 280
18  36  28  32   8  33   0 0.03    M    0  5.3 16 320   M    M  10 1      27 320
19  28  11  20  -3  45   0 0.00  0.0    0  5.7 15 340   M    M   7        18 330
20  22   7  15  -8  50   0 0.00  0.0    0  2.9  8  40   M    M   6        10  40
21  23  16  20  -3  45   0 0.00  0.0    0  3.0  9 360   M    M  10 1      10  20
22  24  18  21  -1  44   0 0.00  0.0    0  3.8  9 360   M    M  10 18     11  10
23  39  21  30   8  35   0 0.27    M    0  5.9 17 160   M    M  10 168    22 150
24  44  38  41  19  24   0 0.46    M    0 14.2 24 150   M    M   9 1      30 150
================================================================================
SM  815  519       887   0  1.56     0.0 162.3          M      190
================================================================================
AV 34.0 21.6                               6.8 FASTST   M    M   8    MAX(MPH)
                                 MISC ---->  # 33 350               # 39  340
================================================================================
NOTES:
# LAST OF SEVERAL OCCURRENCES

COLUMN 17 PEAK WIND IN M.P.H.

PRELIMINARY LOCAL CLIMATOLOGICAL DATA (WS FORM: F-6) , PAGE 2

                                          STATION:  PLATTSBURGH NY
                                          MONTH:    DECEMBER
                                          YEAR:     2014
                                          LATITUDE:   44 39 N
                                          LONGITUDE:  73 28 W

[TEMPERATURE DATA]      [PRECIPITATION DATA]       SYMBOLS USED IN COLUMN 16

AVERAGE MONTHLY: 27.8   TOTAL FOR MONTH:   1.56    1 = FOG OR MIST
DPTR FM NORMAL:   1.9   DPTR FM NORMAL:       M    2 = FOG REDUCING VISIBILITY
HIGHEST:    46 ON  1    GRTST 24HR  0.47 ON 23-24      TO 1/4 MILE OR LESS
LOWEST:      6 ON  8                               3 = THUNDER
                        SNOW, ICE PELLETS, HAIL    4 = ICE PELLETS
                        TOTAL MONTH:   0.0 INCH    5 = HAIL
                        GRTST 24HR     0.0         6 = FREEZING RAIN OR DRIZZLE
                        GRTST DEPTH:   0           7 = DUSTSTORM OR SANDSTORM:
                                                       VSBY 1/2 MILE OR LESS
                                                   8 = SMOKE OR HAZE
[NO. OF DAYS WITH]      [WEATHER - DAYS WITH]      9 = BLOWING SNOW
                                                   X = TORNADO
MAX 32 OR BELOW:   9    0.01 INCH OR MORE:  12
MAX 90 OR ABOVE:   0    0.10 INCH OR MORE:   5
MIN 32 OR BELOW:  23    0.50 INCH OR MORE:   0
MIN  0 OR BELOW:   0    1.00 INCH OR MORE:   0

[HDD (BASE 65) ]
TOTAL THIS MO.   887    CLEAR  (SCALE 0-3)   2
DPTR FM NORMAL   -52    PTCLDY (SCALE 4-7)   6
TOTAL FM JUL 1  2458    CLOUDY (SCALE 8-10) 16
DPTR FM NORMAL  -115

[CDD (BASE 65) ]
TOTAL THIS MO.     0
DPTR FM NORMAL     0    [PRESSURE DATA]
TOTAL FM JAN 1   310    HIGHEST SLP M ON M
DPTR FM NORMAL   -36    LOWEST  SLP 29.48 ON M

[REMARKS]
