000
CXUS52 KMFL 311000
CF6PBI
PRELIMINARY LOCAL CLIMATOLOGICAL DATA (WS FORM: F-6)

                                          STATION:   WEST PALM BEACH
                                          MONTH:     AUGUST
                                          YEAR:      2015
                                          LATITUDE:   26 40 N
                                          LONGITUDE:  80  7 W

  TEMPERATURE IN F:       :PCPN:    SNOW:  WIND      :SUNSHINE: SKY     :PK WND
================================================================================
1   2   3   4   5  6A  6B    7    8   9   10  11  12  13   14  15   16   17  18
                                     12Z  AVG MX 2MIN
DY MAX MIN AVG DEP HDD CDD  WTR  SNW DPTH SPD SPD DIR MIN PSBL S-S WX    SPD DR
================================================================================

 1  90  73  82  -1   0  17 0.04  0.0    0  7.0 30 230   M    M   9 3      36 220
 2  90  74  82  -1   0  17    T  0.0    0  7.0 23 290   M    M   8 3      29 300
 3  89  73  81  -2   0  16 0.13  0.0    0  5.5 28 200   M    M   6 13     38 190
 4  90  72  81  -2   0  16 0.03  0.0    0  4.6 16 300   M    M   4 138    19 310
 5  91  76  84   1   0  19 0.01  0.0    0  4.7 24 230   M    M   5 3      31 220
 6  91  76  84   1   0  19 0.00  0.0    0  7.0 18 130   M    M   4        22 130
 7  92  76  84   1   0  19 0.00  0.0    0  7.0 16 130   M    M   6        20 130
 8  93  75  84   1   0  19 0.03  0.0    0  7.5 22 210   M    M   7        28 220
 9  92  73  83   0   0  18    T  0.0    0  5.9 14  50   M    M   5        18  40
10  91  74  83   0   0  18 2.01  0.0    0  4.2 17 110   M    M   4 13     21 120
11  91  75  83   0   0  18    T  0.0    0  4.7 24 180   M    M   6 38     32 180
12  93  76  85   2   0  20 0.45  0.0    0  6.0 20 300   M    M   6 13     22 300
13  92  73  83   0   0  18 0.10  0.0    0  6.0 18 120   M    M   7 13     23 130
14  88  73  81  -2   0  16 0.00  0.0    0  6.7 23 100   M    M   6 3      27 100
15  90  77  84   1   0  19    T  0.0    0  8.1 17 130   M    M   7 3      22 150
16  90  74  82  -1   0  17 0.55  0.0    0  9.3 20 160   M    M   6 13     23 100
17  90  79  85   2   0  20 0.02  0.0    0 10.3 15  90   M    M   5         M  M
18  90  79  85   2   0  20 0.08  0.0    0  9.5 20 150   M    M   5 13     24 160
19  91  79  85   2   0  20 0.00  0.0    0  7.8 18 140   M    M   6        21 150
20  91  77  84   1   0  19 0.00  0.0    0  6.9 16 140   M    M   6        19 140
21  92  77  85   2   0  20 0.00  0.0    0  4.8 14  90   M    M   6 3      20  90
22  93  76  85   2   0  20 0.00  0.0    0  5.2 14  80   M    M   4        17  80
23  92  77  85   2   0  20 0.00  0.0    0  8.1 17  50   M    M   5        21  70
24  92  78  85   2   0  20    T  0.0    0  5.8 15 100   M    M   5 3      20 100
25  93  77  85   2   0  20 0.23  0.0    0  4.2 21  90   M    M   6 138    23  90
26  90  74  82  -1   0  17 0.78  0.0    0  3.4 21 150   M    M   7 13     24 170
27  86  73  80  -3   0  15 0.24  0.0    0  5.3 24 280   M    M   7 13     31 290
28  87  73  80  -3   0  15 0.91  0.0    0  5.7 32  50   M    M   6 13     40  50
29  90  78  84   2   0  19 0.31  0.0    0 12.6 31 110   M    M   8 13     36 120
30  86  74  80  -2   0  15 1.16  0.0    0 12.0 30 150   M    M   9 138    37 140
================================================================================
SM 2716 2261         0 546  7.08     0.0 202.8          M      181
================================================================================
AV 90.5 75.4                               6.8 FASTST   M    M   6    MAX(MPH)
                                 MISC ---->  # 32  50               # 40   50
================================================================================
NOTES:
# LAST OF SEVERAL OCCURRENCES

COLUMN 17 PEAK WIND IN M.P.H.

PRELIMINARY LOCAL CLIMATOLOGICAL DATA (WS FORM: F-6) , PAGE 2

                                          STATION:  WEST PALM BEACH
                                          MONTH:    AUGUST
                                          YEAR:     2015
                                          LATITUDE:   26 40 N
                                          LONGITUDE:  80  7 W

[TEMPERATURE DATA]      [PRECIPITATION DATA]       SYMBOLS USED IN COLUMN 16

AVERAGE MONTHLY: 82.9   TOTAL FOR MONTH:   7.08    1 = FOG OR MIST
DPTR FM NORMAL:   0.0   DPTR FM NORMAL:   -0.59    2 = FOG REDUCING VISIBILITY
HIGHEST:    93 ON 25,22 GRTST 24HR  2.01 ON 10-10      TO 1/4 MILE OR LESS
LOWEST:     72 ON  4                               3 = THUNDER
                        SNOW, ICE PELLETS, HAIL    4 = ICE PELLETS
                        TOTAL MONTH:   0.0 INCH    5 = HAIL
                        GRTST 24HR     0.0         6 = FREEZING RAIN OR DRIZZLE
                        GRTST DEPTH:   0           7 = DUSTSTORM OR SANDSTORM:
                                                       VSBY 1/2 MILE OR LESS
                                                   8 = SMOKE OR HAZE
[NO. OF DAYS WITH]      [WEATHER - DAYS WITH]      9 = BLOWING SNOW
                                                   X = TORNADO
MAX 32 OR BELOW:   0    0.01 INCH OR MORE:  17
MAX 90 OR ABOVE:  25    0.10 INCH OR MORE:  11
MIN 32 OR BELOW:   0    0.50 INCH OR MORE:   5
MIN  0 OR BELOW:   0    1.00 INCH OR MORE:   2

[HDD (BASE 65) ]
TOTAL THIS MO.     0    CLEAR  (SCALE 0-3)   0
DPTR FM NORMAL     0    PTCLDY (SCALE 4-7)  28
TOTAL FM JUL 1     0    CLOUDY (SCALE 8-10)  2
DPTR FM NORMAL     0

[CDD (BASE 65) ]
TOTAL THIS MO.   546
DPTR FM NORMAL     7    [PRESSURE DATA]
TOTAL FM JAN 1  3195    HIGHEST SLP M ON M
DPTR FM NORMAL   508    LOWEST  SLP 29.87 ON M

[REMARKS]
