000
CXUS52 KFFC 171110
CF6PDK
PRELIMINARY LOCAL CLIMATOLOGICAL DATA (WS FORM: F-6)

                                          STATION:   DEKALB PEACHTREE AIRPORT
                                          MONTH:     APRIL
                                          YEAR:      2014
                                          LATITUDE:   33 52 N
                                          LONGITUDE:  84 18 W

  TEMPERATURE IN F:       :PCPN:    SNOW:  WIND      :SUNSHINE: SKY     :PK WND
================================================================================
1   2   3   4   5  6A  6B    7    8   9   10  11  12  13   14  15   16   17  18
                                     12Z  AVG MX 2MIN
DY MAX MIN AVG DEP HDD CDD  WTR  SNW DPTH SPD SPD DIR MIN PSBL S-S WX    SPD DR
================================================================================

 1  81  44  63   5   2   0 0.00    M    M  4.6 14 200   M    M   1        20 270
 2  80  46  63   5   2   0 0.00    M    M  5.0 15 210   M    M   1        22 200
 3  82  57  70  12   0   5 0.00    M    M  7.7 18 210   M    M   2        23 230
 4  77  60  69  10   0   4    T    M    M 11.5 24 220   M    M   5        35 220
 5  66  48  57  -2   8   0 0.00    M    M  8.1 15 280   M    M   0        20 280
 6  59  50  55  -4  10   0 0.42    M    M  5.1 12 110   M    M   8 13     20 110
 7  64  48  56  -3   9   0 2.96    M    M  7.8 20 310   M    M  10 13     29  30
 8  63  45  54  -6  11   0 0.00    M    M  9.3 21 310   M    M   4        31 290
 9  67  45  56  -4   9   0 0.00    M    M  8.7 22 320   M    M   2        32 290
10  74  38  56  -4   9   0 0.00  0.0    M  3.6 15 190   M    M   0 1      22 180
11  73  46  60  -1   5   0 0.00  0.0    M  6.0 16 230   M    M   0        21 220
12  79  47  63   2   2   0 0.00  0.0    M  3.4 13 210   M    M   1 18     18 200
13  79  54  67   6   0   2 0.00  0.0    M  5.6 16 180   M    M   4        22 180
14  69  62  66   5   0   1 0.63  0.0    M  6.1 15 150   M    M   7 1      22 150
15  63  37  50 -12  15   0 0.39  0.0    M 13.5 31 320   M    M   8 1      41 330
16  60  31  46 -16  19   0 0.00    M    M  5.8 14 330   M    M   0        20 100
================================================================================
SM 1136  758       101  12  4.40     0.0 111.8          M       53
================================================================================
AV 71.0 47.4                               7.0 FASTST   M    M   3    MAX(MPH)
                                 MISC ---->  # 31 320               # 41  330
================================================================================
NOTES:
# LAST OF SEVERAL OCCURRENCES

COLUMN 17 PEAK WIND IN M.P.H.

PRELIMINARY LOCAL CLIMATOLOGICAL DATA (WS FORM: F-6) , PAGE 2

                                          STATION:  DEKALB PEACHTREE AIRPORT
                                          MONTH:    APRIL
                                          YEAR:     2014
                                          LATITUDE:   33 52 N
                                          LONGITUDE:  84 18 W

[TEMPERATURE DATA]      [PRECIPITATION DATA]       SYMBOLS USED IN COLUMN 16

AVERAGE MONTHLY: 59.2   TOTAL FOR MONTH:   4.40    1 = FOG OR MIST
DPTR FM NORMAL:  -0.7   DPTR FM NORMAL:    2.53    2 = FOG REDUCING VISIBILITY
HIGHEST:    82 ON  3    GRTST 24HR  3.32 ON  6- 7      TO 1/4 MILE OR LESS
LOWEST:     31 ON 16                               3 = THUNDER
                        SNOW, ICE PELLETS, HAIL    4 = ICE PELLETS
                        TOTAL MONTH:   0.0 INCH    5 = HAIL
                        GRTST 24HR     0.0         6 = FREEZING RAIN OR DRIZZLE
                        GRTST DEPTH:  M  ON   M    7 = DUSTSTORM OR SANDSTORM:
                                                       VSBY 1/2 MILE OR LESS
                                                   8 = SMOKE OR HAZE
[NO. OF DAYS WITH]      [WEATHER - DAYS WITH]      9 = BLOWING SNOW
                                                   X = TORNADO
MAX 32 OR BELOW:   0    0.01 INCH OR MORE:   4
MAX 90 OR ABOVE:   0    0.10 INCH OR MORE:   4
MIN 32 OR BELOW:   1    0.50 INCH OR MORE:   2
MIN  0 OR BELOW:   0    1.00 INCH OR MORE:   1

[HDD (BASE 65) ]
TOTAL THIS MO.   101    CLEAR  (SCALE 0-3)   9
DPTR FM NORMAL     1    PTCLDY (SCALE 4-7)   6
TOTAL FM JUL 1  3206    CLOUDY (SCALE 8-10)  1
DPTR FM NORMAL   337

[CDD (BASE 65) ]
TOTAL THIS MO.    12
DPTR FM NORMAL    -4    [PRESSURE DATA]
TOTAL FM JAN 1    12    HIGHEST SLP M ON M
DPTR FM NORMAL   -11    LOWEST  SLP 29.65 ON  8

[REMARKS]
