000
CXUS56 KPDT 291832
CF6PDT
PRELIMINARY LOCAL CLIMATOLOGICAL DATA (WS FORM: F-6)

                                          STATION:   PENDLETON OR
                                          MONTH:     APRIL
                                          YEAR:      2016
                                          LATITUDE:   45 40 N
                                          LONGITUDE: 118 51 W

  TEMPERATURE IN F:       :PCPN:    SNOW:  WIND      :SUNSHINE: SKY     :PK WND
================================================================================
1   2   3   4   5  6A  6B    7    8   9   10  11  12  13   14  15   16   17  18
                                     12Z  AVG MX 2MIN
DY MAX MIN AVG DEP HDD CDD  WTR  SNW DPTH SPD SPD DIR MIN PSBL S-S WX    SPD DR
================================================================================

 1  74  42  58  10   7   0 0.00  0.0    0  7.3 13 150   M    M   0 8      17 290
 2  74  46  60  11   5   0 0.00  0.0    0 10.0 17 260   M    M   0        24 300
 3  73  40  57   8   8   0    T  0.0    0  5.3 12 230   M    M   2        13 280
 4  59  40  50   1  15   0 0.08  0.0    0 19.8 40 280   M    M   5 1      48 260
 5  61  39  50   1  15   0 0.00  0.0    0 10.6 22 270   M    M   1        27 270
 6  72  37  55   6  10   0 0.00  0.0    0  5.5 14  90   M    M   0        15  90
 7  74  39  57   8   8   0 0.00  0.0    0  6.4 13 340   M    M   0        15 350
 8  77  43  60  11   5   0 0.00  0.0    0  5.8 13 150   M    M   0        25  10
 9  79  48  64  14   1   0 0.00  0.0    0  6.5 15 270   M    M   0        18 270
10  71  44  58   8   7   0 0.00  0.0    0  5.5 12 310   M    M   0        16 310
11  74  40  57   7   8   0 0.00  0.0    0  7.7 17 290   M    M   0        22 280
12  64  48  56   6   9   0 0.05  0.0    0 12.1 28 270   M    M   6        34 270
13  61  41  51   1  14   0 0.01  0.0    0  7.5 17 260   M    M   7        22 250
14  61  38  50   0  15   0 0.07  0.0    0  9.6 32 240   M    M   8        39 240
15  62  38  50   0  15   0    T  0.0    0  9.6 22 260   M    M   5        28 270
16  68  34  51   1  14   0 0.00  0.0    0  6.6 13 350   M    M   0        16  10
17  74  39  57   6   8   0 0.00  0.0    0  6.8 14 330   M    M   0        17  50
18  78  44  61  10   4   0 0.00  0.0    0  6.7 14 330   M    M   0        18 340
19  81  45  63  12   2   0 0.00  0.0    0  7.8 13 340   M    M   0        17 320
20  83  45  64  13   1   0 0.00  0.0    0  9.1 30 260   M    M   0        38 250
21  76  49  63  12   2   0 0.00  0.0    0  6.5 15 330   M    M   0        18 360
22  76  51  64  12   1   0 0.15  0.0    0  8.7 32 280   M    M   3 3      40 280
23  67  49  58   6   7   0 0.00  0.0    0 20.8 32 260   M    M   6        39 260
24  64  43  54   2  11   0 0.01  0.0    0 16.8 26 260   M    M   7        37 260
25  61  40  51  -1  14   0 0.00  0.0    0 12.7 24 260   M    M   2        29 250
26  64  43  54   2  11   0 0.00  0.0    0  6.8 17 260   M    M   5        22 280
27  61  45  53   0  12   0 0.03  0.0    0  6.3 14 270   M    M   6        17 270
28  67  49  58   5   7   0 0.01  0.0    0 10.7 30 260   M    M   7        37 260
================================================================================
SM 1956 1199       236   0  0.41     0.0 255.5          M       70
================================================================================
AV 69.9 42.8                               9.1 FASTST   M    M   3    MAX(MPH)
                                 MISC ---->  # 40 280               # 48  260
================================================================================
NOTES:
# LAST OF SEVERAL OCCURRENCES

COLUMN 17 PEAK WIND IN M.P.H.

PRELIMINARY LOCAL CLIMATOLOGICAL DATA (WS FORM: F-6) , PAGE 2

                                          STATION:  PENDLETON OR
                                          MONTH:    APRIL
                                          YEAR:     2016
                                          LATITUDE:   45 40 N
                                          LONGITUDE: 118 51 W

[TEMPERATURE DATA]      [PRECIPITATION DATA]       SYMBOLS USED IN COLUMN 16

AVERAGE MONTHLY: 56.3   TOTAL FOR MONTH:   0.41    1 = FOG OR MIST
DPTR FM NORMAL:   5.9   DPTR FM NORMAL:   -0.71    2 = FOG REDUCING VISIBILITY
HIGHEST:    83 ON 20    GRTST 24HR  0.15 ON 22-22      TO 1/4 MILE OR LESS
LOWEST:     34 ON 16                               3 = THUNDER
                        SNOW, ICE PELLETS, HAIL    4 = ICE PELLETS
                        TOTAL MONTH:   0.0 INCH    5 = HAIL
                        GRTST 24HR     0.0         6 = FREEZING RAIN OR DRIZZLE
                        GRTST DEPTH:   0           7 = DUSTSTORM OR SANDSTORM:
                                                       VSBY 1/2 MILE OR LESS
                                                   8 = SMOKE OR HAZE
[NO. OF DAYS WITH]      [WEATHER - DAYS WITH]      9 = BLOWING SNOW
                                                   X = TORNADO
MAX 32 OR BELOW:   0    0.01 INCH OR MORE:   8
MAX 90 OR ABOVE:   0    0.10 INCH OR MORE:   1
MIN 32 OR BELOW:   0    0.50 INCH OR MORE:   0
MIN  0 OR BELOW:   0    1.00 INCH OR MORE:   0

[HDD (BASE 65) ]
TOTAL THIS MO.   236    CLEAR  (SCALE 0-3)  18
DPTR FM NORMAL  -172    PTCLDY (SCALE 4-7)  10
TOTAL FM JUL 1  4391    CLOUDY (SCALE 8-10)  0
DPTR FM NORMAL  -533

[CDD (BASE 65) ]
TOTAL THIS MO.     0
DPTR FM NORMAL     0    [PRESSURE DATA]
TOTAL FM JAN 1     0    HIGHEST SLP 30.30 ON 15
DPTR FM NORMAL     0    LOWEST  SLP 29.54 ON 22

[REMARKS]
