000
CXUS54 KMAF 011100
CF6PEQ
PRELIMINARY LOCAL CLIMATOLOGICAL DATA (WS FORM: F-6)

                                          STATION:   Pecos Municipal Airport
                                          MONTH:     JUNE
                                          YEAR:      2015
                                          LATITUDE:   31 22 N
                                          LONGITUDE: 103 31 W

  TEMPERATURE IN F:       :PCPN:    SNOW:  WIND      :SUNSHINE: SKY     :PK WND
================================================================================
1   2   3   4   5  6A  6B    7    8   9   10  11  12  13   14  15   16   17  18
                                     12Z  AVG MX 2MIN
DY MAX MIN AVG DEP HDD CDD  WTR  SNW DPTH SPD SPD DIR MIN PSBL S-S WX    SPD DR
================================================================================

 1  95  59  77   M   0  12 0.00  0.0    0  6.7 16 100   M    M   0        22 100
 2  96  65  81   M   0  16 0.00  0.0    0  7.0 15  90   M    M   0        17  70
 3 100  61  81   M   0  16 0.00  0.0    0  7.1 21 110   M    M   0        24 110
 4  97  65  81   M   0  16 0.00  0.0    0  9.7 24 130   M    M   0        30 130
 5  95  65  80   M   0  15 0.00  0.0    0 13.6 25 100   M    M   0        32 100
 6  95  69  82   M   0  17 0.00  0.0    0 10.5 17 100   M    M   1        20 100
 7  96  69  83   M   0  18 0.00  0.0    0  8.4 13 110   M    M   1        16  90
 8  91  71  81   M   0  16 0.00  0.0    0  7.9 13  90   M    M   0        17  80
 9  96  68  82   M   0  17 0.00  0.0    0  5.2 14 100   M    M   0        20 100
10 101  65  83   M   0  18 0.00  0.0    0  5.7 18 100   M    M   0        22 100
11 104  69  87   M   0  22 0.00  0.0    0  5.1 20 120   M    M   0        25 130
12 100  69  85   M   0  20 0.00  0.0    0  6.7 22 100   M    M   0 8      28 100
13  97  67  82   M   0  17 0.02  0.0    0  6.3 16 110   M    M   1 3      21 100
14  97  63  80   M   0  15 0.00  0.0    0  6.5 21 230   M    M   1 3      27 230
15  91  63  77   M   0  12 0.00  0.0    0  4.8 15  90   M    M   1 8      21  90
16  88  65  77   M   0  12 0.01  0.0    0  3.7  8  70   M    M   6 8       M  M
17  93  66  80   M   0  15 0.03  0.0    0  3.9  8  80   M    M   2 18      M  M
18  98  67  83   M   0  18 0.00  0.0    0  7.0 15 100   M    M   2 38     21 100
19  95  70  83   M   0  18 0.00  0.0    0 10.5 17 120   M    M   1        22  90
20  99  65  82   M   0  17 0.00  0.0    0  8.9 23 100   M    M   0        25 110
21  98  69  84   M   0  19 0.00  0.0    0 10.8 21  80   M    M   0        27  80
22  94  69  82   M   0  17 0.00  0.0    0 13.2 24  90   M    M   1        28  90
23  91  70  81   M   0  16 0.00  0.0    0 18.2 30 100   M    M   5        38 110
24  93  69  81   M   0  16 0.11  0.0    0 10.6 20  80   M    M   4 3      28 120
25  98  68  83   M   0  18 0.00  0.0    0  6.4 16 120   M    M   0 3       M  M
26  99  66  83   M   0  18 0.01  0.0    0  7.5 18 190   M    M   1 3      29  60
27  91  63  77   M   0  12 0.00  0.0    0  7.0 18 100   M    M   0        22  90
28  93  65  79   M   0  14 0.00  0.0    0  5.4 12 120   M    M   0        21 120
29  98  64  81   M   0  16 0.00  0.0    0  8.0 25  10   M    M   0        36  10
30  91  64  78   M   0  13 0.11  0.0    0  8.1 24  80   M    M   3 3      33  80
================================================================================
SM 2870 1988         0 486  0.29     0.0 240.4          M       30
================================================================================
AV 95.7 66.3                               8.0 FASTST   M    M   1    MAX(MPH)
                                 MISC ---->    30   M               # 38  110
================================================================================
NOTES:
# LAST OF SEVERAL OCCURRENCES

COLUMN 17 PEAK WIND IN M.P.H.

PRELIMINARY LOCAL CLIMATOLOGICAL DATA (WS FORM: F-6) , PAGE 2

                                          STATION:  Pecos Municipal Airport
                                          MONTH:    JUNE
                                          YEAR:     2015
                                          LATITUDE:   31 22 N
                                          LONGITUDE: 103 31 W

[TEMPERATURE DATA]      [PRECIPITATION DATA]       SYMBOLS USED IN COLUMN 16

AVERAGE MONTHLY: 81.0   TOTAL FOR MONTH:   0.29    1 = FOG OR MIST
DPTR FM NORMAL:     M   DPTR FM NORMAL:       M    2 = FOG REDUCING VISIBILITY
HIGHEST:   104 ON 11    GRTST 24HR  0.11 ON 30-30      TO 1/4 MILE OR LESS
LOWEST:     59 ON  1                               3 = THUNDER
                        SNOW, ICE PELLETS, HAIL    4 = ICE PELLETS
                        TOTAL MONTH:   0.0 INCH    5 = HAIL
                        GRTST 24HR     0.0         6 = FREEZING RAIN OR DRIZZLE
                        GRTST DEPTH:   0           7 = DUSTSTORM OR SANDSTORM:
                                                       VSBY 1/2 MILE OR LESS
                                                   8 = SMOKE OR HAZE
[NO. OF DAYS WITH]      [WEATHER - DAYS WITH]      9 = BLOWING SNOW
                                                   X = TORNADO
MAX 32 OR BELOW:   0    0.01 INCH OR MORE:   6
MAX 90 OR ABOVE:  29    0.10 INCH OR MORE:   2
MIN 32 OR BELOW:   0    0.50 INCH OR MORE:   0
MIN  0 OR BELOW:   0    1.00 INCH OR MORE:   0

[HDD (BASE 65) ]
TOTAL THIS MO.     0    CLEAR  (SCALE 0-3)  26
DPTR FM NORMAL     M    PTCLDY (SCALE 4-7)   4
TOTAL FM JUL 1  2554    CLOUDY (SCALE 8-10)  0
DPTR FM NORMAL     M

[CDD (BASE 65) ]
TOTAL THIS MO.   486
DPTR FM NORMAL     M    [PRESSURE DATA]
TOTAL FM JAN 1   768    HIGHEST SLP M ON M
DPTR FM NORMAL     M    LOWEST  SLP M ON M

[REMARKS]
#FINAL-06-15#
