000
CXUS56 KFGZ 240900
CF6PGA
PRELIMINARY LOCAL CLIMATOLOGICAL DATA (WS FORM: F-6)

                                          STATION:   PAGE AZ AIRPORT
                                          MONTH:     DECEMBER
                                          YEAR:      2014
                                          LATITUDE:   36 55 N
                                          LONGITUDE: 111 27 W

  TEMPERATURE IN F:       :PCPN:    SNOW:  WIND      :SUNSHINE: SKY     :PK WND
================================================================================
1   2   3   4   5  6A  6B    7    8   9   10  11  12  13   14  15   16   17  18
                                     12Z  AVG MX 2MIN
DY MAX MIN AVG DEP HDD CDD  WTR  SNW DPTH SPD SPD DIR MIN PSBL S-S WX    SPD DR
================================================================================

 1  58  39  49  10  16   0 0.00    M    M  3.0  7 190   M    M   0 8       9 180
 2  51  39  45   6  20   0 0.03    M    M  1.5  8  20   M    M   3 8      10  20
 3  53  45  49  10  16   0 0.01    M    M  2.2  7 360   M    M   9         9 350
 4  52  46  49  11  16   0 0.31    M    M  1.3  9 150   M    M  10 128    11 300
 5  52  43  48  10  17   0 0.00    M    M  1.3  7  30   M    M   6 128    10 220
 6  53  43  48  10  17   0 0.00    M    M  2.4  7 310   M    M   5 18     10 320
 7  49  40  45   7  20   0 0.00    M    M  2.3  6 350   M    M   8 18      7 230
 8  50  41  46   9  19   0 0.00    M    M  1.8  6  30   M    M   7 18      9  40
 9  51  37  44   7  21   0 0.00    M    M  1.9  7 330   M    M   3 18      9 340
10  49  35  42   5  23   0 0.00    M    M  2.4  6 360   M    M   0 8       M  M
11  45  38  42   5  23   0 0.00    M    M  2.6  6  20   M    M   9         M  M
12  51  43  47  10  18   0 0.00    M    M  2.0 16 310   M    M   2 8      22 310
13  48  40  44   8  21   0 0.18    M    M  5.4 18 320   M    M   8 1      24 320
14  48  37  43   7  22   0 0.00    M    M  6.8 15 270   M    M   2        21 300
15  44  30  37   1  28   0 0.00    M    M  1.9  9 290   M    M   1 8      14 290
16  47  37  42   6  23   0 0.00    M    M  1.4  9  60   M    M   4 8      11  50
17  42  36  39   3  26   0 0.03    M    M  3.0  8 320   M    M   9 18     10 320
18  47  36  42   6  23   0    T    M    M  1.6  6 200   M    M   6 18      7  10
19  45  31  38   2  27   0 0.00    M    M  2.2  7 190   M    M   0 8       8 190
20  42  33  38   2  27   0 0.00    M    M  2.8  9 250   M    M   6 8      12 210
21  47  32  40   4  25   0 0.00    M    M  2.7  8 320   M    M   0 8      10 320
22  65  36  51  15  14   0 0.00    M    M  7.9 25 360   M    M   1 8      30 360
23  48  34  41   5  24   0 0.00    M    0  6.8 22 360   M    M   0 8      26 360
================================================================================
SM 1137  871       486   0  0.56    M     67.2          M       99
================================================================================
AV 49.4 37.9                               2.9 FASTST   M    M   4    MAX(MPH)
                                 MISC ---->  # 25 360               # 30  360
================================================================================
NOTES:
# LAST OF SEVERAL OCCURRENCES

COLUMN 17 PEAK WIND IN M.P.H.

PRELIMINARY LOCAL CLIMATOLOGICAL DATA (WS FORM: F-6) , PAGE 2

                                          STATION:  PAGE AZ AIRPORT
                                          MONTH:    DECEMBER
                                          YEAR:     2014
                                          LATITUDE:   36 55 N
                                          LONGITUDE: 111 27 W

[TEMPERATURE DATA]      [PRECIPITATION DATA]       SYMBOLS USED IN COLUMN 16

AVERAGE MONTHLY: 43.7   TOTAL FOR MONTH:   0.56    1 = FOG OR MIST
DPTR FM NORMAL:   6.7   DPTR FM NORMAL:    0.24    2 = FOG REDUCING VISIBILITY
HIGHEST:    65 ON 22    GRTST 24HR  0.31 ON  4- 4      TO 1/4 MILE OR LESS
LOWEST:     30 ON 15                               3 = THUNDER
                        SNOW, ICE PELLETS, HAIL    4 = ICE PELLETS
                        TOTAL MONTH:    M          5 = HAIL
                        GRTST 24HR    M  ON   M    6 = FREEZING RAIN OR DRIZZLE
                        GRTST DEPTH:   0           7 = DUSTSTORM OR SANDSTORM:
                                                       VSBY 1/2 MILE OR LESS
                                                   8 = SMOKE OR HAZE
[NO. OF DAYS WITH]      [WEATHER - DAYS WITH]      9 = BLOWING SNOW
                                                   X = TORNADO
MAX 32 OR BELOW:   0    0.01 INCH OR MORE:   5
MAX 90 OR ABOVE:   0    0.10 INCH OR MORE:   2
MIN 32 OR BELOW:   3    0.50 INCH OR MORE:   0
MIN  0 OR BELOW:   0    1.00 INCH OR MORE:   0

[HDD (BASE 65) ]
TOTAL THIS MO.   486    CLEAR  (SCALE 0-3)  11
DPTR FM NORMAL  -159    PTCLDY (SCALE 4-7)   8
TOTAL FM JUL 1  1028    CLOUDY (SCALE 8-10)  4
DPTR FM NORMAL  -427

[CDD (BASE 65) ]
TOTAL THIS MO.     0
DPTR FM NORMAL     0    [PRESSURE DATA]
TOTAL FM JAN 1  2295    HIGHEST SLP M ON M
DPTR FM NORMAL   448    LOWEST  SLP 29.81 ON 22

[REMARKS]
