000
CXUS55 KTBW 191000
CF6PGD
PRELIMINARY LOCAL CLIMATOLOGICAL DATA (WS FORM: F-6)

                                          STATION:   Punta Gorda
                                          MONTH:     APRIL
                                          YEAR:      2014
                                          LATITUDE:   26 55 N
                                          LONGITUDE:  82  0 W

  TEMPERATURE IN F:       :PCPN:    SNOW:  WIND      :SUNSHINE: SKY     :PK WND
================================================================================
1   2   3   4   5  6A  6B    7    8   9   10  11  12  13   14  15   16   17  18
                                     12Z  AVG MX 2MIN
DY MAX MIN AVG DEP HDD CDD  WTR  SNW DPTH SPD SPD DIR MIN PSBL S-S WX    SPD DR
================================================================================

 1  86  53  70   0   0   5 0.00  0.0    0  4.4 13  80   M    M   0 1      17  90
 2  87  56  72   2   0   7 0.00  0.0    0  6.1 14 240   M    M   0 1      19 120
 3  84  57  71   1   0   6 0.00  0.0    0  7.1 17 240   M    M   0        21 240
 4  85  60  73   3   0   8 0.00  0.0    0  7.2 17 260   M    M   0 1      22 240
 5  86  63  75   5   0  10 0.00  0.0    0  5.3 15 260   M    M   1 18     19 280
 6  87  62  75   4   0  10 0.00  0.0    0  7.5 18 190   M    M   0 1      26 250
 7  91  68  80   9   0  15 0.01  0.0    0 11.9 24 190   M    M   1        32 200
 8  79  68  74   3   0   9 0.86  0.0    0 14.2 28 250   M    M   5 1      34 250
 9  75  60  68  -3   0   3    T  0.0    0 12.0 23 290   M    M   3        31 280
10  81  56  69  -2   0   4 0.00  0.0    0  8.6 16 100   M    M   1        25 160
11  84  55  70  -1   0   5 0.00  0.0    0  7.7 15 100   M    M   2        20 100
12  87  62  75   4   0  10 0.00  0.0    0  9.2 20  50   M    M   3 1      25 100
13  85  60  73   2   0   8    T  0.0    0  8.8 22 120   M    M   4 1      26 110
14  87  70  79   7   0  14 0.00  0.0    0  7.6 15 250   M    M   4 1      20 170
15  88  68  78   6   0  13 0.00  0.0    0 12.2 24 230   M    M   5 12     31 220
16  79  60  70  -2   0   5 0.00  0.0    0 11.5 21  60   M    M   6        24  30
17  87  65  76   4   0  11 1.08  0.0    0 11.3 25  70   M    M   6 13     32  60
18  85  71  78   6   0  13 0.01  0.0    0  9.1 21 220   M    M   5        27 180
================================================================================
SM 1523 1114         0 156  1.96     0.0 161.7          M       46
================================================================================
AV 84.6 61.9                               9.0 FASTST   M    M   3    MAX(MPH)
                                 MISC ---->  # 28 250               # 34  250
================================================================================
NOTES:
# LAST OF SEVERAL OCCURRENCES

COLUMN 17 PEAK WIND IN M.P.H.

PRELIMINARY LOCAL CLIMATOLOGICAL DATA (WS FORM: F-6) , PAGE 2

                                          STATION:  Punta Gorda
                                          MONTH:    APRIL
                                          YEAR:     2014
                                          LATITUDE:   26 55 N
                                          LONGITUDE:  82  0 W

[TEMPERATURE DATA]      [PRECIPITATION DATA]       SYMBOLS USED IN COLUMN 16

AVERAGE MONTHLY: 73.2   TOTAL FOR MONTH:   1.96    1 = FOG OR MIST
DPTR FM NORMAL:   2.2   DPTR FM NORMAL:    0.56    2 = FOG REDUCING VISIBILITY
HIGHEST:    91 ON  7    GRTST 24HR  1.08 ON 17-17      TO 1/4 MILE OR LESS
LOWEST:     53 ON  1                               3 = THUNDER
                        SNOW, ICE PELLETS, HAIL    4 = ICE PELLETS
                        TOTAL MONTH:   0.0 INCH    5 = HAIL
                        GRTST 24HR     0.0         6 = FREEZING RAIN OR DRIZZLE
                        GRTST DEPTH:   0           7 = DUSTSTORM OR SANDSTORM:
                                                       VSBY 1/2 MILE OR LESS
                                                   8 = SMOKE OR HAZE
[NO. OF DAYS WITH]      [WEATHER - DAYS WITH]      9 = BLOWING SNOW
                                                   X = TORNADO
MAX 32 OR BELOW:   0    0.01 INCH OR MORE:   4
MAX 90 OR ABOVE:   1    0.10 INCH OR MORE:   2
MIN 32 OR BELOW:   0    0.50 INCH OR MORE:   2
MIN  0 OR BELOW:   0    1.00 INCH OR MORE:   1

[HDD (BASE 65) ]
TOTAL THIS MO.     0    CLEAR  (SCALE 0-3)  10
DPTR FM NORMAL    -3    PTCLDY (SCALE 4-7)   8
TOTAL FM JUL 1   245    CLOUDY (SCALE 8-10)  0
DPTR FM NORMAL  -147

[CDD (BASE 65) ]
TOTAL THIS MO.   156
DPTR FM NORMAL    41    [PRESSURE DATA]
TOTAL FM JAN 1   495    HIGHEST SLP M ON M
DPTR FM NORMAL   103    LOWEST  SLP 29.78 ON  8

[REMARKS]
