000
CXUS51 KPBZ 220804
CF6PHD
PRELIMINARY LOCAL CLIMATOLOGICAL DATA (WS FORM: F-6)

                                          STATION:   NEW PHILADELPHIA OH
                                          MONTH:     AUGUST
                                          YEAR:      2017
                                          LATITUDE:   40 28 N
                                          LONGITUDE:  81 25 W

  TEMPERATURE IN F:       :PCPN:    SNOW:  WIND      :SUNSHINE: SKY     :PK WND
================================================================================
1   2   3   4   5  6A  6B    7    8   9   10  11  12  13   14  15   16   17  18
                                     12Z  AVG MX 2MIN
DY MAX MIN AVG DEP HDD CDD  WTR  SNW DPTH SPD SPD DIR MIN PSBL S-S WX    SPD DR
================================================================================

 1  85  58  72   0   0   7 0.00    M    M  1.0  7 320   M    M   1 1      12  60
 2  84  61  73   1   0   8 0.00    M    M  2.8 10 170   M    M   2 12     16 210
 3  84  63  74   2   0   9 0.00  0.0    0  3.6 13 180   M    M   2        17 180
 4  81  57  69  -3   0   4 0.67  0.0    0  5.2 20 290   M    M   2 138    32 220
 5  75  56  66  -6   0   1 0.13    M    M  4.3 12 220   M    M   7 1      16 260
 6  75  60  68  -4   0   3 0.00    M    M  2.1  8 170   M    M   5 12     11 200
 7  76  61  69  -3   0   4 0.13  0.0    0  0.9  7 180   M    M   7 1       9 190
 8  79  55  67  -5   0   2 0.00  0.0    0  3.1 13 330   M    M   0 12     17 310
 9  81  52  67  -5   0   2 0.00  0.0    0  1.1  9 160   M    M   2 12     11 180
10  76  54  65  -7   0   0 0.00  0.0    0  3.8 16 180   M    M   6 1      24 160
11  82  64  73   1   0   8 0.12  0.0    0  3.8 12 170   M    M   6 13     17 180
12  78  58  68  -4   0   3 0.00    M    0  3.3 13 290   M    M   5 128    18 320
13  80  54  67  -5   0   2 0.00  0.0    0  1.4  9  20   M    M   1 12     11 360
14  81  58  70  -2   0   5 0.00  0.0    0  0.5  8 220   M    M   0 1      11 170
15  86  60  73   1   0   8 0.00  0.0    0  1.9  8 290   M    M   4 12     12 280
16  88  62  75   3   0  10 0.00  0.0    0  1.7  8  70   M    M   3 1      11  60
17  85  65  75   3   0  10 0.52  0.0    0  3.4 16 190   M    M   3 13     23 200
18  84  66  75   4   0  10 0.00    M    M  4.1 16 250   M    M   5 8      23 250
19  82  63  73   2   0   8 0.31    M    M  2.1 12 200   M    M   4 123    18 270
20  85  61  73   2   0   8 0.00  0.0    0  2.5  9 140   M    M   4 12     13 140
21  86  65  76   5   0  11 0.00  0.0    0  3.3  9 230   M    M   1 1      15 210
================================================================================
SM 1713 1253         0 123  1.88     0.0  55.9          M       70
================================================================================
AV 81.6 59.7                               2.7 FASTST   M    M   3    MAX(MPH)
                                 MISC ---->  # 20 290               # 32  220
================================================================================
NOTES:
# LAST OF SEVERAL OCCURRENCES

COLUMN 17 PEAK WIND IN M.P.H.

PRELIMINARY LOCAL CLIMATOLOGICAL DATA (WS FORM: F-6) , PAGE 2

                                          STATION:  NEW PHILADELPHIA OH
                                          MONTH:    AUGUST
                                          YEAR:     2017
                                          LATITUDE:   40 28 N
                                          LONGITUDE:  81 25 W

[TEMPERATURE DATA]      [PRECIPITATION DATA]       SYMBOLS USED IN COLUMN 16

AVERAGE MONTHLY: 70.6   TOTAL FOR MONTH:   1.88    1 = FOG OR MIST
DPTR FM NORMAL:  -1.2   DPTR FM NORMAL:   -0.41    2 = FOG REDUCING VISIBILITY
HIGHEST:    88 ON 16    GRTST 24HR  0.67 ON  4- 4      TO 1/4 MILE OR LESS
LOWEST:     52 ON  9                               3 = THUNDER
                        SNOW, ICE PELLETS, HAIL    4 = ICE PELLETS
                        TOTAL MONTH:   0.0 INCH    5 = HAIL
                        GRTST 24HR     0.0         6 = FREEZING RAIN OR DRIZZLE
                        GRTST DEPTH:   0           7 = DUSTSTORM OR SANDSTORM:
                                                       VSBY 1/2 MILE OR LESS
                                                   8 = SMOKE OR HAZE
[NO. OF DAYS WITH]      [WEATHER - DAYS WITH]      9 = BLOWING SNOW
                                                   X = TORNADO
MAX 32 OR BELOW:   0    0.01 INCH OR MORE:   6
MAX 90 OR ABOVE:   0    0.10 INCH OR MORE:   6
MIN 32 OR BELOW:   0    0.50 INCH OR MORE:   2
MIN  0 OR BELOW:   0    1.00 INCH OR MORE:   0

[HDD (BASE 65) ]
TOTAL THIS MO.     0    CLEAR  (SCALE 0-3)  11
DPTR FM NORMAL     0    PTCLDY (SCALE 4-7)  10
TOTAL FM JUL 1     0    CLOUDY (SCALE 8-10)  0
DPTR FM NORMAL    -3

[CDD (BASE 65) ]
TOTAL THIS MO.   123
DPTR FM NORMAL   -23    [PRESSURE DATA]
TOTAL FM JAN 1   638    HIGHEST SLP M ON M
DPTR FM NORMAL    72    LOWEST  SLP 29.80 ON M

[REMARKS]
