000
CXUS51 KPHI 220800
CF6PHL
PRELIMINARY LOCAL CLIMATOLOGICAL DATA (WS FORM: F-6)

                                          STATION:   PHILADELPHIA PA
                                          MONTH:     SEPTEMBER
                                          YEAR:      2014
                                          LATITUDE:   39 52 N
                                          LONGITUDE:  75 15 W

  TEMPERATURE IN F:       :PCPN:    SNOW:  WIND      :SUNSHINE: SKY     :PK WND
================================================================================
1   2   3   4   5  6A  6B    7    8   9   10  11  12  13   14  15   16   17  18
                                     12Z  AVG MX 2MIN
DY MAX MIN AVG DEP HDD CDD  WTR  SNW DPTH SPD SPD DIR MIN PSBL S-S WX    SPD DR
================================================================================

 1  89  74  82   8   0  17 0.01  0.0    0  6.6 13 220   M    M   7 18     17 230
 2  93  74  84  10   0  19 0.18  0.0    0  9.9 35 270   M    M   5 3      46 270
 3  85  71  78   4   0  13    T  0.0    0  6.7 14 350   M    M   7        22 330
 4  87  68  78   5   0  13 0.00  0.0    0  5.6 14 230   M    M   3        18 220
 5  89  72  81   8   0  16 0.00  0.0    0  5.8 13 180   M    M   7 128    17 220
 6  93  72  83  10   0  18 0.01  0.0    0  9.6 23 300   M    M   5 3      28 300
 7  83  66  75   3   0  10 0.00  0.0    0  6.8 18  20   M    M   7        22  10
 8  75  67  71  -1   0   6 0.00  0.0    0 10.3 23 100   M    M   8        29 100
 9  76  67  72   0   0   7 0.00  0.0    0 10.8 16  60   M    M  10        24  30
10  82  67  75   4   0  10 0.00  0.0    0  6.4 13  50   M    M   7        19  80
11  84  67  76   5   0  11 0.00  0.0    0  9.9 21 230   M    M   8        28 210
12  78  63  71   0   0   6 0.00  0.0    0  7.8 18  10   M    M   5        24  10
13  72  59  66  -4   0   1 0.36  0.0    0  8.4 18 330   M    M   8 1      24 320
14  69  53  61  -9   4   0 0.00  0.0    0  6.4 16  10   M    M   4        21  10
15  72  53  63  -7   2   0 0.00  0.0    0  5.2 12 170   M    M   3        14 170
16  74  59  67  -2   0   2 0.20  0.0    0  6.9 16 330   M    M   6 1      25 360
17  75  56  66  -3   0   1 0.00  0.0    0  4.7 10 230   M    M   4        15 360
18  74  56  65  -3   0   0 0.00  0.0    0  5.7 18 270   M    M   4        23 270
19  72  58  65  -3   0   0 0.00  0.0    0 10.7 17  30   M    M   4        25  20
20  79  56  68   0   0   3 0.00  0.0    0  6.2 15 130   M    M   5 8      20 130
21  79  65  72   5   0   7    T  0.0    0  5.9 20 290   M    M   8 18     26 300
================================================================================
SM 1680 1343         6 160  0.76     0.0 156.3          M      125
================================================================================
AV 80.0 64.0                               7.4 FASTST   M    M   6    MAX(MPH)
                                 MISC ---->  # 35 270               # 46  270
================================================================================
NOTES:
# LAST OF SEVERAL OCCURRENCES

COLUMN 17 PEAK WIND IN M.P.H.

PRELIMINARY LOCAL CLIMATOLOGICAL DATA (WS FORM: F-6) , PAGE 2

                                          STATION:  PHILADELPHIA PA
                                          MONTH:    SEPTEMBER
                                          YEAR:     2014
                                          LATITUDE:   39 52 N
                                          LONGITUDE:  75 15 W

[TEMPERATURE DATA]      [PRECIPITATION DATA]       SYMBOLS USED IN COLUMN 16

AVERAGE MONTHLY: 72.0   TOTAL FOR MONTH:   0.76    1 = FOG OR MIST
DPTR FM NORMAL:   1.1   DPTR FM NORMAL:   -1.83    2 = FOG REDUCING VISIBILITY
HIGHEST:    93 ON  6, 2 GRTST 24HR  1.12 ON 31- 1      TO 1/4 MILE OR LESS
LOWEST:     53 ON 15,14                            3 = THUNDER
                        SNOW, ICE PELLETS, HAIL    4 = ICE PELLETS
                        TOTAL MONTH:   0.0 INCH    5 = HAIL
                        GRTST 24HR     0.0         6 = FREEZING RAIN OR DRIZZLE
                        GRTST DEPTH:   0           7 = DUSTSTORM OR SANDSTORM:
                                                       VSBY 1/2 MILE OR LESS
                                                   8 = SMOKE OR HAZE
[NO. OF DAYS WITH]      [WEATHER - DAYS WITH]      9 = BLOWING SNOW
                                                   X = TORNADO
MAX 32 OR BELOW:   0    0.01 INCH OR MORE:   5
MAX 90 OR ABOVE:   2    0.10 INCH OR MORE:   3
MIN 32 OR BELOW:   0    0.50 INCH OR MORE:   0
MIN  0 OR BELOW:   0    1.00 INCH OR MORE:   0

[HDD (BASE 65) ]
TOTAL THIS MO.     6    CLEAR  (SCALE 0-3)   1
DPTR FM NORMAL    -5    PTCLDY (SCALE 4-7)  18
TOTAL FM JUL 1     6    CLOUDY (SCALE 8-10)  2
DPTR FM NORMAL    -6

[CDD (BASE 65) ]
TOTAL THIS MO.   160
DPTR FM NORMAL    23    [PRESSURE DATA]
TOTAL FM JAN 1  1258    HIGHEST SLP M ON M
DPTR FM NORMAL     4    LOWEST  SLP 29.63 ON 21

[REMARKS]
