000
CXUS51 KPHI 220800
CF6PHL
PRELIMINARY LOCAL CLIMATOLOGICAL DATA (WS FORM: F-6)

                                          STATION:   PHILADELPHIA PA
                                          MONTH:     FEBRUARY
                                          YEAR:      2017
                                          LATITUDE:   39 52 N
                                          LONGITUDE:  75 15 W

  TEMPERATURE IN F:       :PCPN:    SNOW:  WIND      :SUNSHINE: SKY     :PK WND
================================================================================
1   2   3   4   5  6A  6B    7    8   9   10  11  12  13   14  15   16   17  18
                                     12Z  AVG MX 2MIN
DY MAX MIN AVG DEP HDD CDD  WTR  SNW DPTH SPD SPD DIR MIN PSBL S-S WX    SPD DR
================================================================================

 1  50  40  45  11  20   0 0.00  0.0    0 12.6 23 280   M    M   7        31 260
 2  48  34  41   7  24   0 0.00  0.0    0 10.8 29 260   M    M   8        37 260
 3  35  28  32  -2  33   0 0.00  0.0    0 11.9 24 300   M    M   9        33 310
 4  36  22  29  -5  36   0 0.00  0.0    0 11.6 22 340   M    M   4        29 320
 5  44  29  37   3  28   0 0.00  0.0    0 10.0 20 240   M    M   8        25 230
 6  54  36  45  11  20   0 0.00  0.0    0  8.6 18 270   M    M   4        23 270
 7  62  39  51  17  14   0 0.04  0.0    0  5.8 22 210   M    M   9 18     30 190
 8  66  47  57  23   8   0    T  0.0    0 11.8 26 210   M    M   8        34 220
 9  48  24  36   1  29   0 0.54  2.0    T 20.2 36 320   M    M   8 14     47 320
10  34  22  28  -7  37   0 0.00  0.0    0 12.0 24 260   M    M   7        28 290
11  56  30  43   8  22   0 0.00  0.0    0  4.6 12 230   M    M   8        20 210
12  45  35  40   5  25   0 0.21  0.0    0 10.4 21 300   M    M  10 1      26 300
13  42  32  37   2  28   0 0.00  0.0    0 21.8 39 320   M    M   4        51 330
14  47  28  38   2  27   0 0.00  0.0    0  8.5 18 220   M    M   6        29 210
15  53  32  43   7  22   0 0.00  0.0    0 11.1 32 310   M    M   8        40 300
16  39  31  35  -1  30   0 0.00  0.0    0 15.9 28 310   M    M   6        38 310
17  45  26  36   0  29   0 0.00  0.0    0  7.8 15 260   M    M   4        20 230
18  68  29  49  13  16   0 0.00  0.0    0  7.7 22 230   M    M   4        26 230
19  70  49  60  24   5   0 0.00  0.0    0  9.0 18 280   M    M   5        25 270
20  58  41  50  13  15   0 0.00  0.0    0 11.2 18 350   M    M   1        27 350
21  52  34  43   6  22   0 0.00  0.0    0   M  13 210   M    M   M        17 210
================================================================================
SM 1052  688       490   0  0.79     2.0 223.3          M      128
================================================================================
AV 50.1 32.8                              11.2 FASTST   M    M   6    MAX(MPH)
                                 MISC ---->  # 39 320               # 51  330
================================================================================
NOTES:
# LAST OF SEVERAL OCCURRENCES

COLUMN 17 PEAK WIND IN M.P.H.

PRELIMINARY LOCAL CLIMATOLOGICAL DATA (WS FORM: F-6) , PAGE 2

                                          STATION:  PHILADELPHIA PA
                                          MONTH:    FEBRUARY
                                          YEAR:     2017
                                          LATITUDE:   39 52 N
                                          LONGITUDE:  75 15 W

[TEMPERATURE DATA]      [PRECIPITATION DATA]       SYMBOLS USED IN COLUMN 16

AVERAGE MONTHLY: 41.4   TOTAL FOR MONTH:   0.79    1 = FOG OR MIST
DPTR FM NORMAL:   6.3   DPTR FM NORMAL:   -1.18    2 = FOG REDUCING VISIBILITY
HIGHEST:    70 ON 19    GRTST 24HR  0.54 ON  9- 9      TO 1/4 MILE OR LESS
LOWEST:     22 ON 10, 4                            3 = THUNDER
                        SNOW, ICE PELLETS, HAIL    4 = ICE PELLETS
                        TOTAL MONTH:   2.0 INCHES  5 = HAIL
                        GRTST 24HR   2.0 ON  9- 9  6 = FREEZING RAIN OR DRIZZLE
                        GRTST DEPTH:   T           7 = DUSTSTORM OR SANDSTORM:
                                                       VSBY 1/2 MILE OR LESS
                                                   8 = SMOKE OR HAZE
[NO. OF DAYS WITH]      [WEATHER - DAYS WITH]      9 = BLOWING SNOW
                                                   X = TORNADO
MAX 32 OR BELOW:   0    0.01 INCH OR MORE:   3
MAX 90 OR ABOVE:   0    0.10 INCH OR MORE:   2
MIN 32 OR BELOW:  12    0.50 INCH OR MORE:   1
MIN  0 OR BELOW:   0    1.00 INCH OR MORE:   0

[HDD (BASE 65) ]
TOTAL THIS MO.   490    CLEAR  (SCALE 0-3)   1
DPTR FM NORMAL  -139    PTCLDY (SCALE 4-7)  13
TOTAL FM JUL 1  2740    CLOUDY (SCALE 8-10)  6
DPTR FM NORMAL  -552

[CDD (BASE 65) ]
TOTAL THIS MO.     0
DPTR FM NORMAL     0    [PRESSURE DATA]
TOTAL FM JAN 1     0    HIGHEST SLP M ON M
DPTR FM NORMAL     0    LOWEST  SLP 29.34 ON 15

[REMARKS]
