000
CXUS53 KUNR 270945
CF6PHP
PRELIMINARY LOCAL CLIMATOLOGICAL DATA (WS FORM: F-6)

                                          STATION:   PHILIP SD
                                          MONTH:     FEBRUARY
                                          YEAR:      2015
                                          LATITUDE:   44  3 N
                                          LONGITUDE: 101 36 W

  TEMPERATURE IN F:       :PCPN:    SNOW:  WIND      :SUNSHINE: SKY     :PK WND
================================================================================
1   2   3   4   5  6A  6B    7    8   9   10  11  12  13   14  15   16   17  18
                                     12Z  AVG MX 2MIN
DY MAX MIN AVG DEP HDD CDD  WTR  SNW DPTH SPD SPD DIR MIN PSBL S-S WX    SPD DR
================================================================================

 1  12  -5   4 -19  61   0 0.03    M    M 11.0 22 350   M    M   5        27 340
 2  36  -1  18  -6  47   0    T    M    M  9.1 29 330   M    M   3        35 320
 3  35  13  24   0  41   0    T    M    M  7.7 22 350   M    M   6        27 340
 4  24   9  17  -7  48   0 0.00    M    M 10.6 25 340   M    M   1        31 350
 5  54  12  33   9  32   0 0.00    M    M  6.2 17 260   M    M   3        20 260
 6  71  26  49  25  16   0 0.00    M    M  7.5 18 200   M    M   0        22 190
 7  74  36  55  31  10   0 0.00    M    M 10.0 21 340   M    M   2        25 340
 8  64  29  47  23  18   0 0.00    M    M 10.0 22 340   M    M   1        27 310
 9  36  22  29   5  36   0    T    M    M 11.3 20 100   M    M   8 12     25 110
10  59  24  42  17  23   0 0.02    M    M 18.5 33 330   M    M   8 1      41 330
11  35   9  22  -3  43   0 0.00    M    M 12.4 24  40   M    M   9        28  40
12  50   7  29   4  36   0 0.00    M    M  9.7 20 150   M    M   6        24 160
13  63  24  44  19  21   0 0.00    M    M  8.1 22 320   M    M   1        27 310
14  29  12  21  -4  44   0    T    M    M 14.6 23  50   M    M   8        29  60
15  47  17  32   6  33   0 0.00    M    M  6.7 21 330   M    M   8        24 330
16  39  23  31   5  34   0 0.03    M    M 10.7 31 320   M    M   8 18     40 310
17  23   2  13 -13  52   0 0.01    M    M 16.4 35 330   M    M   2 1      43 330
18  24  -2  11 -15  54   0 0.00    M    M  7.4 16 330   M    M   4        21 320
19  40  14  27   1  38   0 0.00    M    M  7.8 15 310   M    M   5        19 120
20  55  23  39  12  26   0 0.00    M    M 11.9 29 330   M    M   3        36 330
21  34   5  20  -7  45   0    T    M    M 12.9 26 340   M    M   7 1      32 340
22  17  -5   6 -21  59   0    T    M    M  5.9 15 320   M    M   3        19 290
23  40  -6  17 -11  48   0 0.00    M    M 12.0 28 250   M    M   1        36 230
24  57  26  42  14  23   0 0.00    M    M  8.0 18 320   M    M   5        27 230
25  34   4  19  -9  46   0    T    M    M 11.8 23  40   M    M  10 1      29 220
26  16  -7   5 -23  60   0    T    M    M  6.6 15 360   M    M   4 8      21 350
================================================================================
SM 1068  311       994   0  0.09    M    264.8          M      121
================================================================================
AV 41.1 12.0                              10.2 FASTST   M    M   5    MAX(MPH)
                                 MISC ---->  # 35 330               # 43  330
================================================================================
NOTES:
# LAST OF SEVERAL OCCURRENCES

COLUMN 17 PEAK WIND IN M.P.H.

PRELIMINARY LOCAL CLIMATOLOGICAL DATA (WS FORM: F-6) , PAGE 2

                                          STATION:  PHILIP SD
                                          MONTH:    FEBRUARY
                                          YEAR:     2015
                                          LATITUDE:   44  3 N
                                          LONGITUDE: 101 36 W

[TEMPERATURE DATA]      [PRECIPITATION DATA]       SYMBOLS USED IN COLUMN 16

AVERAGE MONTHLY: 26.5   TOTAL FOR MONTH:   0.09    1 = FOG OR MIST
DPTR FM NORMAL:   1.0   DPTR FM NORMAL:   -0.32    2 = FOG REDUCING VISIBILITY
HIGHEST:    74 ON  7    GRTST 24HR  0.04 ON 31- 1      TO 1/4 MILE OR LESS
LOWEST:     -7 ON 26                               3 = THUNDER
                        SNOW, ICE PELLETS, HAIL    4 = ICE PELLETS
                        TOTAL MONTH:    M          5 = HAIL
                        GRTST 24HR    M  ON   M    6 = FREEZING RAIN OR DRIZZLE
                        GRTST DEPTH:  M  ON   M    7 = DUSTSTORM OR SANDSTORM:
                                                       VSBY 1/2 MILE OR LESS
                                                   8 = SMOKE OR HAZE
[NO. OF DAYS WITH]      [WEATHER - DAYS WITH]      9 = BLOWING SNOW
                                                   X = TORNADO
MAX 32 OR BELOW:   7    0.01 INCH OR MORE:   4
MAX 90 OR ABOVE:   0    0.10 INCH OR MORE:   0
MIN 32 OR BELOW:  25    0.50 INCH OR MORE:   0
MIN  0 OR BELOW:   6    1.00 INCH OR MORE:   0

[HDD (BASE 65) ]
TOTAL THIS MO.   994    CLEAR  (SCALE 0-3)  10
DPTR FM NORMAL   -35    PTCLDY (SCALE 4-7)  11
TOTAL FM JUL 1  5040    CLOUDY (SCALE 8-10)  5
DPTR FM NORMAL  -254

[CDD (BASE 65) ]
TOTAL THIS MO.     0
DPTR FM NORMAL     0    [PRESSURE DATA]
TOTAL FM JAN 1     0    HIGHEST SLP M ON M
DPTR FM NORMAL     0    LOWEST  SLP 29.50 ON  7

[REMARKS]
