000
CXUS55 KPSR 231005
CF6PHX
PRELIMINARY LOCAL CLIMATOLOGICAL DATA (WS FORM: F-6)

                                          STATION:   PHOENIX AZ
                                          MONTH:     MAY
                                          YEAR:      2017
                                          LATITUDE:   33 25 N
                                          LONGITUDE: 112  1 W

  TEMPERATURE IN F:       :PCPN:    SNOW:  WIND      :SUNSHINE: SKY     :PK WND
================================================================================
1   2   3   4   5  6A  6B    7    8   9   10  11  12  13   14  15   16   17  18
                                     12Z  AVG MX 2MIN
DY MAX MIN AVG DEP HDD CDD  WTR  SNW DPTH SPD SPD DIR MIN PSBL S-S WX    SPD DR
================================================================================

 1  94  62  78   0   0  13 0.00  0.0    0  5.9 16 300   M    M   0        24 320
 2  97  67  82   4   0  17 0.00  0.0    0  6.5 18 270   M    M   2        25 270
 3 100  69  85   7   0  20 0.00  0.0    0  5.3 16 300   M    M   2        19 300
 4 103  73  88  10   0  23 0.00  0.0    0  5.4 14 330   M    M   2        21 320
 5 108  76  92  13   0  27 0.00  0.0    0  9.2 21 230   M    M   3        28 200
 6  98  73  86   7   0  21 0.00  0.0    0 15.3 29 220   M    M   2        40 210
 7  74  64  69 -10   0   4 0.00  0.0    0  8.6 20 270   M    M   6 8      23 260
 8  83  60  72  -8   0   7    T  0.0    0  8.1 23 240   M    M   7 3      28 230
 9  76  57  67 -13   0   2 0.01  0.0    0  8.4 21 150   M    M   6 3      24 150
10  80  60  70 -10   0   5 0.00  0.0    0  6.1 17 260   M    M   5 8      23 280
11  90  64  77  -4   0  12 0.00  0.0    0  5.3 15 280   M    M   1        22 230
12  97  71  84   3   0  19 0.00  0.0    0  6.3 16 270   M    M   5        23 220
13  99  71  85   4   0  20 0.00  0.0    0  9.9 23 260   M    M   2        30 180
14  93  70  82   0   0  17 0.00  0.0    0 12.5 26 280   M    M   6        32 220
15  88  69  79  -3   0  14 0.00  0.0    0 12.4 26 240   M    M   2        33 220
16  78  61  70 -12   0   5 0.00  0.0    0  8.6 23 270   M    M   5        27 280
17  87  62  75  -7   0  10 0.00  0.0    0  8.9 24 270   M    M   3 8      29 270
18  86  67  77  -6   0  12 0.00  0.0    0 10.4 23 270   M    M   2        30 270
19  87  62  75  -8   0  10 0.00  0.0    0  6.3 16 310   M    M   1        23 360
20  94  68  81  -2   0  16 0.00  0.0    0  5.8 15 300   M    M   1        21 310
21 101  70  86   2   0  21 0.00  0.0    0  4.8 16 290   M    M   2        21 240
22 104  73  89   5   0  24 0.00  0.0    0  6.7 18 300   M    M   3 8      23 310
================================================================================
SM 2017 1469         0 319  0.01     0.0 176.7          M       68
================================================================================
AV 91.7 66.8                               8.0 FASTST   M    M   3    MAX(MPH)
                                 MISC ---->  # 29 220               # 40  210
================================================================================
NOTES:
# LAST OF SEVERAL OCCURRENCES

COLUMN 17 PEAK WIND IN M.P.H.

PRELIMINARY LOCAL CLIMATOLOGICAL DATA (WS FORM: F-6) , PAGE 2

                                          STATION:  PHOENIX AZ
                                          MONTH:    MAY
                                          YEAR:     2017
                                          LATITUDE:   33 25 N
                                          LONGITUDE: 112  1 W

[TEMPERATURE DATA]      [PRECIPITATION DATA]       SYMBOLS USED IN COLUMN 16

AVERAGE MONTHLY: 79.2   TOTAL FOR MONTH:   0.01    1 = FOG OR MIST
DPTR FM NORMAL:  -1.5   DPTR FM NORMAL:   -0.07    2 = FOG REDUCING VISIBILITY
HIGHEST:   108 ON  5    GRTST 24HR  0.01 ON  9- 9      TO 1/4 MILE OR LESS
LOWEST:     57 ON  9                               3 = THUNDER
                        SNOW, ICE PELLETS, HAIL    4 = ICE PELLETS
                        TOTAL MONTH:   0.0 INCH    5 = HAIL
                        GRTST 24HR     0.0         6 = FREEZING RAIN OR DRIZZLE
                        GRTST DEPTH:   0           7 = DUSTSTORM OR SANDSTORM:
                                                       VSBY 1/2 MILE OR LESS
                                                   8 = SMOKE OR HAZE
[NO. OF DAYS WITH]      [WEATHER - DAYS WITH]      9 = BLOWING SNOW
                                                   X = TORNADO
MAX 32 OR BELOW:   0    0.01 INCH OR MORE:   1
MAX 90 OR ABOVE:  13    0.10 INCH OR MORE:   0
MIN 32 OR BELOW:   0    0.50 INCH OR MORE:   0
MIN  0 OR BELOW:   0    1.00 INCH OR MORE:   0

[HDD (BASE 65) ]
TOTAL THIS MO.     0    CLEAR  (SCALE 0-3)  15
DPTR FM NORMAL     0    PTCLDY (SCALE 4-7)   7
TOTAL FM JUL 1   693    CLOUDY (SCALE 8-10)  0
DPTR FM NORMAL  -241

[CDD (BASE 65) ]
TOTAL THIS MO.   319
DPTR FM NORMAL   -29    [PRESSURE DATA]
TOTAL FM JAN 1   863    HIGHEST SLP M ON M
DPTR FM NORMAL   160    LOWEST  SLP 29.48 ON  6

[REMARKS]
