000
CXUS54 KJAN 012058
CF6PIB
PRELIMINARY LOCAL CLIMATOLOGICAL DATA (WS FORM: F-6)

                                          STATION:   LAUREL-HATIESBURG
                                          MONTH:     MARCH
                                          YEAR:      2014
                                          LATITUDE:   31 28 N
                                          LONGITUDE:  89 20 W

  TEMPERATURE IN F:       :PCPN:    SNOW:  WIND      :SUNSHINE: SKY     :PK WND
================================================================================
1   2   3   4   5  6A  6B    7    8   9   10  11  12  13   14  15   16   17  18
                                     12Z  AVG MX 2MIN
DY MAX MIN AVG DEP HDD CDD  WTR  SNW DPTH SPD SPD DIR MIN PSBL S-S WX    SPD DR
================================================================================

 1  77  48  63   M   2   0 0.00  0.0    0  5.6 12 170   M    M   6         M  M
 2  79  57  68   M   0   3 0.00  0.0    0  8.4 17 170   M    M   9        22 170
 3  66  30  48   M  17   0 0.47  0.0    0 12.4 16 190   M    M  10        25 260
 4  34  28  31   M  34   0 0.41  0.0    0  5.9 14  20   M    M  10         M  M
 5  59  34  47   M  18   0 0.00  0.0    0  3.7  7  40   M    M   8         M  M
 6  52  45  49   M  16   0 0.11  0.0    0  6.9 12 350   M    M  10        16 320
 7  63  43  53   M  12   0 0.00  0.0    0  3.5  9 360   M    M   4         M  M
 8  68  39  54   M  11   0 0.00  0.0    0  3.1 10 200   M    M   4         M  M
 9  75  46  61   M   4   0 0.00  0.0    0  1.1  5 360   M    M   2         M  M
10  79  43  61   M   4   0 0.00  0.0    0  1.6  6 180   M    M   0         M  M
11  66  52  59   M   6   0 0.73  0.0    0  3.8 10 140   M    M   7         M  M
12  63  43  53   M  12   0 0.00  0.0    0  9.5 20 330   M    M   6        29 340
13  64  30  47   M  18   0 0.00  0.0    0  2.0 10 350   M    M   0         M  M
14  70  34  52   M  13   0 0.00  0.0    0  5.2 15 180   M    M   1        22 180
15  66  52  59   M   6   0 0.01  0.0    0  5.0 14 110   M    M   7         M  M
16  81  54  68   M   0   3 1.25  0.0    0  5.8 10 320   M    M   6 3      20 280
17  52  39  46   M  19   0 0.00  0.0    0  8.5 14 330   M    M  10        22 330
18  64  39  52   M  13   0 0.00  0.0    0  5.2 12 190   M    M   5         M  M
19  73  41  57   M   8   0 0.00  0.0    0  4.6  8 220   M    M   6         M  M
20  73  45  59   M   6   0 0.00  0.0    0  5.3 13  10   M    M   2         M  M
21  77  37  57   M   8   0 0.00  0.0    0  4.9 10 180   M    M   0        17 180
22  81  48  65   M   0   0 0.00  0.0    0  2.4  8 180   M    M   2         M  M
23  64  48  56   M   9   0 0.09  0.0    0  8.2 16 350   M    M   7        21 360
24  66  46  56   M   9   0 0.27  0.0    0  6.2 10  40   M    M   4        17  50
25  61  34  48   M  17   0 0.00  0.0    0 10.6 18 330   M    M   0        31 340
26  57  28  43   M  22   0 0.00  0.0    0  4.0 10  80   M    M   0         M  M
27  73  43  58   M   7   0 0.01  0.0    0 11.1 22 150   M    M   7 3      29 150
28  64  61  63   M   2   0 3.06  0.0    0  8.9 14 360   M    M  10 3      29 360
29  70  48  59   M   6   0 0.23  0.0    0  8.4 20 320   M    M   4 3      27 340
30  72  39  56   M   9   0 0.00  0.0    0  4.2 10  40   M    M   0         M  M
31  81  37  59   M   6   0 0.00  0.0    0  5.5 14 190   M    M   0        21 190
================================================================================
SM 2090 1311       314   6  6.64     0.0 181.5          M      147
================================================================================
AV 67.4 42.3                               5.9 FASTST   M    M   5    MAX(MPH)
                                 MISC ---->    22   M                 31    M
================================================================================
NOTES:
# LAST OF SEVERAL OCCURRENCES

COLUMN 17 PEAK WIND IN M.P.H.

PRELIMINARY LOCAL CLIMATOLOGICAL DATA (WS FORM: F-6) , PAGE 2

                                          STATION:  LAUREL-HATIESBURG
                                          MONTH:    MARCH
                                          YEAR:     2014
                                          LATITUDE:   31 28 N
                                          LONGITUDE:  89 20 W

[TEMPERATURE DATA]      [PRECIPITATION DATA]       SYMBOLS USED IN COLUMN 16

AVERAGE MONTHLY: 54.9   TOTAL FOR MONTH:   6.64    1 = FOG OR MIST
DPTR FM NORMAL:     M   DPTR FM NORMAL:       M    2 = FOG REDUCING VISIBILITY
HIGHEST:    81 ON 31,22 GRTST 24HR  3.06 ON 28-28      TO 1/4 MILE OR LESS
LOWEST:     28 ON 26, 4                            3 = THUNDER
                        SNOW, ICE PELLETS, HAIL    4 = ICE PELLETS
                        TOTAL MONTH:   0.0 INCH    5 = HAIL
                        GRTST 24HR     0.0         6 = FREEZING RAIN OR DRIZZLE
                        GRTST DEPTH:   0           7 = DUSTSTORM OR SANDSTORM:
                                                       VSBY 1/2 MILE OR LESS
                                                   8 = SMOKE OR HAZE
[NO. OF DAYS WITH]      [WEATHER - DAYS WITH]      9 = BLOWING SNOW
                                                   X = TORNADO
MAX 32 OR BELOW:   0    0.01 INCH OR MORE:  11
MAX 90 OR ABOVE:   0    0.10 INCH OR MORE:   8
MIN 32 OR BELOW:   4    0.50 INCH OR MORE:   3
MIN  0 OR BELOW:   0    1.00 INCH OR MORE:   2

[HDD (BASE 65) ]
TOTAL THIS MO.   314    CLEAR  (SCALE 0-3)  11
DPTR FM NORMAL     M    PTCLDY (SCALE 4-7)  13
TOTAL FM JUL 1  1907    CLOUDY (SCALE 8-10)  7
DPTR FM NORMAL     M

[CDD (BASE 65) ]
TOTAL THIS MO.     6
DPTR FM NORMAL     M    [PRESSURE DATA]
TOTAL FM JAN 1    20    HIGHEST SLP M ON M
DPTR FM NORMAL     M    LOWEST  SLP M ON M

[REMARKS]
#FINAL-03-14#
