000
CXUS55 KPIH 301200
CF6PIH

PRELIMINARY LOCAL CLIMATOLOGICAL DATA (WS FORM: F-6)

                                          STATION:   POCATELLO ID
                                          MONTH:     MARCH
                                          YEAR:      2015
                                          LATITUDE:   42 55 N
                                          LONGITUDE: 112 36 W

  TEMPERATURE IN F:       :PCPN:    SNOW:  WIND      :SUNSHINE: SKY     :PK WND
================================================================================
1   2   3   4   5  6A  6B    7    8   9   10  11  12  13   14  15   16   17  18
                                     12Z  AVG MX 2MIN
DY MAX MIN AVG DEP HDD CDD  WTR  SNW DPTH SPD SPD DIR MIN PSBL S-S WX    SPD DR
================================================================================

 1  44  14  29  -4  36   0 0.00  0.0    0  6.4 15  40 432    M   0        19  30
 2  42  12  27  -6  38   0 0.00  0.0    0  4.9 25 230 156    M   3        29 230
 3  34  20  27  -7  38   0 0.14  2.6    0 12.4 30 230 196    M   5 1      37 230
 4  36   7  22 -12  43   0 0.00  0.0    1  4.8 14 200 423    M   1        18 210
 5  50  19  35   1  30   0 0.00  0.0    T  8.0 20 240 523    M   0        26 220
 6  56  21  39   4  26   0 0.00  0.0    0  6.8 15 190 531    M   0        20 220
 7  61  23  42   7  23   0 0.00  0.0    0  6.5 18 250 479    M   0        24 250
 8  57  21  39   3  26   0 0.00  0.0    0  5.7 13 200 592    M   0        17 260
 9  60  27  44   8  21   0 0.00  0.0    0  9.2 20 240 593    M   0        23 250
10  65  22  44   8  21   0 0.00  0.0    0  5.2 18 180 598    M   0        22 180
11  63  34  49  12  16   0 0.00  0.0    0 10.1 30 220   0    M   3        37 210
12  60  44  52  15  13   0 0.01  0.0    0 11.5 20 240 414    M   6        23 260
13  65  30  48  11  17   0 0.00  0.0    0  6.2 14 200 603    M   0        16 200
14  69  30  50  12  15   0 0.00  0.0    0 11.5 31 170 293    M   2        39 170
15  70  45  58  20   7   0 0.00  0.0    0 17.7 36 180 120    M   4        46 170
16  67  49  58  20   7   0 0.00  0.0    0 11.4 23 230 467    M   0        28 230
17  63  42  53  15  12   0 0.00  0.0    0  8.0 26 240 262    M   4        30 250
18  58  37  48   9  17   0    T  0.0    0 14.6 23 250 472    M   4        30 280
19  59  26  43   4  22   0 0.00  0.0    0  6.8 13 270 732    M   0        20 210
20  70  23  47   8  18   0 0.00  0.0    0  5.9 17 180 511    M   0        23 250
21  66  35  51  11  14   0 0.00  0.0    0 12.2 28 260  96    M   1        32 260
22  66  33  50  10  15   0 0.00  0.0    0  5.5 16 260 179    M   2        19 270
23  53  30  42   2  23   0 0.03  0.0    0 18.3 37 240  80    M   4 1      43 240
24  48  34  41   1  24   0 0.07  0.0    0 19.4 40 260  54    M   7 1      49 250
25  50  25  38  -3  27   0 0.00  0.0    0 12.6 21 250 360    M   2        27 250
26  61  36  49   8  16   0 0.00  0.0    0 11.6 20 270 612    M   1        26 260
27  74  28  51  10  14   0 0.00  0.0    0  6.8 17 180 568    M   0        22 180
28  64  43  54  13  11   0 0.00  0.0    0 21.5 46 260 253    M   1 78     57 240
29  64  26  45   3  20   0 0.00  0.0    0  8.8 20 270 293    M   0        25 260
================================================================================
SM 1695  836       610   0  0.25     2.6 290.3        10892     50
================================================================================
AV 58.4 28.8                              10.0 FASTST  376   M   2    MAX(MPH)
                                 MISC ---->  # 46 260               # 57  240
================================================================================
NOTES:
# LAST OF SEVERAL OCCURRENCES

COLUMN 17 PEAK WIND IN M.P.H.

PRELIMINARY LOCAL CLIMATOLOGICAL DATA (WS FORM: F-6) , PAGE 2

                                          STATION:  POCATELLO ID
                                          MONTH:    MARCH
                                          YEAR:     2015
                                          LATITUDE:   42 55 N
                                          LONGITUDE: 112 36 W

[TEMPERATURE DATA]      [PRECIPITATION DATA]       SYMBOLS USED IN COLUMN 16

AVERAGE MONTHLY: 43.6   TOTAL FOR MONTH:   0.25    1 = FOG OR MIST
DPTR FM NORMAL:   6.0   DPTR FM NORMAL:   -0.93    2 = FOG REDUCING VISIBILITY
HIGHEST:    74 ON 27    GRTST 24HR  0.14 ON  3- 3      TO 1/4 MILE OR LESS
LOWEST:      7 ON  4                               3 = THUNDER
                        SNOW, ICE PELLETS, HAIL    4 = ICE PELLETS
                        TOTAL MONTH:   2.6 INCHES  5 = HAIL
                        GRTST 24HR   2.6 ON   M    6 = FREEZING RAIN OR DRIZZLE
                        GRTST DEPTH:   1 ON  4     7 = DUSTSTORM OR SANDSTORM:
                                                       VSBY 1/2 MILE OR LESS
                                                   8 = SMOKE OR HAZE
[NO. OF DAYS WITH]      [WEATHER - DAYS WITH]      9 = BLOWING SNOW
                                                   X = TORNADO
MAX 32 OR BELOW:   0    0.01 INCH OR MORE:   4
MAX 90 OR ABOVE:   0    0.10 INCH OR MORE:   1
MIN 32 OR BELOW:  18    0.50 INCH OR MORE:   0
MIN  0 OR BELOW:   0    1.00 INCH OR MORE:   0

[HDD (BASE 65) ]
TOTAL THIS MO.   610    CLEAR  (SCALE 0-3)  22
DPTR FM NORMAL  -182    PTCLDY (SCALE 4-7)   7
TOTAL FM JUL 1  4951    CLOUDY (SCALE 8-10)  0
DPTR FM NORMAL -1114

[CDD (BASE 65) ]
TOTAL THIS MO.     0
DPTR FM NORMAL     0    [PRESSURE DATA]
TOTAL FM JAN 1     0    HIGHEST SLP M ON M
DPTR FM NORMAL     0    LOWEST  SLP 29.68 ON  2

[REMARKS]
