000
CXUS51 KRLX 261132
CF6PKB
PRELIMINARY LOCAL CLIMATOLOGICAL DATA (WS FORM: F-6)

                                          STATION:   PARKERSBURG WV
                                          MONTH:     AUGUST
                                          YEAR:      2016
                                          LATITUDE:   39 20 N
                                          LONGITUDE:  81 26 W

  TEMPERATURE IN F:       :PCPN:    SNOW:  WIND      :SUNSHINE: SKY     :PK WND
================================================================================
1   2   3   4   5  6A  6B    7    8   9   10  11  12  13   14  15   16   17  18
                                     12Z  AVG MX 2MIN
DY MAX MIN AVG DEP HDD CDD  WTR  SNW DPTH SPD SPD DIR MIN PSBL S-S WX    SPD DR
================================================================================

 1  84  65  75   1   0  10    T    M    M  1.7 13 290   M    M   1 1      20 290
 2  90  70  80   6   0  15 0.00    M    M  1.4  8  50   M    M   5 128    11  60
 3  84  68  76   2   0  11 0.00    M    M  2.8 12 100   M    M   7 12     17 200
 4  85  70  78   4   0  13    T    M    M  4.3 13  40   M    M   7        20  40
 5  87  66  77   3   0  12 0.04    M    M  3.6  9 210   M    M   4 18     12 290
 6  88  67  78   4   0  13 0.02    M    M  5.0 14 310   M    M   4 1      19 300
 7  87  59  73  -1   0   8 0.00    M    M  2.3 12  60   M    M   1 1      17  50
 8  87  61  74   0   0   9 0.00    M    M  3.3 12 130   M    M   2        16 160
 9  93  67  80   6   0  15    T    M    M  4.5 13 180   M    M   4        18 200
10  93  74  84  10   0  19    T    M    M  5.0 14 200   M    M   3        21 200
11  94  74  84  10   0  19 0.00    M    M  4.6 15 190   M    M   3        21 190
12  93  75  84  10   0  19    T    M    M  4.8 14 270   M    M   5 3      19 260
13  92  73  83   9   0  18 0.08    M    M  5.8 21 210   M    M   4 138    28 230
14  92  70  81   7   0  16 0.10    M    M  5.9 29 290   M    M   4 13     45 290
15  90  68  79   5   0  14 0.26    M    M  3.3 20 130   M    M   3 123    31 130
16  90  70  80   6   0  15 0.53    M    M  7.5 31 270   M    M   4 138    46 290
17  81  71  76   2   0  11 0.15    M    M  3.6 10 200   M    M   8 18     14 190
18  87  70  79   5   0  14 0.00    M    M  3.6 12 280   M    M   6 1      17 240
19  87  68  78   5   0  13 0.00    M    M  2.2 10 290   M    M   3 18     20 250
20  86  69  78   5   0  13 0.10    M    M  6.3 15 180   M    M   6 128    22 180
21  81  64  73   0   0   8    T    M    M  5.9 16 290   M    M   6        23 300
22  82  56  69  -4   0   4 0.00    M    M  2.2 10 280   M    M   2 1      16 320
23  85  55  70  -3   0   5 0.00    M    M  1.8  9 160   M    M   2 12     13 140
24  88  59  74   1   0   9 0.00    M    M  4.6 14 210   M    M   2 12     21 240
25  91  75  83  10   0  18    T    M    M  6.1 13 270   M    M   5 3      19 260
================================================================================
SM 2197 1684         0 321  1.28    M    102.1          M      101
================================================================================
AV 87.9 67.4                               4.1 FASTST   M    M   4    MAX(MPH)
                                 MISC ---->  # 31 270               # 46  290
================================================================================
NOTES:
# LAST OF SEVERAL OCCURRENCES

COLUMN 17 PEAK WIND IN M.P.H.

PRELIMINARY LOCAL CLIMATOLOGICAL DATA (WS FORM: F-6) , PAGE 2

                                          STATION:  PARKERSBURG WV
                                          MONTH:    AUGUST
                                          YEAR:     2016
                                          LATITUDE:   39 20 N
                                          LONGITUDE:  81 26 W

[TEMPERATURE DATA]      [PRECIPITATION DATA]       SYMBOLS USED IN COLUMN 16

AVERAGE MONTHLY: 77.6   TOTAL FOR MONTH:   1.28    1 = FOG OR MIST
DPTR FM NORMAL:   3.9   DPTR FM NORMAL:   -1.66    2 = FOG REDUCING VISIBILITY
HIGHEST:    94 ON 11    GRTST 24HR  0.75 ON 15-16      TO 1/4 MILE OR LESS
LOWEST:     55 ON 23                               3 = THUNDER
                        SNOW, ICE PELLETS, HAIL    4 = ICE PELLETS
                        TOTAL MONTH:    M          5 = HAIL
                        GRTST 24HR    M  ON   M    6 = FREEZING RAIN OR DRIZZLE
                        GRTST DEPTH:  M  ON   M    7 = DUSTSTORM OR SANDSTORM:
                                                       VSBY 1/2 MILE OR LESS
                                                   8 = SMOKE OR HAZE
[NO. OF DAYS WITH]      [WEATHER - DAYS WITH]      9 = BLOWING SNOW
                                                   X = TORNADO
MAX 32 OR BELOW:   0    0.01 INCH OR MORE:   8
MAX 90 OR ABOVE:  10    0.10 INCH OR MORE:   5
MIN 32 OR BELOW:   0    0.50 INCH OR MORE:   1
MIN  0 OR BELOW:   0    1.00 INCH OR MORE:   0

[HDD (BASE 65) ]
TOTAL THIS MO.     0    CLEAR  (SCALE 0-3)   9
DPTR FM NORMAL     0    PTCLDY (SCALE 4-7)  15
TOTAL FM JUL 1     0    CLOUDY (SCALE 8-10)  1
DPTR FM NORMAL    -1

[CDD (BASE 65) ]
TOTAL THIS MO.   321
DPTR FM NORMAL   103    [PRESSURE DATA]
TOTAL FM JAN 1   987    HIGHEST SLP M ON M
DPTR FM NORMAL   202    LOWEST  SLP 29.75 ON 21

[REMARKS]
