000
CXUS53 KAPX 240631
CF6PLN
PRELIMINARY LOCAL CLIMATOLOGICAL DATA (WS FORM: F-6)

                                          STATION:   PELLSTON
                                          MONTH:     MAY
                                          YEAR:      2017
                                          LATITUDE:   45 34 N
                                          LONGITUDE:  84 48 W

  TEMPERATURE IN F:       :PCPN:    SNOW:  WIND      :SUNSHINE: SKY     :PK WND
================================================================================
1   2   3   4   5  6A  6B    7    8   9   10  11  12  13   14  15   16   17  18
                                     12Z  AVG MX 2MIN
DY MAX MIN AVG DEP HDD CDD  WTR  SNW DPTH SPD SPD DIR MIN PSBL S-S WX    SPD DR
================================================================================

 1  47  38  43  -3  22   0 0.82    M    M  7.7 21 100   M    M  10 13     27  90
 2  45  35  40  -7  25   0 0.08    M    M  9.9 20 320   M    M   8 1      26 320
 3  59  30  45  -2  20   0 0.00    M    M  4.4 14 330   M    M   0        23 280
 4  65  26  46  -2  19   0 0.00    M    M  4.7 17 350   M    M   1        21  10
 5  59  29  44  -4  21   0 0.00    M    M  9.0 20  40   M    M   3        27 360
 6  57  32  45  -3  20   0 0.00    M    M 15.2 30 330   M    M   0        37 330
 7  48  33  41  -7  24   0 0.00    M    M 14.6 25 310   M    M   0        31 290
 8  52  21  37 -12  28   0 0.00    M    M 10.5 24 320   M    M   0        33 320
 9  55  20  38 -11  27   0 0.00    M    M  3.5  9 330   M    M   4         M  M
10  67  38  53   3  12   0    T    M    M  5.2 16  30   M    M   5        19  20
11  68  43  56   6   9   0    T    M    M  5.9 16  70   M    M   3        22  70
12  68  39  54   4  11   0 0.00    M    M  4.1 15  20   M    M   7        24 330
13  66  35  51   1  14   0 0.10    M    M  3.4 14 330   M    M   6 1      17 330
14  61  34  48  -3  17   0 0.00    M    M  8.6 22 360   M    M   1        26 360
15  73  28  51   0  14   0    T    M    M  3.5 14 350   M    M   0        16 340
16  79  48  64  12   1   0    T    M    M  4.8 16 360   M    M   5        19 130
17  84  49  67  15   0   2    T    M    M  8.0 22 230   M    M   2        30 230
18  70  40  55   3  10   0 0.43    M    M 10.9 23 300   M    M   9 138    31 260
19  56  35  46  -6  19   0 0.00    M    M  8.9 15  80   M    M   2        21  50
20  58  30  44  -9  21   0 0.04    M    M 13.3 25 100   M    M   3        33 100
21  67  48  58   5   7   0 0.04    M    M 10.5 22 280   M    M   9 1      30 250
22  60  47  54   1  11   0 0.51    M    M  9.3 23 240   M    M   9 18     31 250
23  63  37  50  -4  15   0 0.01    M    M  3.8 12  40   M    M   7 12     14  60
================================================================================
SM 1427  815       367   2  2.03    M    179.7          M       94
================================================================================
AV 62.0 35.4                               7.8 FASTST   M    M   4    MAX(MPH)
                                 MISC ---->  # 30 330               # 37  330
================================================================================
NOTES:
# LAST OF SEVERAL OCCURRENCES

COLUMN 17 PEAK WIND IN M.P.H.

PRELIMINARY LOCAL CLIMATOLOGICAL DATA (WS FORM: F-6) , PAGE 2

                                          STATION:  PELLSTON
                                          MONTH:    MAY
                                          YEAR:     2017
                                          LATITUDE:   45 34 N
                                          LONGITUDE:  84 48 W

[TEMPERATURE DATA]      [PRECIPITATION DATA]       SYMBOLS USED IN COLUMN 16

AVERAGE MONTHLY: 48.7   TOTAL FOR MONTH:   2.03    1 = FOG OR MIST
DPTR FM NORMAL:  -1.4   DPTR FM NORMAL:    0.12    2 = FOG REDUCING VISIBILITY
HIGHEST:    84 ON 17    GRTST 24HR  0.82 ON  1- 1      TO 1/4 MILE OR LESS
LOWEST:     20 ON  9                               3 = THUNDER
                        SNOW, ICE PELLETS, HAIL    4 = ICE PELLETS
                        TOTAL MONTH:    M          5 = HAIL
                        GRTST 24HR    M  ON   M    6 = FREEZING RAIN OR DRIZZLE
                        GRTST DEPTH:  M  ON   M    7 = DUSTSTORM OR SANDSTORM:
                                                       VSBY 1/2 MILE OR LESS
                                                   8 = SMOKE OR HAZE
[NO. OF DAYS WITH]      [WEATHER - DAYS WITH]      9 = BLOWING SNOW
                                                   X = TORNADO
MAX 32 OR BELOW:   0    0.01 INCH OR MORE:   8
MAX 90 OR ABOVE:   0    0.10 INCH OR MORE:   4
MIN 32 OR BELOW:   8    0.50 INCH OR MORE:   2
MIN  0 OR BELOW:   0    1.00 INCH OR MORE:   0

[HDD (BASE 65) ]
TOTAL THIS MO.   367    CLEAR  (SCALE 0-3)   9
DPTR FM NORMAL    20    PTCLDY (SCALE 4-7)  10
TOTAL FM JUL 1  6988    CLOUDY (SCALE 8-10)  4
DPTR FM NORMAL -1418

[CDD (BASE 65) ]
TOTAL THIS MO.     2
DPTR FM NORMAL     2    [PRESSURE DATA]
TOTAL FM JAN 1     2    HIGHEST SLP M ON M
DPTR FM NORMAL     0    LOWEST  SLP 29.35 ON M

[REMARKS]
