000
CXUS55 KLOX 281655
CF6PMD
PRELIMINARY LOCAL CLIMATOLOGICAL DATA (WS FORM: F-6)

                                          STATION:   PALMDALE AIRPORT CA
                                          MONTH:     MAY
                                          YEAR:      2015
                                          LATITUDE:   34 37 N
                                          LONGITUDE: 118  5 W

  TEMPERATURE IN F:       :PCPN:    SNOW:  WIND      :SUNSHINE: SKY     :PK WND
================================================================================
1   2   3   4   5  6A  6B    7    8   9   10  11  12  13   14  15   16   17  18
                                     12Z  AVG MX 2MIN
DY MAX MIN AVG DEP HDD CDD  WTR  SNW DPTH SPD SPD DIR MIN PSBL S-S WX    SPD DR
================================================================================

 1  87  60  74  11   0   9 0.00  0.0    0 11.6 29 250   M    M   0        35 250
 2  85  56  71   8   0   6 0.00  0.0    0 15.7 31 240   M    M   0        40 250
 3  81  59  70   6   0   5 0.00  0.0    0 15.9 30 250   M    M   0        36 250
 4  78  56  67   3   0   2 0.00  0.0    0 18.4 31 230   M    M   0        39 250
 5  71  52  62  -2   3   0 0.00  0.0    0 18.5 29 220   M    M   0        34 220
 6  69  49  59  -6   6   0 0.00  0.0    0 21.9 35 220   M    M   0        42 220
 7  63  45  54 -11  11   0    T    M    0 20.1 37 210   M    M   3 3      42 210
 8  60  43  52 -13  13   0 0.00  0.0    0 15.5 25 240   M    M   3        35 210
 9  74  48  61  -5   4   0 0.00  0.0    0 12.1 20 230   M    M   0        26 270
10  84  48  66   0   0   1 0.00  0.0    0  7.9 21 250   M    M   0        27 260
11  82  56  69   3   0   4 0.00  0.0    0 14.6 32 230   M    M   0        40 260
12  76  54  65  -2   0   0 0.00  0.0    0 13.4 28 250   M    M   0        35 250
13  68  46  57 -10   8   0 0.00  0.0    0 11.5 25 230   M    M   0        31 240
14  61  45  53 -14  12   0 0.10    M    0 16.0 32 210   M    M   6 1      38 220
15  64  45  55 -13  10   0 0.00  0.0    0 12.9 29 280   M    M   3        35 280
16  70  48  59  -9   6   0 0.00  0.0    0 15.3 29 230   M    M   0        35 230
17  73  50  62  -6   3   0 0.00  0.0    0 12.6 28 240   M    M   1        34 240
18  69  51  60  -8   5   0 0.00  0.0    0 17.1 26 230   M    M   0        33 220
19  74  50  62  -7   3   0 0.00  0.0    0 12.5 25 230   M    M   0        29 230
20  74  55  65  -4   0   0 0.00  0.0    0 13.2 29 220   M    M   0        37 220
21  66  51  59 -10   6   0 0.00  0.0    0 19.2 31 230   M    M   0        38 230
22  67  51  59 -10   6   0 0.00  0.0    0 20.1 28 230   M    M   4        34 220
23  73  52  63  -7   2   0 0.00  0.0    0 18.6 29 230   M    M   0        35 230
24  79  51  65  -5   0   0 0.00  0.0    M 10.7 23 230   M    M   1        29 230
25  81  54  68  -2   0   3 0.00  0.0    0 14.1 26 250   M    M   0        32 270
26  83  56  70   0   0   5 0.00  0.0    0 12.9 26 250   M    M   0        32 240
27  87  56  72   1   0   7 0.00  0.0    0 10.4 23 250   M    M   0        27 230
================================================================================
SM 1999 1387        98  42  0.10     0.0 402.9          M       21
================================================================================
AV 74.0 51.4                              14.9 FASTST   M    M   1    MAX(MPH)
                                 MISC ---->    37   M                 42    M
================================================================================
NOTES:
# LAST OF SEVERAL OCCURRENCES

COLUMN 17 PEAK WIND IN M.P.H.

PRELIMINARY LOCAL CLIMATOLOGICAL DATA (WS FORM: F-6) , PAGE 2

                                          STATION:  PALMDALE AIRPORT CA
                                          MONTH:    MAY
                                          YEAR:     2015
                                          LATITUDE:   34 37 N
                                          LONGITUDE: 118  5 W

[TEMPERATURE DATA]      [PRECIPITATION DATA]       SYMBOLS USED IN COLUMN 16

AVERAGE MONTHLY: 62.7   TOTAL FOR MONTH:   0.10    1 = FOG OR MIST
DPTR FM NORMAL:  -4.4   DPTR FM NORMAL:   -0.13    2 = FOG REDUCING VISIBILITY
HIGHEST:    87 ON 27, 1 GRTST 24HR  0.10 ON 14-14      TO 1/4 MILE OR LESS
LOWEST:     43 ON  8                               3 = THUNDER
                        SNOW, ICE PELLETS, HAIL    4 = ICE PELLETS
                        TOTAL MONTH:   0.0 INCH    5 = HAIL
                        GRTST 24HR     0.0         6 = FREEZING RAIN OR DRIZZLE
                        GRTST DEPTH:   0           7 = DUSTSTORM OR SANDSTORM:
                                                       VSBY 1/2 MILE OR LESS
                                                   8 = SMOKE OR HAZE
[NO. OF DAYS WITH]      [WEATHER - DAYS WITH]      9 = BLOWING SNOW
                                                   X = TORNADO
MAX 32 OR BELOW:   0    0.01 INCH OR MORE:   1
MAX 90 OR ABOVE:   0    0.10 INCH OR MORE:   1
MIN 32 OR BELOW:   0    0.50 INCH OR MORE:   0
MIN  0 OR BELOW:   0    1.00 INCH OR MORE:   0

[HDD (BASE 65) ]
TOTAL THIS MO.    98    CLEAR  (SCALE 0-3)  24
DPTR FM NORMAL    34    PTCLDY (SCALE 4-7)   3
TOTAL FM JUL 1  2099    CLOUDY (SCALE 8-10)  0
DPTR FM NORMAL  -815

[CDD (BASE 65) ]
TOTAL THIS MO.    42
DPTR FM NORMAL   -76    [PRESSURE DATA]
TOTAL FM JAN 1    77    HIGHEST SLP M ON M
DPTR FM NORMAL   -64    LOWEST  SLP 29.75 ON M

[REMARKS]
