000
CXUS54 KOUN 260700
CF6PNC
PRELIMINARY LOCAL CLIMATOLOGICAL DATA (WS FORM: F-6)

                                          STATION:   PONCA CITY
                                          MONTH:     FEBRUARY
                                          YEAR:      2017
                                          LATITUDE:   36 44 N
                                          LONGITUDE:  97  6 W

  TEMPERATURE IN F:       :PCPN:    SNOW:  WIND      :SUNSHINE: SKY     :PK WND
================================================================================
1   2   3   4   5  6A  6B    7    8   9   10  11  12  13   14  15   16   17  18
                                     12Z  AVG MX 2MIN
DY MAX MIN AVG DEP HDD CDD  WTR  SNW DPTH SPD SPD DIR MIN PSBL S-S WX    SPD DR
================================================================================

 1  55  32  44   8  21   0 0.00  0.0    0 18.5 28  40   M    M   0        35  40
 2  39  23  31  -5  34   0 0.00  0.0    0 14.3 28  30   M    M   2        33  50
 3  41  16  29  -8  36   0 0.00  0.0    0  8.1 16  40   M    M   3        21  40
 4  55  24  40   3  25   0 0.00  0.0    0 12.0 23 210   M    M   3        32 190
 5  55  28  42   5  23   0 0.00  0.0    0  5.8 12 150   M    M   4 18     16 170
 6  73  43  58  21   7   0 0.00  0.0    0  8.3 21 210   M    M   4 1      27 200
 7  73  36  55  17  10   0 0.00  0.0    0  4.6 17  60   M    M   0 18     22  60
 8  42  22  32  -6  33   0 0.00  0.0    0 15.4 28 360   M    M   0        33  10
 9  50  20  35  -3  30   0 0.00  0.0    0  9.3 21 150   M    M   0        24 160
10  76  45  61  23   4   0 0.00  0.0    0 13.2 24 220   M    M   0        33 200
11  83  54  69  31   0   4 0.00  0.0    0  9.4 20 160   M    M   0        28 170
12  60  41  51  12  14   0 0.00  0.0    0 16.7 28  10   M    M   0        34 360
13  53  33  43   4  22   0 0.27  0.0    0  3.9 13 140   M    M   6 1      18 170
14  47  37  42   3  23   0 0.04  0.0    0  6.7 14 360   M    M   7 1      17 360
15  58  29  44   4  21   0 0.00  0.0    0  6.6 16 360   M    M   0        19 360
16  71  33  52  12  13   0 0.00  0.0    0  9.1 22 210   M    M   0        30 220
17  71  41  56  16   9   0 0.00  0.0    0 12.0 20 150   M    M   0        25 150
18  70  40  55  14  10   0 0.00  0.0    0  7.9 15 150   M    M   2        21 170
19   M   M   M   M   M   M 0.00  0.0    0  8.1 12 150   M    M   3 1       M  M
20  64  45  55  14  10   0    M  0.0    0  6.9 16 250   M    M   2 1      24 210
21  72  44  58  16   7   0 0.00  0.0    0  6.6 16  10   M    M   0        20  20
22  77  38  58  16   7   0 0.00  0.0    0  3.8 17 210   M    M   0        20 210
23  84  42  63  21   2   0 0.00  0.0    0  9.4 30 340   M    M   0        40 350
24  46  27  37  -5  28   0 0.00  0.0    0 15.6 25 330   M    M   5        35 330
25  47  21  34  -9  31   0 0.00  0.0    0  5.3 15 350   M    M   1        19 340
================================================================================
SM 1462  814       420   4  0.31     0.0 237.5          M       42
================================================================================
AV 60.9 33.9                               9.5 FASTST   M    M   2    MAX(MPH)
                                 MISC ---->  # 30 340               # 40  350
================================================================================
NOTES:
# LAST OF SEVERAL OCCURRENCES

COLUMN 17 PEAK WIND IN M.P.H.

PRELIMINARY LOCAL CLIMATOLOGICAL DATA (WS FORM: F-6) , PAGE 2

                                          STATION:  PONCA CITY
                                          MONTH:    FEBRUARY
                                          YEAR:     2017
                                          LATITUDE:   36 44 N
                                          LONGITUDE:  97  6 W

[TEMPERATURE DATA]      [PRECIPITATION DATA]       SYMBOLS USED IN COLUMN 16

AVERAGE MONTHLY: 47.4   TOTAL FOR MONTH:   0.31    1 = FOG OR MIST
DPTR FM NORMAL:   8.2   DPTR FM NORMAL:   -0.85    2 = FOG REDUCING VISIBILITY
HIGHEST:    84 ON 23    GRTST 24HR  0.31 ON 13-14      TO 1/4 MILE OR LESS
LOWEST:     16 ON  3                               3 = THUNDER
                        SNOW, ICE PELLETS, HAIL    4 = ICE PELLETS
                        TOTAL MONTH:   0.0 INCH    5 = HAIL
                        GRTST 24HR     0.0         6 = FREEZING RAIN OR DRIZZLE
                        GRTST DEPTH:   0           7 = DUSTSTORM OR SANDSTORM:
                                                       VSBY 1/2 MILE OR LESS
                                                   8 = SMOKE OR HAZE
[NO. OF DAYS WITH]      [WEATHER - DAYS WITH]      9 = BLOWING SNOW
                                                   X = TORNADO
MAX 32 OR BELOW:   0    0.01 INCH OR MORE:   2
MAX 90 OR ABOVE:   0    0.10 INCH OR MORE:   1
MIN 32 OR BELOW:  10    0.50 INCH OR MORE:   0
MIN  0 OR BELOW:   0    1.00 INCH OR MORE:   0

[HDD (BASE 65) ]
TOTAL THIS MO.   420    CLEAR  (SCALE 0-3)  19
DPTR FM NORMAL  -224    PTCLDY (SCALE 4-7)   6
TOTAL FM JUL 1  2511    CLOUDY (SCALE 8-10)  0
DPTR FM NORMAL  -711

[CDD (BASE 65) ]
TOTAL THIS MO.     4
DPTR FM NORMAL     4    [PRESSURE DATA]
TOTAL FM JAN 1     4    HIGHEST SLP M ON M
DPTR FM NORMAL     4    LOWEST  SLP 29.33 ON 23

[REMARKS]
