000
CXUS54 KMOB 241338
CF6PNS
PRELIMINARY LOCAL CLIMATOLOGICAL DATA (WS FORM: F-6)

                                          STATION:   PENSACOLA
                                          MONTH:     OCTOBER
                                          YEAR:      2014
                                          LATITUDE:   30 28 N
                                          LONGITUDE:  87 12 W

  TEMPERATURE IN F:       :PCPN:    SNOW:  WIND      :SUNSHINE: SKY     :PK WND
================================================================================
1   2   3   4   5  6A  6B    7    8   9   10  11  12  13   14  15   16   17  18
                                     12Z  AVG MX 2MIN
DY MAX MIN AVG DEP HDD CDD  WTR  SNW DPTH SPD SPD DIR MIN PSBL S-S WX    SPD DR
================================================================================

 1  84  67  76   2   0  11 0.00  0.0    0  4.6 10 180   M    M   2        14 140
 2  85  71  78   4   0  13 0.04  0.0    0  8.1 16 150   M    M   4        22 160
 3  84  69  77   3   0  12 0.77  0.0    0  7.8 24 220   M    M   2 13     29 220
 4  72  53  63 -10   2   0    T  0.0    0 10.3 22 340   M    M   0        29 310
 5  73  49  61 -12   4   0 0.00  0.0    0  4.4 12 180   M    M   0        15 150
 6  81  57  69  -4   0   4 0.00  0.0    0  6.0 16 170   M    M   0        22 150
 7  85  65  75   3   0  10 0.00  0.0    0  5.3 16 160   M    M   2        20 160
 8  86  66  76   4   0  11 0.00  0.0    0  4.1 13 150   M    M   0 1      16 150
 9  85  67  76   4   0  11 0.00  0.0    0  4.6 13 180   M    M   1 1      18 140
10  85  68  77   6   0  12    T  0.0    0  4.8 15 170   M    M   1 1      20 180
11  85  67  76   5   0  11 0.00  0.0    0  4.4 15 160   M    M   1 1      17 150
12  85  68  77   6   0  12 0.00  0.0    0  7.2 16 160   M    M   1 1      22 170
13  85  70  78   8   0  13 2.62  0.0    0 17.6 36 190   M    M   7 13     49 180
14  76  60  68  -2   0   3 0.25  0.0    0 10.0 22 290   M    M   4 3      28 280
15  77  57  67  -3   0   2 0.00  0.0    0  7.5 17 270   M    M   0        25 320
16  80  54  67  -3   0   2 0.00  0.0    0  5.5 15 290   M    M   0        20 340
17  80  53  67  -2   0   2 0.00  0.0    0  4.6 14 200   M    M   0 1      17 180
18  85  62  74   5   0   9 0.00  0.0    0  6.3 16  10   M    M   2        22 360
19  77  54  66  -3   0   1 0.00  0.0    0  5.8 13  20   M    M   0        18  50
20  78  53  66  -2   0   1 0.00  0.0    0  5.4  9 180   M    M   0        12 110
21  81  55  68   0   0   3 0.00  0.0    0  5.4 12 360   M    M   0        16  10
22  79  59  69   1   0   4 0.00  0.0    0  6.8 14 360   M    M   0        18 350
23  76  53  65  -2   0   0 0.00  0.0    0  6.2 10  40   M    M   0        15  50
================================================================================
SM 1864 1397         6 147  3.68     0.0 152.7          M       27
================================================================================
AV 81.0 60.7                               6.6 FASTST   M    M   1    MAX(MPH)
                                 MISC ---->  # 36 190               # 49  180
================================================================================
NOTES:
# LAST OF SEVERAL OCCURRENCES

COLUMN 17 PEAK WIND IN M.P.H.

PRELIMINARY LOCAL CLIMATOLOGICAL DATA (WS FORM: F-6) , PAGE 2

                                          STATION:  PENSACOLA
                                          MONTH:    OCTOBER
                                          YEAR:     2014
                                          LATITUDE:   30 28 N
                                          LONGITUDE:  87 12 W

[TEMPERATURE DATA]      [PRECIPITATION DATA]       SYMBOLS USED IN COLUMN 16

AVERAGE MONTHLY: 70.9   TOTAL FOR MONTH:   3.68    1 = FOG OR MIST
DPTR FM NORMAL:   0.1   DPTR FM NORMAL:   -0.23    2 = FOG REDUCING VISIBILITY
HIGHEST:    86 ON  8    GRTST 24HR  2.86 ON 13-14      TO 1/4 MILE OR LESS
LOWEST:     49 ON  5                               3 = THUNDER
                        SNOW, ICE PELLETS, HAIL    4 = ICE PELLETS
                        TOTAL MONTH:   0.0 INCH    5 = HAIL
                        GRTST 24HR     0.0         6 = FREEZING RAIN OR DRIZZLE
                        GRTST DEPTH:   0           7 = DUSTSTORM OR SANDSTORM:
                                                       VSBY 1/2 MILE OR LESS
                                                   8 = SMOKE OR HAZE
[NO. OF DAYS WITH]      [WEATHER - DAYS WITH]      9 = BLOWING SNOW
                                                   X = TORNADO
MAX 32 OR BELOW:   0    0.01 INCH OR MORE:   4
MAX 90 OR ABOVE:   0    0.10 INCH OR MORE:   3
MIN 32 OR BELOW:   0    0.50 INCH OR MORE:   2
MIN  0 OR BELOW:   0    1.00 INCH OR MORE:   1

[HDD (BASE 65) ]
TOTAL THIS MO.     6    CLEAR  (SCALE 0-3)  20
DPTR FM NORMAL   -10    PTCLDY (SCALE 4-7)   3
TOTAL FM JUL 1     6    CLOUDY (SCALE 8-10)  0
DPTR FM NORMAL   -11

[CDD (BASE 65) ]
TOTAL THIS MO.   147
DPTR FM NORMAL    -4    [PRESSURE DATA]
TOTAL FM JAN 1  2504    HIGHEST SLP M ON M
DPTR FM NORMAL   -17    LOWEST  SLP 29.76 ON M

[REMARKS]
