000
CXUS55 KPAH 240638
CF6POF
PRELIMINARY LOCAL CLIMATOLOGICAL DATA (WS FORM: F-6)

                                          STATION:   POPLAR BLUFF MO
                                          MONTH:     SEPTEMBER
                                          YEAR:      2017
                                          LATITUDE:   36 46 N
                                          LONGITUDE:  90 19 W

  TEMPERATURE IN F:       :PCPN:    SNOW:  WIND      :SUNSHINE: SKY     :PK WND
================================================================================
1   2   3   4   5  6A  6B    7    8   9   10  11  12  13   14  15   16   17  18
                                     12Z  AVG MX 2MIN
DY MAX MIN AVG DEP HDD CDD  WTR  SNW DPTH SPD SPD DIR MIN PSBL S-S WX    SPD DR
================================================================================

 1  79  62  71  -4   0   6 0.00  0.0    0  5.8 17 350   M    M   5 1      23  20
 2  81  57  69  -6   0   4 0.00  0.0    0  3.9 12 190   M    M   1 1      16 200
 3  88  61  75   0   0  10 0.00  0.0    0  4.3 14 210   M    M   0 1      17 210
 4  91  67  79   5   0  14 0.00  0.0    0  8.2 18 200   M    M   0        23 210
 5  78  58  68  -6   0   3 0.01  0.0    0  7.3 17 330   M    M   4 13     23  20
 6  77  51  64 -10   1   0 0.00  0.0    0  5.5 20 300   M    M   3        26 300
 7  77  47  62 -11   3   0 0.00  0.0    0  2.9 14 200   M    M   1        17 200
 8  80  49  65  -8   0   0 0.00  0.0    0  2.2 12 220   M    M   0 1      18 240
 9  83  53  68  -5   0   3 0.00  0.0    0  2.7 13  40   M    M   0 1      19  30
10  81  56  69  -3   0   4 0.00  0.0    0  6.4 16  20   M    M   2        24  60
11  80  50  65  -7   0   0 0.00  0.0    0  7.6 16  20   M    M   0        21  30
12  68  63  66  -6   0   1 0.02  0.0    0 10.7 18  30   M    M   8 1      28  40
13  75  62  69  -2   0   4    T  0.0    0  2.2  8 320   M    M   9 1      15 330
14  87  56  72   1   0   7 0.00  0.0    0  2.8  9 180   M    M   3 12     14 240
15  88  57  73   3   0   8 0.00  0.0    0  3.2 13 160   M    M   2 12     17 160
16  89  61  75   5   0  10 0.00  0.0    0  3.1 10 210   M    M   1 1      16 130
17  89  63  76   6   0  11 0.03  0.0    0  2.4 18 300   M    M   2 123    23 310
18  88  67  78   9   0  13    T  0.0    0  2.6 12 270   M    M   1 1      17 310
19  92  65  79  10   0  14 0.00  0.0    0  2.7 12 190   M    M   1 1      15 200
20  93  65  79  11   0  14 0.00  0.0    0  5.7 17 190   M    M   1 1      23 200
21  94  66  80  12   0  15 0.00  0.0    0  3.1 12 190   M    M   1 12     16 210
22  93  66  80  12   0  15 0.00  0.0    0  2.2  8 120   M    M   0 18     11  70
23  93  65  79  12   0  14 0.00  0.0    0  2.6 10  90   M    M   0 1      13  90
================================================================================
SM 1944 1367         4 170  0.06     0.0 100.1          M       45
================================================================================
AV 84.5 59.4                               4.4 FASTST   M    M   2    MAX(MPH)
                                 MISC ---->  # 20 300               # 28   40
================================================================================
NOTES:
# LAST OF SEVERAL OCCURRENCES

COLUMN 17 PEAK WIND IN M.P.H.

PRELIMINARY LOCAL CLIMATOLOGICAL DATA (WS FORM: F-6) , PAGE 2

                                          STATION:  POPLAR BLUFF MO
                                          MONTH:    SEPTEMBER
                                          YEAR:     2017
                                          LATITUDE:   36 46 N
                                          LONGITUDE:  90 19 W

[TEMPERATURE DATA]      [PRECIPITATION DATA]       SYMBOLS USED IN COLUMN 16

AVERAGE MONTHLY: 72.0   TOTAL FOR MONTH:   0.06    1 = FOG OR MIST
DPTR FM NORMAL:   0.5   DPTR FM NORMAL:   -2.54    2 = FOG REDUCING VISIBILITY
HIGHEST:    94 ON 21    GRTST 24HR  0.29 ON 31- 1      TO 1/4 MILE OR LESS
LOWEST:     47 ON  7                               3 = THUNDER
                        SNOW, ICE PELLETS, HAIL    4 = ICE PELLETS
                        TOTAL MONTH:   0.0 INCH    5 = HAIL
                        GRTST 24HR     0.0         6 = FREEZING RAIN OR DRIZZLE
                        GRTST DEPTH:   0           7 = DUSTSTORM OR SANDSTORM:
                                                       VSBY 1/2 MILE OR LESS
                                                   8 = SMOKE OR HAZE
[NO. OF DAYS WITH]      [WEATHER - DAYS WITH]      9 = BLOWING SNOW
                                                   X = TORNADO
MAX 32 OR BELOW:   0    0.01 INCH OR MORE:   3
MAX 90 OR ABOVE:   6    0.10 INCH OR MORE:   0
MIN 32 OR BELOW:   0    0.50 INCH OR MORE:   0
MIN  0 OR BELOW:   0    1.00 INCH OR MORE:   0

[HDD (BASE 65) ]
TOTAL THIS MO.     4    CLEAR  (SCALE 0-3)  19
DPTR FM NORMAL    -7    PTCLDY (SCALE 4-7)   2
TOTAL FM JUL 1     4    CLOUDY (SCALE 8-10)  2
DPTR FM NORMAL    -7

[CDD (BASE 65) ]
TOTAL THIS MO.   170
DPTR FM NORMAL    12    [PRESSURE DATA]
TOTAL FM JAN 1  1481    HIGHEST SLP M ON M
DPTR FM NORMAL   -25    LOWEST  SLP 29.71 ON 13

[REMARKS]
