000
CXUS55 KALY 230710
CF6POU
PRELIMINARY LOCAL CLIMATOLOGICAL DATA (WS FORM: F-6)

                                          STATION:   POUGHKEEPSIE NY
                                          MONTH:     MAY
                                          YEAR:      2015
                                          LATITUDE:   41 37 N
                                          LONGITUDE:  73 53 W

  TEMPERATURE IN F:       :PCPN:    SNOW:  WIND      :SUNSHINE: SKY     :PK WND
================================================================================
1   2   3   4   5  6A  6B    7    8   9   10  11  12  13   14  15   16   17  18
                                     12Z  AVG MX 2MIN
DY MAX MIN AVG DEP HDD CDD  WTR  SNW DPTH SPD SPD DIR MIN PSBL S-S WX    SPD DR
================================================================================

 1  65  47  56   2   9   0 0.00    M    M  3.1 12 100   M    M   9        14  90
 2  77  42  60   5   5   0 0.00    M    M  5.2 20 320   M    M   3        24  30
 3  79  41  60   5   5   0 0.00    M    M  1.9  8  20   M    M   1        11 310
 4  87  46  67  12   0   2 0.00    M    M  6.5 22 240   M    M   1        28 220
 5  83  60  72  16   0   7 0.00    M    M  3.8 14  10   M    M   2        18 360
 6  72  48  60   4   5   0 0.02    M    M  1.8  9 260   M    M   4        10 260
 7  84  43  64   8   1   0 0.00    M    M  3.1 13 250   M    M   0 1      16 190
 8  89  51  70  14   0   5 0.00    M    M  4.8 12 160   M    M   0        20 220
 9  80  58  69  12   0   4 0.00    M    M  6.3 15 240   M    M   5        20 160
10  89  65  77  20   0  12 0.00    M    M  6.7 18 240   M    M   3        27 220
11  89  61  75  18   0  10 0.00    M    M  6.1 17 180   M    M   2        25 160
12  88  60  74  16   0   9    T    M    M  9.2 28 250   M    M   4 1      38 230
13  68  41  55  -3  10   0 0.00    M    M  8.7 20 290   M    M   6        26 290
14  73  35  54  -4  11   0 0.00    M    M  2.3 10  10   M    M   0        15  20
15  75  41  58   0   7   0    T    M    M  2.9 13 170   M    M   2        16 160
16  76  54  65   6   0   0 0.83    M    M  3.5 10 170   M    M   5 138    16 150
17  85  62  74  15   0   9 0.01    M    M  1.5  8 260   M    M   6 128    13 180
18  70  60  65   6   0   0 0.00    M    M  4.9 13  80   M    M   7 1      19  90
19  82  56  69   9   0   4 0.19    M    M  5.2 21  20   M    M   7 138    28  30
20  60  43  52  -8  13   0 0.00    M    M  6.9 21 320   M    M   3        29 320
21  66  43  55  -5  10   0 0.00    M    M  3.1 13 230   M    M   6        17 250
22  73  48  61   0   4   0    T    M    M  8.5 26 270   M    M   3        35 290
================================================================================
SM 1710 1105        80  62  1.05    M    106.0          M       79
================================================================================
AV 77.7 50.2                               4.8 FASTST   M    M   4    MAX(MPH)
                                 MISC ---->  # 28 250               # 38  230
================================================================================
NOTES:
# LAST OF SEVERAL OCCURRENCES

COLUMN 17 PEAK WIND IN M.P.H.

PRELIMINARY LOCAL CLIMATOLOGICAL DATA (WS FORM: F-6) , PAGE 2

                                          STATION:  POUGHKEEPSIE NY
                                          MONTH:    MAY
                                          YEAR:     2015
                                          LATITUDE:   41 37 N
                                          LONGITUDE:  73 53 W

[TEMPERATURE DATA]      [PRECIPITATION DATA]       SYMBOLS USED IN COLUMN 16

AVERAGE MONTHLY: 64.0   TOTAL FOR MONTH:   1.05    1 = FOG OR MIST
DPTR FM NORMAL:   6.5   DPTR FM NORMAL:   -1.92    2 = FOG REDUCING VISIBILITY
HIGHEST:    89 ON 11,10 GRTST 24HR  0.84 ON 16-17      TO 1/4 MILE OR LESS
LOWEST:     35 ON 14                               3 = THUNDER
                        SNOW, ICE PELLETS, HAIL    4 = ICE PELLETS
                        TOTAL MONTH:    M          5 = HAIL
                        GRTST 24HR    M  ON   M    6 = FREEZING RAIN OR DRIZZLE
                        GRTST DEPTH:  M  ON   M    7 = DUSTSTORM OR SANDSTORM:
                                                       VSBY 1/2 MILE OR LESS
                                                   8 = SMOKE OR HAZE
[NO. OF DAYS WITH]      [WEATHER - DAYS WITH]      9 = BLOWING SNOW
                                                   X = TORNADO
MAX 32 OR BELOW:   0    0.01 INCH OR MORE:   4
MAX 90 OR ABOVE:   0    0.10 INCH OR MORE:   2
MIN 32 OR BELOW:   0    0.50 INCH OR MORE:   1
MIN  0 OR BELOW:   0    1.00 INCH OR MORE:   0

[HDD (BASE 65) ]
TOTAL THIS MO.    80    CLEAR  (SCALE 0-3)  12
DPTR FM NORMAL  -102    PTCLDY (SCALE 4-7)   9
TOTAL FM JUL 1  6231    CLOUDY (SCALE 8-10)  1
DPTR FM NORMAL   110

[CDD (BASE 65) ]
TOTAL THIS MO.    62
DPTR FM NORMAL    46    [PRESSURE DATA]
TOTAL FM JAN 1    62    HIGHEST SLP M ON M
DPTR FM NORMAL    41    LOWEST  SLP 29.70 ON 12

[REMARKS]
