000
CXUS55 KALY 191512
CF6POU
PRELIMINARY LOCAL CLIMATOLOGICAL DATA (WS FORM: F-6)

                                          STATION:   POUGHKEEPSIE NY
                                          MONTH:     APRIL
                                          YEAR:      2014
                                          LATITUDE:   41 37 N
                                          LONGITUDE:  73 53 W

  TEMPERATURE IN F:       :PCPN:    SNOW:  WIND      :SUNSHINE: SKY     :PK WND
================================================================================
1   2   3   4   5  6A  6B    7    8   9   10  11  12  13   14  15   16   17  18
                                     12Z  AVG MX 2MIN
DY MAX MIN AVG DEP HDD CDD  WTR  SNW DPTH SPD SPD DIR MIN PSBL S-S WX    SPD DR
================================================================================

 1  59  30  45   2  20   0 0.00    M    M  4.0 14  10   M    M   0        19  20
 2  63  36  50   7  15   0 0.00    M    M  3.6 10 220   M    M   1 1      14 140
 3  62  29  46   2  19   0    T    M    M  3.8 13  30   M    M   1 1      19 360
 4  48  38  43  -1  22   0 0.07    M    M  7.3 21 120   M    M   9 18     29 150
 5  53  35  44  -1  21   0 0.00    M    M 10.7 26 260   M    M   6 1      35 280
 6  61  25  43  -2  22   0 0.00    M    M  2.4 10 340   M    M   0        14  10
 7  55  32  44  -1  21   0 0.09    M    M  3.9 14 140   M    M   4 18     19 160
 8  67  40  54   8  11   0 0.06    M    M  9.1 25 290   M    M   8 1      35 300
 9  60  30  45  -1  20   0 0.00    M    M  7.4 23 290   M    M   2        31 320
10  65  27  46  -1  19   0 0.00    M    M  7.7 18 170   M    M   1        27 150
11  70  48  59  12   6   0 0.16    M    M  4.4 16  30   M    M   7 1      22  40
12  72  43  58  10   7   0 0.00    M    M  5.0 17 250   M    M   4 12     23 250
13  80  44  62  14   3   0 0.03    M    M  6.9 17 190   M    M   3 8      25 190
14  79  62  71  23   0   6 0.00    M    M  9.2 20 170   M    M   2        30 170
15  67  33  50   1  15   0 1.31    M    M  9.7 21 360   M    M   9 18     32 190
16  46  29  38 -11  27   0 0.00    M    M  9.1 21 320   M    M   0        28 320
17  53  26  40  -9  25   0 0.00    M    M  4.3 13  90   M    M   0        17 100
18  50  29  40 -10  25   0 0.00    M    M  3.8 10 240   M    M   1        14 230
================================================================================
SM 1110  636       298   6  1.72    M    112.3          M       58
================================================================================
AV 61.7 35.3                               6.2 FASTST   M    M   3    MAX(MPH)
                                 MISC ---->  # 26 260               # 35  280
================================================================================
NOTES:
# LAST OF SEVERAL OCCURRENCES

COLUMN 17 PEAK WIND IN M.P.H.

PRELIMINARY LOCAL CLIMATOLOGICAL DATA (WS FORM: F-6) , PAGE 2

                                          STATION:  POUGHKEEPSIE NY
                                          MONTH:    APRIL
                                          YEAR:     2014
                                          LATITUDE:   41 37 N
                                          LONGITUDE:  73 53 W

[TEMPERATURE DATA]      [PRECIPITATION DATA]       SYMBOLS USED IN COLUMN 16

AVERAGE MONTHLY: 48.5   TOTAL FOR MONTH:   1.72    1 = FOG OR MIST
DPTR FM NORMAL:   2.1   DPTR FM NORMAL:   -0.58    2 = FOG REDUCING VISIBILITY
HIGHEST:    80 ON 13    GRTST 24HR  1.31 ON 15-15      TO 1/4 MILE OR LESS
LOWEST:     25 ON  6                               3 = THUNDER
                        SNOW, ICE PELLETS, HAIL    4 = ICE PELLETS
                        TOTAL MONTH:    M          5 = HAIL
                        GRTST 24HR    M  ON   M    6 = FREEZING RAIN OR DRIZZLE
                        GRTST DEPTH:  M  ON   M    7 = DUSTSTORM OR SANDSTORM:
                                                       VSBY 1/2 MILE OR LESS
                                                   8 = SMOKE OR HAZE
[NO. OF DAYS WITH]      [WEATHER - DAYS WITH]      9 = BLOWING SNOW
                                                   X = TORNADO
MAX 32 OR BELOW:   0    0.01 INCH OR MORE:   6
MAX 90 OR ABOVE:   0    0.10 INCH OR MORE:   2
MIN 32 OR BELOW:   9    0.50 INCH OR MORE:   1
MIN  0 OR BELOW:   0    1.00 INCH OR MORE:   1

[HDD (BASE 65) ]
TOTAL THIS MO.   298    CLEAR  (SCALE 0-3)  10
DPTR FM NORMAL   -37    PTCLDY (SCALE 4-7)   6
TOTAL FM JUL 1  6028    CLOUDY (SCALE 8-10)  2
DPTR FM NORMAL   248

[CDD (BASE 65) ]
TOTAL THIS MO.     6
DPTR FM NORMAL     6    [PRESSURE DATA]
TOTAL FM JAN 1     6    HIGHEST SLP M ON M
DPTR FM NORMAL     6    LOWEST  SLP 29.32 ON  8

[REMARKS]
