000
CXUS54 KFWD 270730
CF6PRX
PRELIMINARY LOCAL CLIMATOLOGICAL DATA (WS FORM: F-6)

                                          STATION:   PARIS
                                          MONTH:     FEBRUARY
                                          YEAR:      2015
                                          LATITUDE:   33 37 N
                                          LONGITUDE:  95 27 W

  TEMPERATURE IN F:       :PCPN:    SNOW:  WIND      :SUNSHINE: SKY     :PK WND
================================================================================
1   2   3   4   5  6A  6B    7    8   9   10  11  12  13   14  15   16   17  18
                                     12Z  AVG MX 2MIN
DY MAX MIN AVG DEP HDD CDD  WTR  SNW DPTH SPD SPD DIR MIN PSBL S-S WX    SPD DR
================================================================================

 1  57  30  44   0  21   0 0.61  0.0    0 15.7 24 330   M    M   7        32 330
 2  39  19  29 -16  36   0 0.00  0.0    0  7.9 22 320   M    M   0        30 320
 3  52  27  40  -5  25   0 0.00  0.0    0  5.8 13 170   M    M   1         M  M
 4  59  37  48   3  17   0 0.00  0.0    0  6.8 22 350   M    M   7        25 350
 5  39  30  35 -10  30   0 0.00  0.0    0  7.9 20 350   M    M  10        25 350
 6  55  36  46   1  19   0 0.00  0.0    0  6.2 15 180   M    M   6        22 200
 7  68  34  51   5  14   0 0.00  0.0    0 12.8 22 180   M    M   2        30 180
 8  72  50  61  15   4   0 0.00  0.0    0  5.7 12 210   M    M   4        22 210
 9  72  46  59  13   6   0 0.00  0.0    0  8.3 15 350   M    M   0        20  20
10  63  39  51   5  14   0 0.00  0.0    0 10.7 16 110   M    M   0         M  M
11  66  41  54   8  11   0 0.00  0.0    0 12.7 17 340   M    M   0        22  10
12  55  34  45  -2  20   0 0.00  0.0    0 11.4 20  20   M    M   1        22 350
13  63  28  46  -1  19   0 0.00  0.0    0  6.8 15 240   M    M   0        20 240
14  75  32  54   7  11   0 0.00  0.0    0  3.9 13 250   M    M   0        18 250
15  54  37  46  -1  19   0 0.14  0.0    0 14.8 25 110   M    M   5        25 110
16  37  27  32 -16  33   0 0.13    M    0 15.1 22 340   M    M   9        28 340
17  48  25  37 -11  28   0 0.00  0.0    0  5.4 10 290   M    M   0        16 280
18  48  27  38 -10  27   0 0.00  0.0    0  4.7  9  40   M    M   2         M  M
19  50  25  38 -10  27   0 0.00  0.0    0 10.7 17 130   M    M   1        22 120
20  64  37  51   2  14   0 0.00  0.0    0 14.5 20 110   M    M  10        24 110
21  66  43  55   6  10   0 0.00  0.0    0 13.5 22 210   M    M   6        30 210
22  45  30  38 -11  27   0 0.98    M    0 13.6 18  10   M    M   8        24  40
23  30  25  28 -22  37   0 0.09    M    0  6.9 18  10   M    M  10        27  10
24  34  25  30 -20  35   0 0.05    M    0  0.0  M   M   M    M   6         M  M
25  37  28  33 -17  32   0 0.27    M    0  3.6  6 140   M    M   4         M  M
26  37  27  32 -18  33   0 0.00  0.0    0 13.4 24 350   M    M   5        32 350
================================================================================
SM 1385  839       569   0  2.27     0.0 238.8          M      104
================================================================================
AV 53.3 32.3                               9.2 FASTST   M    M   4    MAX(MPH)
                                 MISC ---->    25   M                 32    M
================================================================================
NOTES:
# LAST OF SEVERAL OCCURRENCES

COLUMN 17 PEAK WIND IN M.P.H.

PRELIMINARY LOCAL CLIMATOLOGICAL DATA (WS FORM: F-6) , PAGE 2

                                          STATION:  PARIS
                                          MONTH:    FEBRUARY
                                          YEAR:     2015
                                          LATITUDE:   33 37 N
                                          LONGITUDE:  95 27 W

[TEMPERATURE DATA]      [PRECIPITATION DATA]       SYMBOLS USED IN COLUMN 16

AVERAGE MONTHLY: 42.8   TOTAL FOR MONTH:   2.27    1 = FOG OR MIST
DPTR FM NORMAL:  -4.4   DPTR FM NORMAL:   -0.76    2 = FOG REDUCING VISIBILITY
HIGHEST:    75 ON 14    GRTST 24HR  0.98 ON 22-22      TO 1/4 MILE OR LESS
LOWEST:     19 ON  2                               3 = THUNDER
                        SNOW, ICE PELLETS, HAIL    4 = ICE PELLETS
                        TOTAL MONTH:   0.0 INCH    5 = HAIL
                        GRTST 24HR     0.0         6 = FREEZING RAIN OR DRIZZLE
                        GRTST DEPTH:   0           7 = DUSTSTORM OR SANDSTORM:
                                                       VSBY 1/2 MILE OR LESS
                                                   8 = SMOKE OR HAZE
[NO. OF DAYS WITH]      [WEATHER - DAYS WITH]      9 = BLOWING SNOW
                                                   X = TORNADO
MAX 32 OR BELOW:   1    0.01 INCH OR MORE:   7
MAX 90 OR ABOVE:   0    0.10 INCH OR MORE:   5
MIN 32 OR BELOW:  15    0.50 INCH OR MORE:   2
MIN  0 OR BELOW:   0    1.00 INCH OR MORE:   0

[HDD (BASE 65) ]
TOTAL THIS MO.   569    CLEAR  (SCALE 0-3)  12
DPTR FM NORMAL   104    PTCLDY (SCALE 4-7)  10
TOTAL FM JUL 1  2349    CLOUDY (SCALE 8-10)  4
DPTR FM NORMAL   138

[CDD (BASE 65) ]
TOTAL THIS MO.     0
DPTR FM NORMAL     0    [PRESSURE DATA]
TOTAL FM JAN 1     0    HIGHEST SLP M ON M
DPTR FM NORMAL    -1    LOWEST  SLP M ON M

[REMARKS]
