000
CXUS56 KOTX 011500
CF6PUW
PRELIMINARY LOCAL CLIMATOLOGICAL DATA (WS FORM: F-6)

                                          STATION:   PULLMAN-MOSCOW  AIRPORT
                                          MONTH:     JUNE
                                          YEAR:      2015
                                          LATITUDE:   46 44 N
                                          LONGITUDE: 117  7 W

  TEMPERATURE IN F:       :PCPN:    SNOW:  WIND      :SUNSHINE: SKY     :PK WND
================================================================================
1   2   3   4   5  6A  6B    7    8   9   10  11  12  13   14  15   16   17  18
                                     12Z  AVG MX 2MIN
DY MAX MIN AVG DEP HDD CDD  WTR  SNW DPTH SPD SPD DIR MIN PSBL S-S WX    SPD DR
================================================================================

 1  77  57  67  11   0   2 0.41    M    M  7.5 28 240   M    M   0 13     34 230
 2  67  48  58   2   7   0 0.04    M    M 10.1 24 240   M    M   6        32 240
 3  65  46  56   0   9   0 0.00    M    M  2.5 13 280   M    M   6        16 280
 4  72  41  57   1   8   0 0.00    M    M  2.9  9  20   M    M   1        13  10
 5  77  43  60   3   5   0 0.00    M    M  2.9 10 340   M    M   0        14 340
 6  82  45  64   7   1   0 0.00    M    M  2.1 10 270   M    M   0        14 270
 7  87  51  69  12   0   4 0.00    M    M  2.4  9 200   M    M   0        12 190
 8  91  61  76  19   0  11 0.00    M    M  4.4 13 100   M    M   0        15  90
 9  88  54  71  14   0   6 0.00    M    M  4.4 15 240   M    M   0        19 240
10  83  49  66   9   0   1 0.00    M    M  4.3 13 250   M    M   0        18 270
11  82  50  66   8   0   1 0.00    M    M  8.9 18 260   M    M   0        23 260
12  74  48  61   3   4   0 0.00    M    M 10.9 24 270   M    M   0        33 270
13  70  34  52  -6  13   0 0.00    M    M  3.3 12 280   M    M   0        16 290
14  76  37  57  -1   8   0 0.00    M    M  2.2  9  30   M    M   0        12  30
15  80  40  60   2   5   0 0.00    M    M  4.1 14 130   M    M   0        17 100
16  84  44  64   6   1   0 0.00    M    M  3.3 13 260   0    0   0         M  M
17  81  50  66   7   0   1 0.00    M    M  4.6 15 240   M    M   1        19 260
18  83  51  67   8   0   2 0.00    M    M  4.1 15 280   M    M   0        20 250
19  74  45  60   1   5   0 0.00    M    M  9.2 21 250   M    M   1        25 240
20  76  41  59   0   6   0 0.00    M    M  3.1 12 220   M    M   0        15 220
21  77  45  61   1   4   0 0.00    M    M  2.7 12 270   M    M   1        14 270
22  81  42  62   2   3   0 0.00    M    M  1.7 12 210   M    M   1        17 220
23  80  49  65   5   0   0 0.00    M    M  4.5 14 270   M    M   2        18 280
24  83  46  65   5   0   0    T    M    M  1.8 15 250   M    M   2        19 240
25  87  46  67   7   0   2 0.00    M    M  2.4 10  40   M    M   0        16 270
26  95  51  73  12   0   8 0.00    M    M  3.6 14  90   M    M   0        16  90
27  99  55  77  16   0  12 0.00    M    M  3.5 10  90   M    M   0        14 130
28 105  67  86  25   0  21 0.00    M    M  6.3 24 250   M    M   0 8      33 270
29  92  62  77  15   0  12    T    M    M  4.0 21 280   M    M   0 3      26 280
30  92  58  75  13   0  10 0.00    M    M  4.6 15 240   M    M   0        20 350
================================================================================
SM 2460 1456        79  93  0.45    M    132.3            0     21
================================================================================
AV 82.0 48.5                               4.4 FASTST    0   0   1    MAX(MPH)
                                 MISC ---->  # 28 240               # 34  230
================================================================================
NOTES:
# LAST OF SEVERAL OCCURRENCES

COLUMN 17 PEAK WIND IN M.P.H.

PRELIMINARY LOCAL CLIMATOLOGICAL DATA (WS FORM: F-6) , PAGE 2

                                          STATION:  PULLMAN-MOSCOW  AIRPORT
                                          MONTH:    JUNE
                                          YEAR:     2015
                                          LATITUDE:   46 44 N
                                          LONGITUDE: 117  7 W

[TEMPERATURE DATA]      [PRECIPITATION DATA]       SYMBOLS USED IN COLUMN 16

AVERAGE MONTHLY: 65.3   TOTAL FOR MONTH:   0.45    1 = FOG OR MIST
DPTR FM NORMAL:   6.7   DPTR FM NORMAL:   -0.63    2 = FOG REDUCING VISIBILITY
HIGHEST:   105 ON 28    GRTST 24HR  0.48 ON 31- 1      TO 1/4 MILE OR LESS
LOWEST:     34 ON 13                               3 = THUNDER
                        SNOW, ICE PELLETS, HAIL    4 = ICE PELLETS
                        TOTAL MONTH:    M          5 = HAIL
                        GRTST 24HR    M  ON   M    6 = FREEZING RAIN OR DRIZZLE
                        GRTST DEPTH:  M  ON   M    7 = DUSTSTORM OR SANDSTORM:
                                                       VSBY 1/2 MILE OR LESS
                                                   8 = SMOKE OR HAZE
[NO. OF DAYS WITH]      [WEATHER - DAYS WITH]      9 = BLOWING SNOW
                                                   X = TORNADO
MAX 32 OR BELOW:   0    0.01 INCH OR MORE:   2
MAX 90 OR ABOVE:   6    0.10 INCH OR MORE:   1
MIN 32 OR BELOW:   0    0.50 INCH OR MORE:   0
MIN  0 OR BELOW:   0    1.00 INCH OR MORE:   0

[HDD (BASE 65) ]
TOTAL THIS MO.    79    CLEAR  (SCALE 0-3)  28
DPTR FM NORMAL  -127    PTCLDY (SCALE 4-7)   2
TOTAL FM JUL 1  5351    CLOUDY (SCALE 8-10)  0
DPTR FM NORMAL -1255

[CDD (BASE 65) ]
TOTAL THIS MO.    93
DPTR FM NORMAL    80    [PRESSURE DATA]
TOTAL FM JAN 1   105    HIGHEST SLP 30.17 ON 25
DPTR FM NORMAL    87    LOWEST  SLP 29.74 ON  1

[REMARKS]
#FINAL-06-15#
