000
CXUS54 KOUN 280810
CF6PWA
PRELIMINARY LOCAL CLIMATOLOGICAL DATA (WS FORM: F-6)
STATION: BETHANY/WILEY POST
MONTH: MARCH
YEAR: 2024
LATITUDE: 35 31 N
LONGITUDE: 97 38 W
TEMPERATURE IN F: :PCPN: SNOW: WIND :SUNSHINE: SKY :PK WND
================================================================================
1 2 3 4 5 6A 6B 7 8 9 10 11 12 13 14 15 16 17 18
12Z AVG MX 2MIN
DY MAX MIN AVG DEP HDD CDD WTR SNW DPTH SPD SPD DIR MIN PSBL S-S WX SPD DR
================================================================================
1 60 34 47 0 18 0 0.00 M M 13.2 23 150 M M 5 1 33 160
2 82 46 64 16 1 0 0.00 M M 17.5 26 190 M M 0 1 38 200
3 82 58 70 22 0 5 0.00 M M 19.0 29 190 M M 0 37 180
4 78 49 64 16 1 0 0.00 M M 15.0 24 210 M M 0 33 190
5 63 41 52 4 13 0 0.00 M M 11.2 18 330 M M 0 24 10
6 70 42 56 7 9 0 0.00 M M 5.8 16 60 M M 3 1 20 60
7 78 53 66 17 0 1 0.42 0.0 0 14.0 26 190 M M 4 13 36 200
8 57 36 47 -3 18 0 0.20 0.0 0 17.7 28 10 M M 10 13 40 350
9 54 35 45 -5 20 0 T 0.0 0 10.9 21 350 M M 3 30 350
10 65 31 48 -2 17 0 0.00 0.0 0 10.2 17 190 M M 0 24 210
11 70 42 56 5 9 0 0.00 0.0 M 15.3 25 210 M M 0 33 210
12 76 51 64 13 1 0 0.00 0.0 M 17.9 29 210 M M 0 38 200
13 83 57 70 19 0 5 0.00 0.0 M 17.6 29 200 M M 0 39 200
14 77 52 65 13 0 0 0.00 M M 13.6 24 350 M M 3 33 360
15 62 43 53 1 12 0 0.00 M M 12.1 28 360 M M 6 38 10
16 61 38 50 -2 15 0 T M M 4.1 10 40 M M 5 13 330
17 63 42 53 0 12 0 0.01 M M 14.3 24 10 M M 5 33 10
18 53 33 43 -10 22 0 0.00 M M 9.1 20 40 M M 1 26 40
19 73 33 53 0 12 0 0.00 M M 16.2 24 230 M M 0 34 260
20 78 48 63 9 2 0 0.01 M M 10.8 21 10 M M 3 3 28 30
21 63 54 59 5 6 0 1.03 M M 8.0 20 160 M M 9 1 26 160
22 65 45 55 1 10 0 0.03 M M 12.5 25 20 M M 7 1 36 10
23 62 34 48 -6 17 0 0.00 M M 12.2 26 160 M M 1 34 160
24 62 54 58 3 7 0 0.01 0.0 0 23.6 40 150 M M 4 52 150
25 58 34 46 -9 19 0 0.00 M 0 15.5 24 300 M M 5 33 290
26 49 31 40 -15 25 0 0.00 0.0 M 9.4 22 310 M M 2 34 300
27 44 31 38 -18 27 0 0.19 M M 3.8 12 90 M M 5 12 15 90
================================================================================
SM 1788 1147 293 11 1.90 0.0 350.5 M 81
================================================================================
AV 66.2 42.5 13.0 FASTST M M 3 MAX(MPH)
MISC ----> 40 150 52 150
================================================================================
NOTES:
# LAST OF SEVERAL OCCURRENCES
COLUMN 17 PEAK WIND IN M.P.H.
PRELIMINARY LOCAL CLIMATOLOGICAL DATA (WS FORM: F-6) , PAGE 2
STATION: BETHANY/WILEY POST
MONTH: MARCH
YEAR: 2024
LATITUDE: 35 31 N
LONGITUDE: 97 38 W
[TEMPERATURE DATA] [PRECIPITATION DATA] SYMBOLS USED IN COLUMN 16
AVERAGE MONTHLY: 54.4 TOTAL FOR MONTH: 1.90 1 = FOG OR MIST
DPTR FM NORMAL: 2.8 DPTR FM NORMAL: 0.18 2 = FOG REDUCING VISIBILITY
HIGHEST: 83 ON 13 GRTST 24HR 1.05 ON 21-22 TO 1/4 MILE OR LESS
LOWEST: 31 ON 27,26 3 = THUNDER
SNOW, ICE PELLETS, HAIL 4 = ICE PELLETS
TOTAL MONTH: 0.0 INCH 5 = HAIL
GRTST 24HR 0.0 6 = FREEZING RAIN OR DRIZZLE
GRTST DEPTH: 0 7 = DUSTSTORM OR SANDSTORM:
VSBY 1/2 MILE OR LESS
8 = SMOKE OR HAZE
[NO. OF DAYS WITH] [WEATHER - DAYS WITH] 9 = BLOWING SNOW
X = TORNADO
MAX 32 OR BELOW: 0 0.01 INCH OR MORE: 8
MAX 90 OR ABOVE: 0 0.10 INCH OR MORE: 4
MIN 32 OR BELOW: 3 0.50 INCH OR MORE: 1
MIN 0 OR BELOW: 0 1.00 INCH OR MORE: 1
[HDD (BASE 65) ]
TOTAL THIS MO. 293 CLEAR (SCALE 0-3) 15
DPTR FM NORMAL -83 PTCLDY (SCALE 4-7) 10
TOTAL FM JUL 1 2853 CLOUDY (SCALE 8-10) 2
DPTR FM NORMAL -308
[CDD (BASE 65) ]
TOTAL THIS MO. 11
DPTR FM NORMAL 2 [PRESSURE DATA]
TOTAL FM JAN 1 13 HIGHEST SLP M ON M
DPTR FM NORMAL 2 LOWEST SLP 29.34 ON 24
[REMARKS]