000
CXUS54 KFWD 280730
CF6PWG
PRELIMINARY LOCAL CLIMATOLOGICAL DATA (WS FORM: F-6)

                                          STATION:   WACO MCGREGOR
                                          MONTH:     AUGUST
                                          YEAR:      2016
                                          LATITUDE:   31 28 N
                                          LONGITUDE:  97 19 W

  TEMPERATURE IN F:       :PCPN:    SNOW:  WIND      :SUNSHINE: SKY     :PK WND
================================================================================
1   2   3   4   5  6A  6B    7    8   9   10  11  12  13   14  15   16   17  18
                                     12Z  AVG MX 2MIN
DY MAX MIN AVG DEP HDD CDD  WTR  SNW DPTH SPD SPD DIR MIN PSBL S-S WX    SPD DR
================================================================================

 1 101  74  88   4   0  23 0.00  0.0    0 10.5 16 190   M    M   0        22 190
 2 102  73  88   4   0  23 0.00  0.0    0  8.2 13 150   M    M   0        18 130
 3 103  76  90   6   0  25 0.00  0.0    0  8.2 12 140   M    M   0        18 110
 4 102  77  90   6   0  25 0.00  0.0    0 10.1 15 130   M    M   0        21 140
 5 102  77  90   6   0  25 0.00  0.0    0  8.7 14 130   M    M   1        18 120
 6 102  78  90   6   0  25 0.00  0.0    0  7.9 14 140   M    M   0        17 130
 7 103  77  90   6   0  25 0.00  0.0    0  7.5 12 170   M    M   0        23 170
 8 103  78  91   7   0  26 0.00  0.0    0  8.7 15 170   M    M   0        18 170
 9 102  80  91   7   0  26 0.00  0.0    0  8.8 13 140   M    M   0 8      17  80
10 102  80  91   7   0  26 0.00  0.0    0 10.1 15 170   M    M   0 8      21 200
11 104  79  92   8   0  27 0.00  0.0    0  8.7 13 170   M    M   0         M  M
12 106  77  92   8   0  27 0.00  0.0    0  8.5 14 180   M    M   1 1      18 200
13  90  75  83  -1   0  18    T  0.0    0  5.0 10 360   M    M   2         M  M
14  92  74  83  -1   0  18 0.02  0.0    0  8.0 14  20   M    M   2 3       M  M
15  74  70  72 -12   0   7 0.39  0.0    0  5.3  9  40   M    M   8 13      M  M
16  77  72  75  -9   0  10 0.72  0.0    0  7.0  9 110   M    M   8 1       M  M
17  84  74  79  -5   0  14 2.06  0.0    0  6.9 13 130   M    M   8 13      M  M
18   M   M   M   M   M   M 0.02    M    0  8.2 14 160   M    M   6 13      M  M
19  93  75  84   0   0  19 0.06  0.0    0  9.2 13 150   M    M   4        23 190
20  81  73  77  -7   0  12 0.00  0.0    0  7.7 14 180   M    M   3 13      M  M
21  77  73  75  -9   0  10 0.01  0.0    0  3.7  7 360   M    M   7 138     M  M
22  90  73  82  -1   0  17 0.00  0.0    0  7.6 15 150   M    M   5 1      21 170
23  95  75  85   2   0  20 0.00  0.0    0 13.8 21 170   M    M   3        24 180
24  95  74  85   2   0  20 0.00  0.0    0 10.7 17 180   M    M   3        24 170
25  94  72  83   0   0  18 0.00  0.0    0  6.6 10 190   M    M   2 13      M  M
26  91  73  82  -1   0  17 0.02  0.0    0  6.0 14 300   M    M   1 13      M  M
27  91  71  81  -2   0  16 0.00  0.0    0  4.1  8 130   M    M   1 1       M  M
================================================================================
SM 2456 1950         0 519  3.30     0.0 215.7          M       65
================================================================================
AV 94.5 75.0                               8.0 FASTST   M    M   2    MAX(MPH)
                                 MISC ---->    21   M                 24    M
================================================================================
NOTES:
# LAST OF SEVERAL OCCURRENCES

COLUMN 17 PEAK WIND IN M.P.H.

PRELIMINARY LOCAL CLIMATOLOGICAL DATA (WS FORM: F-6) , PAGE 2

                                          STATION:  WACO MCGREGOR
                                          MONTH:    AUGUST
                                          YEAR:     2016
                                          LATITUDE:   31 28 N
                                          LONGITUDE:  97 19 W

[TEMPERATURE DATA]      [PRECIPITATION DATA]       SYMBOLS USED IN COLUMN 16

AVERAGE MONTHLY: 84.7   TOTAL FOR MONTH:   3.30    1 = FOG OR MIST
DPTR FM NORMAL:   1.0   DPTR FM NORMAL:    1.32    2 = FOG REDUCING VISIBILITY
HIGHEST:   106 ON 12    GRTST 24HR  2.06 ON 17-17      TO 1/4 MILE OR LESS
LOWEST:     70 ON 15                               3 = THUNDER
                        SNOW, ICE PELLETS, HAIL    4 = ICE PELLETS
                        TOTAL MONTH:   0.0 INCH    5 = HAIL
                        GRTST 24HR     0.0         6 = FREEZING RAIN OR DRIZZLE
                        GRTST DEPTH:   0           7 = DUSTSTORM OR SANDSTORM:
                                                       VSBY 1/2 MILE OR LESS
                                                   8 = SMOKE OR HAZE
[NO. OF DAYS WITH]      [WEATHER - DAYS WITH]      9 = BLOWING SNOW
                                                   X = TORNADO
MAX 32 OR BELOW:   0    0.01 INCH OR MORE:   8
MAX 90 OR ABOVE:  21    0.10 INCH OR MORE:   3
MIN 32 OR BELOW:   0    0.50 INCH OR MORE:   2
MIN  0 OR BELOW:   0    1.00 INCH OR MORE:   1

[HDD (BASE 65) ]
TOTAL THIS MO.     0    CLEAR  (SCALE 0-3)  19
DPTR FM NORMAL     0    PTCLDY (SCALE 4-7)   7
TOTAL FM JUL 1     0    CLOUDY (SCALE 8-10)  1
DPTR FM NORMAL     0

[CDD (BASE 65) ]
TOTAL THIS MO.   519
DPTR FM NORMAL    12    [PRESSURE DATA]
TOTAL FM JAN 1  2063    HIGHEST SLP M ON M
DPTR FM NORMAL   197    LOWEST  SLP M ON M

[REMARKS]
