000
CXUS53 KMKX 310655
CF6RAC
PRELIMINARY LOCAL CLIMATOLOGICAL DATA (WS FORM: F-6)

                                          STATION:   RACINE WI
                                          MONTH:     MAY
                                          YEAR:      2016
                                          LATITUDE:   42 45 N
                                          LONGITUDE:  87 49 W

  TEMPERATURE IN F:       :PCPN:    SNOW:  WIND      :SUNSHINE: SKY     :PK WND
================================================================================
1   2   3   4   5  6A  6B    7    8   9   10  11  12  13   14  15   16   17  18
                                     12Z  AVG MX 2MIN
DY MAX MIN AVG DEP HDD CDD  WTR  SNW DPTH SPD SPD DIR MIN PSBL S-S WX    SPD DR
================================================================================

 1  47  42  45  -5  20   0 0.07    M    0 12.9 21  20   M    M  10 18     26  10
 2  58  39  49  -1  16   0 0.00  0.0    0  7.9 16  20   M    M   2        22  10
 3  69  40  55   5  10   0 0.03    M    0  8.9 21 360   M    M   6        27 360
 4  50  41  46  -5  19   0 0.04    M    0 14.6 23  10   M    M   8        36  20
 5  56  40  48  -3  17   0 0.00  0.0    0 10.7 23  10   M    M   3        32  20
 6  83  42  63  12   2   0    T    M    0  6.4 16 180   M    M   2        19 220
 7  74  41  58   6   7   0    T    M    0 12.7 31  10   M    M   1        43  20
 8  70  36  53   1  12   0 0.00  0.0    0  6.1 16 220   M    M   0        19 230
 9  56  44  50  -2  15   0 0.36    M    0 10.7 22 120   M    M   6 1      27 120
10  49  46  48  -5  17   0 1.40    M    M 10.6 21 120   M    M  10 1      28 130
11  58  47  53   0  12   0    T    M    M  5.6 10 100   M    M  10 12     13  80
12  72  49  61   8   4   0 0.04    M    0  8.5 18 270   M    M   4 18     26 270
13  65  44  55   1  10   0 0.36    M    0  9.6 22 330   M    M   4 1      31 340
14  47  38  43 -11  22   0    T    M    0 10.9 21 320   M    M   9        28 300
15  56  34  45  -9  20   0 0.00  0.0    0  9.1 20 300   M    M   3        28 280
16  72  45  59   4   6   0 0.02  0.0    0  9.7 22 250   M    M   4        32 240
17  53  43  48  -7  17   0 0.01    M    0 13.2 21  20   M    M   4        27  10
18  58  41  50  -5  15   0 0.00  0.0    0  6.7 14  20   M    M   1        17  10
19  66  40  53  -3  12   0 0.00  0.0    0  5.6 15 170   M    M   0        18 170
20  65  41  53  -3  12   0 0.00  0.0    0  4.1  9  20   M    M   0        12  20
21  72  50  61   5   4   0 0.00  0.0    0  5.8 14  10   M    M   0        18 360
22  72  49  61   4   4   0 0.00  0.0    0  6.5 15  20   M    M   0 8      19  20
23  74  49  62   5   3   0 0.00  0.0    0  8.8 20 170   M    M   0        25 160
24  84  56  70  13   0   5 0.00  0.0    0  7.4 18 210   M    M   2        24 210
25  77  56  67   9   0   2 0.14  0.0    0  6.5 15 170   M    M   2 13     20 170
26  83  58  71  13   0   6 0.11  0.0    0  6.0 18 160   M    M   3 1238   22 160
27  76  63  70  12   0   5 0.01    M    M  8.6 21 150   M    M   4 1      27 160
28  80  62  71  12   0   6 0.16    M    M 10.7 23 220   M    M   3 13     32 200
29  80  63  72  13   0   7    T    M    M 10.0 20 240   M    M   2        27 240
30  79  58  69   9   0   4 0.00    M    M  5.1 14 110   M    M   2        15 110
================================================================================
SM 2001 1397       276  35  2.75     0.0 259.9          M      105
================================================================================
AV 66.7 46.6                               8.7 FASTST   M    M   4    MAX(MPH)
                                 MISC ---->  # 31  10               # 43   20
================================================================================
NOTES:
# LAST OF SEVERAL OCCURRENCES

COLUMN 17 PEAK WIND IN M.P.H.

PRELIMINARY LOCAL CLIMATOLOGICAL DATA (WS FORM: F-6) , PAGE 2

                                          STATION:  RACINE WI
                                          MONTH:    MAY
                                          YEAR:     2016
                                          LATITUDE:   42 45 N
                                          LONGITUDE:  87 49 W

[TEMPERATURE DATA]      [PRECIPITATION DATA]       SYMBOLS USED IN COLUMN 16

AVERAGE MONTHLY: 56.6   TOTAL FOR MONTH:   2.75    1 = FOG OR MIST
DPTR FM NORMAL:   2.1   DPTR FM NORMAL:   -0.60    2 = FOG REDUCING VISIBILITY
HIGHEST:    84 ON 24    GRTST 24HR  1.76 ON  9-10      TO 1/4 MILE OR LESS
LOWEST:     34 ON 15                               3 = THUNDER
                        SNOW, ICE PELLETS, HAIL    4 = ICE PELLETS
                        TOTAL MONTH:   0.0 INCH    5 = HAIL
                        GRTST 24HR     0.0         6 = FREEZING RAIN OR DRIZZLE
                        GRTST DEPTH:   0           7 = DUSTSTORM OR SANDSTORM:
                                                       VSBY 1/2 MILE OR LESS
                                                   8 = SMOKE OR HAZE
[NO. OF DAYS WITH]      [WEATHER - DAYS WITH]      9 = BLOWING SNOW
                                                   X = TORNADO
MAX 32 OR BELOW:   0    0.01 INCH OR MORE:  13
MAX 90 OR ABOVE:   0    0.10 INCH OR MORE:   6
MIN 32 OR BELOW:   0    0.50 INCH OR MORE:   1
MIN  0 OR BELOW:   0    1.00 INCH OR MORE:   1

[HDD (BASE 65) ]
TOTAL THIS MO.   276    CLEAR  (SCALE 0-3)  15
DPTR FM NORMAL   -50    PTCLDY (SCALE 4-7)  11
TOTAL FM JUL 1  5924    CLOUDY (SCALE 8-10)  4
DPTR FM NORMAL  -883

[CDD (BASE 65) ]
TOTAL THIS MO.    35
DPTR FM NORMAL    22    [PRESSURE DATA]
TOTAL FM JAN 1    35    HIGHEST SLP M ON M
DPTR FM NORMAL    21    LOWEST  SLP 29.63 ON M

[REMARKS]
