000
CXUS56 KSTO 011355
CF6RBL
PRELIMINARY LOCAL CLIMATOLOGICAL DATA (WS FORM: F-6)

                                          STATION:   RED BLUFF AIRPORT CA
                                          MONTH:     JUNE
                                          YEAR:      2015
                                          LATITUDE:   40  9 N
                                          LONGITUDE: 122 15 W

  TEMPERATURE IN F:       :PCPN:    SNOW:  WIND      :SUNSHINE: SKY     :PK WND
================================================================================
1   2   3   4   5  6A  6B    7    8   9   10  11  12  13   14  15   16   17  18
                                     12Z  AVG MX 2MIN
DY MAX MIN AVG DEP HDD CDD  WTR  SNW DPTH SPD SPD DIR MIN PSBL S-S WX    SPD DR
================================================================================

 1  81  55  68  -4   0   3    T  0.0    0  9.7 20 140   M    M   4        29 160
 2  86  58  72   0   0   7 0.00  0.0    0  5.3 13 310   M    M   1        17 310
 3  87  62  75   2   0  10    T  0.0    0  6.9 18 280   M    M   2        25 270
 4  91  64  78   5   0  13 0.00  0.0    0 10.5 23  10   M    M   1        30  10
 5  98  69  84  11   0  19    T  0.0    0 12.1 26 150   M    M   1        33 150
 6 102  68  85  12   0  20    T  0.0    0  9.6 28 160   M    M   0        32 160
 7 106  67  87  13   0  22    T  0.0    0  6.0 14 360   M    M   0        19 360
 8 106  71  89  15   0  24 0.00  0.0    0  6.9 15 160   M    M   0        20 150
 9 106  72  89  15   0  24 0.01  0.0    0  7.9 29 350   M    M   0 3      36 340
10  88  70  79   5   0  14    T  0.0    0  8.3 22 150   M    M   0        29 150
11 105  65  85  10   0  20 0.00  0.0    0  8.2 16  10   M    M   0        20  10
12 110  68  89  14   0  24 0.00  0.0    0  7.6 15 360   M    M   0        23  10
13 103  70  87  12   0  22 0.00  0.0    0  7.0 16 120   M    M   0        20 120
14  95  67  81   5   0  16 0.00  0.0    0  8.4 17 160   M    M   0        23 150
15  94  63  79   3   0  14 0.00  0.0    0  7.8 18 160   M    M   0        24 140
16 100  64  82   6   0  17 0.00  0.0    0  6.1 14 160   M    M   0        20 150
17 100  65  83   7   0  18 0.00  0.0    0  6.9 16 170   M    M   0        20 160
18  95  69  82   6   0  17 0.00  0.0    0  7.8 20 140   M    M   0        27 140
19  97  64  81   4   0  16 0.00  0.0    0  4.9 15 150   M    M   0        18 150
20  98  64  81   4   0  16 0.00  0.0    0  6.6 17 170   M    M   0        22 140
21  91  65  78   1   0  13 0.00  0.0    0  9.8 17 140   M    M   0        22 170
22  93  60  77  -1   0  12 0.00  0.0    0  5.6 14 160   M    M   0        18 150
23 103  63  83   5   0  18 0.00  0.0    0  5.5 14 170   M    M   0        17 140
24 101  66  84   6   0  19 0.00  0.0    0  7.1 17 140   M    M   0        20 140
25 106  72  89  11   0  24 0.00  0.0    0  7.8 17 150   M    M   0        22 130
26 108  72  90  11   0  25 0.00  0.0    0  5.9 18 130   M    M   0        22 130
27  98  73  86   7   0  21 0.00  0.0    0  8.1 17 170   M    M   0        21 180
28 100  74  87   8   0  22    T  0.0    0  6.8 17 180   M    M   0        22 120
29 104  66  85   6   0  20 0.00  0.0    0  5.2 13 140   M    M   0        19 120
30 113  71  92  12   0  27 0.00  0.0    0  7.2 15 170   M    M   0        20 350
================================================================================
SM 2965 1997         0 537  0.01     0.0 223.5          M        9
================================================================================
AV 98.8 66.6                               7.5 FASTST   M    M   0    MAX(MPH)
                                 MISC ---->  # 29 350               # 36  340
================================================================================
NOTES:
# LAST OF SEVERAL OCCURRENCES

COLUMN 17 PEAK WIND IN M.P.H.

PRELIMINARY LOCAL CLIMATOLOGICAL DATA (WS FORM: F-6) , PAGE 2

                                          STATION:  RED BLUFF AIRPORT CA
                                          MONTH:    JUNE
                                          YEAR:     2015
                                          LATITUDE:   40  9 N
                                          LONGITUDE: 122 15 W

[TEMPERATURE DATA]      [PRECIPITATION DATA]       SYMBOLS USED IN COLUMN 16

AVERAGE MONTHLY: 82.7   TOTAL FOR MONTH:   0.01    1 = FOG OR MIST
DPTR FM NORMAL:   6.9   DPTR FM NORMAL:   -0.46    2 = FOG REDUCING VISIBILITY
HIGHEST:   113 ON 30    GRTST 24HR  0.01 ON  9- 9      TO 1/4 MILE OR LESS
LOWEST:     55 ON  1                               3 = THUNDER
                        SNOW, ICE PELLETS, HAIL    4 = ICE PELLETS
                        TOTAL MONTH:   0.0 INCH    5 = HAIL
                        GRTST 24HR     0.0         6 = FREEZING RAIN OR DRIZZLE
                        GRTST DEPTH:   0           7 = DUSTSTORM OR SANDSTORM:
                                                       VSBY 1/2 MILE OR LESS
                                                   8 = SMOKE OR HAZE
[NO. OF DAYS WITH]      [WEATHER - DAYS WITH]      9 = BLOWING SNOW
                                                   X = TORNADO
MAX 32 OR BELOW:   0    0.01 INCH OR MORE:   1
MAX 90 OR ABOVE:  26    0.10 INCH OR MORE:   0
MIN 32 OR BELOW:   0    0.50 INCH OR MORE:   0
MIN  0 OR BELOW:   0    1.00 INCH OR MORE:   0

[HDD (BASE 65) ]
TOTAL THIS MO.     0    CLEAR  (SCALE 0-3)  29
DPTR FM NORMAL    -6    PTCLDY (SCALE 4-7)   1
TOTAL FM JUL 1  1663    CLOUDY (SCALE 8-10)  0
DPTR FM NORMAL  -997

[CDD (BASE 65) ]
TOTAL THIS MO.   537
DPTR FM NORMAL   205    [PRESSURE DATA]
TOTAL FM JAN 1   758    HIGHEST SLP 30.03 ON  2
DPTR FM NORMAL   253    LOWEST  SLP 29.58 ON 13

[REMARKS]
#FINAL-06-15#
