000
CXUS51 KPHI 230800
CF6RDG
PRELIMINARY LOCAL CLIMATOLOGICAL DATA (WS FORM: F-6)

                                          STATION:   READING PA
                                          MONTH:     SEPTEMBER
                                          YEAR:      2014
                                          LATITUDE:   40 22 N
                                          LONGITUDE:  75 58 W

  TEMPERATURE IN F:       :PCPN:    SNOW:  WIND      :SUNSHINE: SKY     :PK WND
================================================================================
1   2   3   4   5  6A  6B    7    8   9   10  11  12  13   14  15   16   17  18
                                     12Z  AVG MX 2MIN
DY MAX MIN AVG DEP HDD CDD  WTR  SNW DPTH SPD SPD DIR MIN PSBL S-S WX    SPD DR
================================================================================

 1  88  72  80  10   0  15 0.08    M    M  2.3 14 200   M    M   6 128    20 200
 2  91  70  81  11   0  16 0.03    M    M  5.7 16 220   M    M   3 13     21 210
 3  83  65  74   4   0   9 0.00    M    M  2.5  9 290   M    M   0        12 210
 4  88  61  75   5   0  10 0.00    M    M  4.6 14 200   M    M   2 1      18 210
 5  86  70  78   9   0  13 0.00    M    M  2.7 10 190   M    M   6 18     13 220
 6  91  66  79  10   0  14 0.82    M    M  4.9 37 310   M    M   3 13     52 300
 7  78  62  70   1   0   5 0.00    M    M  6.8 14 330   M    M   1        21 330
 8  75  57  66  -2   0   1 0.00    M    M  4.8 15 130   M    M   3        20 130
 9  74  61  68   0   0   3 0.00    M    M  5.3 13  60   M    M  10        16  50
10  78  62  70   2   0   5 0.00    M    M  4.0 12 160   M    M   7        16 170
11  85  67  76   9   0  11 0.00    M    M  8.7 15 330   M    M   7        19 330
12  73  56  65  -2   0   0 0.00    M    M  7.9 15 340   M    M   3        19 340
13  65  52  59  -8   6   0 0.24    M    M  3.0  9 310   M    M   5 12     10 290
14  68  46  57  -9   8   0 0.00    M    M  3.3 10 300   M    M   2 12     14 330
15  72  45  59  -7   6   0 0.00    M    M  2.9  9 150   M    M   1 1      13 270
16  73  52  63  -2   2   0 0.08    M    M  4.6 17 310   M    M   5 1      21 330
17  74  49  62  -3   3   0 0.00    M    M  2.3  9 270   M    M   3 1      13 220
18  77  49  63  -1   2   0 0.00    M    M  3.1 16 300   M    M   3        19 300
19  72  51  62  -2   3   0 0.00    M    M  6.2 14 130   M    M   2        18 140
20  79  57  68   4   0   3 0.00    M    M  6.3 15 160   M    M   6        22 200
21  82  57  70   7   0   5 0.16    M    M  3.2 21 290   M    M   5 13     25 290
22  70  49  60  -3   5   0 0.00    M    M 10.9 22 320   M    M   2        29 310
================================================================================
SM 1722 1276        35 110  1.41    M    106.0          M       85
================================================================================
AV 78.3 58.0                               4.8 FASTST   M    M   4    MAX(MPH)
                                 MISC ---->  # 37 310               # 52  300
================================================================================
NOTES:
# LAST OF SEVERAL OCCURRENCES

COLUMN 17 PEAK WIND IN M.P.H.

PRELIMINARY LOCAL CLIMATOLOGICAL DATA (WS FORM: F-6) , PAGE 2

                                          STATION:  READING PA
                                          MONTH:    SEPTEMBER
                                          YEAR:     2014
                                          LATITUDE:   40 22 N
                                          LONGITUDE:  75 58 W

[TEMPERATURE DATA]      [PRECIPITATION DATA]       SYMBOLS USED IN COLUMN 16

AVERAGE MONTHLY: 68.1   TOTAL FOR MONTH:   1.41    1 = FOG OR MIST
DPTR FM NORMAL:   1.2   DPTR FM NORMAL:   -1.57    2 = FOG REDUCING VISIBILITY
HIGHEST:    91 ON  6, 2 GRTST 24HR  0.82 ON  6- 6      TO 1/4 MILE OR LESS
LOWEST:     45 ON 15                               3 = THUNDER
                        SNOW, ICE PELLETS, HAIL    4 = ICE PELLETS
                        TOTAL MONTH:    M          5 = HAIL
                        GRTST 24HR    M  ON   M    6 = FREEZING RAIN OR DRIZZLE
                        GRTST DEPTH:  M  ON   M    7 = DUSTSTORM OR SANDSTORM:
                                                       VSBY 1/2 MILE OR LESS
                                                   8 = SMOKE OR HAZE
[NO. OF DAYS WITH]      [WEATHER - DAYS WITH]      9 = BLOWING SNOW
                                                   X = TORNADO
MAX 32 OR BELOW:   0    0.01 INCH OR MORE:   6
MAX 90 OR ABOVE:   2    0.10 INCH OR MORE:   3
MIN 32 OR BELOW:   0    0.50 INCH OR MORE:   1
MIN  0 OR BELOW:   0    1.00 INCH OR MORE:   0

[HDD (BASE 65) ]
TOTAL THIS MO.    35    CLEAR  (SCALE 0-3)  13
DPTR FM NORMAL     4    PTCLDY (SCALE 4-7)   8
TOTAL FM JUL 1    36    CLOUDY (SCALE 8-10)  1
DPTR FM NORMAL     0

[CDD (BASE 65) ]
TOTAL THIS MO.   110
DPTR FM NORMAL    33    [PRESSURE DATA]
TOTAL FM JAN 1   931    HIGHEST SLP M ON M
DPTR FM NORMAL    51    LOWEST  SLP 29.63 ON 21

[REMARKS]
