000
CXUS51 KPHI 270800
CF6RDG
PRELIMINARY LOCAL CLIMATOLOGICAL DATA (WS FORM: F-6)

                                          STATION:   READING PA
                                          MONTH:     MAY
                                          YEAR:      2016
                                          LATITUDE:   40 22 N
                                          LONGITUDE:  75 58 W

  TEMPERATURE IN F:       :PCPN:    SNOW:  WIND      :SUNSHINE: SKY     :PK WND
================================================================================
1   2   3   4   5  6A  6B    7    8   9   10  11  12  13   14  15   16   17  18
                                     12Z  AVG MX 2MIN
DY MAX MIN AVG DEP HDD CDD  WTR  SNW DPTH SPD SPD DIR MIN PSBL S-S WX    SPD DR
================================================================================

 1  51  43  47 -10  18   0 0.29    M    M  4.6 12 140   M    M   9 1      16 140
 2  64  48  56  -1   9   0 0.38    M    M  4.0  9 110   M    M   9 13     13 150
 3  59  53  56  -1   9   0 0.11    M    M  4.9 14  30   M    M  10 18     17  20
 4  54  49  52  -6  13   0 0.14    M    M  5.9 12  90   M    M   9 1      17  90
 5  59  48  54  -4  11   0 0.03    M    M  6.4 15  30   M    M  10 1      20  30
 6  55  49  52  -6  13   0 1.11    M    M  6.3 16  40   M    M  10 1      24  60
 7  60  49  55  -3  10   0 0.01    M    M  2.5  7 210   M    M   7 1      11  60
 8  68  48  58  -1   7   0 0.01    M    M 10.7 31 300   M    M   4        39 300
 9  70  42  56  -3   9   0 0.00    M    M  8.1 25 260   M    M   0        34 280
10  58  49  54  -5  11   0 0.02    M    M  2.4  7 230   M    M   5         9  40
11  65  47  56  -4   9   0 0.00    M    M  2.5  7 220   M    M   6 18      9 220
12  76  48  62   2   3   0 0.00    M    M  4.6 13 220   M    M   3 128    17 230
13  74  56  65   5   0   0 0.15    M    M  5.9 13 280   M    M   7 1      17 270
14  75  48  62   2   3   0 0.06    M    M  7.8 26 290   M    M   3 1      37 280
15  56  41  49 -12  16   0 0.02    M    M 13.4 36 290   M    M   5        43 290
16  66  37  52  -9  13   0 0.00    M    M 10.2 25 270   M    M   1        35 280
17  62  48  55  -6  10   0 0.05    M    M  2.0 13 270   M    M   4 18     16 270
18  64  49  57  -5   8   0 0.02    M    M  2.6 14  10   M    M   9 1      18  40
19  74  51  63   1   2   0 0.00    M    M  4.6 16 310   M    M   5        20 330
20  76  43  60  -2   5   0 0.00    M    M  2.8 12 150   M    M   0        16 160
21  65  52  59  -4   6   0 0.49    M    M  3.4 10  60   M    M   8 1      19 200
22  65  52  59  -4   6   0 0.09    M    M  3.3 14 340   M    M   9 1      17 340
23  78  50  64   1   1   0 0.13    M    M  4.7 18 340   M    M   5 12     25 340
24  84  54  69   5   0   4 0.01    M    M  6.1 21 290   M    M   2 1      26 320
25  86  51  69   5   0   4 0.00    M    M  3.7 15 270   M    M   0 18     20 270
26  89  58  74  10   0   9 0.00    M    M  4.8 16 220   M    M   2 8      21 230
================================================================================
SM 1753 1263       192  17  3.12    M    138.2          M      142
================================================================================
AV 67.4 48.6                               5.3 FASTST   M    M   5    MAX(MPH)
                                 MISC ---->  # 36 290               # 43  290
================================================================================
NOTES:
# LAST OF SEVERAL OCCURRENCES

COLUMN 17 PEAK WIND IN M.P.H.

PRELIMINARY LOCAL CLIMATOLOGICAL DATA (WS FORM: F-6) , PAGE 2

                                          STATION:  READING PA
                                          MONTH:    MAY
                                          YEAR:     2016
                                          LATITUDE:   40 22 N
                                          LONGITUDE:  75 58 W

[TEMPERATURE DATA]      [PRECIPITATION DATA]       SYMBOLS USED IN COLUMN 16

AVERAGE MONTHLY: 58.0   TOTAL FOR MONTH:   3.12    1 = FOG OR MIST
DPTR FM NORMAL:  -2.4   DPTR FM NORMAL:   -0.30    2 = FOG REDUCING VISIBILITY
HIGHEST:    89 ON 26    GRTST 24HR  1.12 ON  6- 7      TO 1/4 MILE OR LESS
LOWEST:     37 ON 16                               3 = THUNDER
                        SNOW, ICE PELLETS, HAIL    4 = ICE PELLETS
                        TOTAL MONTH:    M          5 = HAIL
                        GRTST 24HR    M  ON   M    6 = FREEZING RAIN OR DRIZZLE
                        GRTST DEPTH:  M  ON   M    7 = DUSTSTORM OR SANDSTORM:
                                                       VSBY 1/2 MILE OR LESS
                                                   8 = SMOKE OR HAZE
[NO. OF DAYS WITH]      [WEATHER - DAYS WITH]      9 = BLOWING SNOW
                                                   X = TORNADO
MAX 32 OR BELOW:   0    0.01 INCH OR MORE:  18
MAX 90 OR ABOVE:   0    0.10 INCH OR MORE:   8
MIN 32 OR BELOW:   0    0.50 INCH OR MORE:   1
MIN  0 OR BELOW:   0    1.00 INCH OR MORE:   1

[HDD (BASE 65) ]
TOTAL THIS MO.   192    CLEAR  (SCALE 0-3)   6
DPTR FM NORMAL    36    PTCLDY (SCALE 4-7)  12
TOTAL FM JUL 1  4494    CLOUDY (SCALE 8-10)  8
DPTR FM NORMAL  -860

[CDD (BASE 65) ]
TOTAL THIS MO.    17
DPTR FM NORMAL   -21    [PRESSURE DATA]
TOTAL FM JAN 1    30    HIGHEST SLP  0.00 ON 20
DPTR FM NORMAL   -17    LOWEST  SLP 29.57 ON  6

[REMARKS]
