000
CXUS51 KPHI 230800
CF6RDG
PRELIMINARY LOCAL CLIMATOLOGICAL DATA (WS FORM: F-6)

                                          STATION:   READING PA
                                          MONTH:     MAY
                                          YEAR:      2017
                                          LATITUDE:   40 22 N
                                          LONGITUDE:  75 58 W

  TEMPERATURE IN F:       :PCPN:    SNOW:  WIND      :SUNSHINE: SKY     :PK WND
================================================================================
1   2   3   4   5  6A  6B    7    8   9   10  11  12  13   14  15   16   17  18
                                     12Z  AVG MX 2MIN
DY MAX MIN AVG DEP HDD CDD  WTR  SNW DPTH SPD SPD DIR MIN PSBL S-S WX    SPD DR
================================================================================

 1  82  51  67  10   0   2 0.03    M    M  8.6 23 190   M    M   7 1      31 220
 2  74  57  66   9   0   1 0.41    M    M 10.5 30 250   M    M   8 1      45 240
 3  67  44  56  -1   9   0 0.00    M    M 11.0 23 310   M    M   5        34 310
 4  65  41  53  -5  12   0 0.02    M    M  7.3 17 160   M    M   5        26 160
 5  67  51  59   1   6   0 0.49    M    M  8.6 18 100   M    M  10 1      28  80
 6  65  49  57  -1   8   0 0.19    M    M  9.4 21 190   M    M   9 1      30 160
 7  54  41  48 -10  17   0 0.05    M    M  8.3 22 300   M    M   9        27 260
 8  61  36  49 -10  16   0 0.00    M    M  8.3 20 300   M    M   3        26 310
 9  64  37  51  -8  14   0 0.00    M    M  5.7 17 310   M    M   1        23 310
10  70  49  60   1   5   0 0.00    M    M  5.7 14 320   M    M   2        20 300
11  56  48  52  -8  13   0 0.07    M    M  3.3 12 130   M    M   7 1      16 100
12  61  49  55  -5  10   0 0.04    M    M  5.8 13 150   M    M  10 1      17 160
13  53  47  50 -10  15   0 1.19    M    M  5.8 14  20   M    M  10 1      18  30
14  71  42  57  -3   8   0    T    M    M  8.7 32 290   M    M   6 12     44 280
15  72  48  60  -1   5   0 0.00    M    M 11.6 26 330   M    M   1        34 320
16  79  44  62   1   3   0 0.00    M    M  4.5 15 280   M    M   0        20 280
17  90  54  72  11   0   7 0.00    M    M  4.7 17 250   M    M   0        24 250
18  92  67  80  18   0  15 0.00    M    M  6.9 18 260   M    M   0        24 220
19  90  67  79  17   0  14 0.00    M    M  7.5 20 250   M    M   1        24 260
20  67  52  60  -2   5   0 0.08    M    M  5.0 16  30   M    M   8 1      21  30
21  70  48  59  -4   6   0    T    M    M  6.0 15 130   M    M   6 1      22 150
22  63  56  60  -3   5   0 0.01    M    M  2.0 12 150   M    M   9 1      17 160
================================================================================
SM 1533 1078       157  39  2.58    M    155.2          M      117
================================================================================
AV 69.7 49.0                               7.1 FASTST   M    M   5    MAX(MPH)
                                 MISC ---->  # 32 290               # 45  240
================================================================================
NOTES:
# LAST OF SEVERAL OCCURRENCES

COLUMN 17 PEAK WIND IN M.P.H.

PRELIMINARY LOCAL CLIMATOLOGICAL DATA (WS FORM: F-6) , PAGE 2

                                          STATION:  READING PA
                                          MONTH:    MAY
                                          YEAR:     2017
                                          LATITUDE:   40 22 N
                                          LONGITUDE:  75 58 W

[TEMPERATURE DATA]      [PRECIPITATION DATA]       SYMBOLS USED IN COLUMN 16

AVERAGE MONTHLY: 59.3   TOTAL FOR MONTH:   2.58    1 = FOG OR MIST
DPTR FM NORMAL:  -0.4   DPTR FM NORMAL:   -0.14    2 = FOG REDUCING VISIBILITY
HIGHEST:    92 ON 18    GRTST 24HR  1.19 ON 13-13      TO 1/4 MILE OR LESS
LOWEST:     36 ON  8                               3 = THUNDER
                        SNOW, ICE PELLETS, HAIL    4 = ICE PELLETS
                        TOTAL MONTH:    M          5 = HAIL
                        GRTST 24HR    M  ON   M    6 = FREEZING RAIN OR DRIZZLE
                        GRTST DEPTH:  M  ON   M    7 = DUSTSTORM OR SANDSTORM:
                                                       VSBY 1/2 MILE OR LESS
                                                   8 = SMOKE OR HAZE
[NO. OF DAYS WITH]      [WEATHER - DAYS WITH]      9 = BLOWING SNOW
                                                   X = TORNADO
MAX 32 OR BELOW:   0    0.01 INCH OR MORE:  11
MAX 90 OR ABOVE:   3    0.10 INCH OR MORE:   4
MIN 32 OR BELOW:   0    0.50 INCH OR MORE:   1
MIN  0 OR BELOW:   0    1.00 INCH OR MORE:   1

[HDD (BASE 65) ]
TOTAL THIS MO.   157    CLEAR  (SCALE 0-3)   8
DPTR FM NORMAL    16    PTCLDY (SCALE 4-7)   8
TOTAL FM JUL 1  4547    CLOUDY (SCALE 8-10)  6
DPTR FM NORMAL  -792

[CDD (BASE 65) ]
TOTAL THIS MO.    39
DPTR FM NORMAL    10    [PRESSURE DATA]
TOTAL FM JAN 1    66    HIGHEST SLP M ON M
DPTR FM NORMAL    28    LOWEST  SLP 29.37 ON  6

[REMARKS]
