000
CXUS56 KPDT 281032
CF6RDM
PRELIMINARY LOCAL CLIMATOLOGICAL DATA (WS FORM: F-6)

                                          STATION:   REDMOND OR
                                          MONTH:     FEBRUARY
                                          YEAR:      2017
                                          LATITUDE:   44 16 N
                                          LONGITUDE: 121  9 W

  TEMPERATURE IN F:       :PCPN:    SNOW:  WIND      :SUNSHINE: SKY     :PK WND
================================================================================
1   2   3   4   5  6A  6B    7    8   9   10  11  12  13   14  15   16   17  18
                                     12Z  AVG MX 2MIN
DY MAX MIN AVG DEP HDD CDD  WTR  SNW DPTH SPD SPD DIR MIN PSBL S-S WX    SPD DR
================================================================================

 1  26  17  22 -12  43   0 0.03  0.9    8 11.0 16 320   M    M   9 168    20 320
 2  19  16  18 -16  47   0 0.12  4.0   10  5.8 10 340   M    M  10 18     13 320
 3  41  16  29  -5  36   0 0.01    T    9  4.2 17 330   M    M   8        20 330
 4  46  39  43   9  22   0 0.01  0.0    8 15.3 26 210   M    M   1        34 210
 5  50  41  46  12  19   0    T  0.0    6 15.0 28 190   M    M   2        36 190
 6  41  29  35   1  30   0 0.00  0.0    4  9.1 28 240   M    M   6        40 230
 7  33  16  25  -9  40   0 0.41  4.9    5  4.4 13 320   M    M   8 128    14 320
 8  52  20  36   2  29   0 0.01  0.1    6  5.3 17 170   M    M   7 168    23 180
 9  52  38  45  10  20   0 0.01  0.0    M 12.4 26 180   M    M   3        39 170
10  48  25  37   2  28   0    T  0.0    M  7.0 22 300   M    M   3        26 300
11  45  21  33  -2  32   0 0.00  0.0    M  3.4  8  80   M    M   0        12  70
12  47  19  33  -2  32   0 0.00  0.0    M  2.8 10 320   M    M   0        13 330
13  48  20  34  -1  31   0 0.00  0.0    0  3.8 12 330   M    M   0        14 310
14  57  22  40   5  25   0 0.00  0.0    0  3.5 13 140   M    M   3 128    16 130
15  55  47  51  16  14   0    T  0.0    0 10.0 22 160   M    M   8        30 170
16  52  37  45  10  20   0 0.02  0.0    0 12.1 24 210   M    M   7        36 200
17  50  32  41   6  24   0 0.07  0.0    M  5.3 12 300   M    M   5 1      16 340
18  48  34  41   5  24   0 0.02    M    M  3.7 12 200   M    M   8 12     14 200
19  47  29  38   2  27   0 0.12    M    M  8.9 21 190   M    M   6 1      27 200
20  54  35  45   9  20   0 0.23  0.0    M  9.9 35 200   M    M   4        49 210
21  42  24  33  -3  32   0 0.07    M    M  6.1 18 270   M    M   6 1      28 190
22  39  21  30  -6  35   0    T    M    0  3.8 15 320   M    M   5        19 290
23  39  22  31  -5  34   0 0.01    M    0  3.9 15  10   M    M   6 8      18  20
24  39  16  28  -8  37   0    T  0.0    0  4.9 15 240   M    M   6        20 190
25  44  21  33  -3  32   0 0.00  0.0    0  5.1 16 310   M    M   4        22 310
26  40  24  32  -5  33   0    T    T    M  8.7 22 280   M    M   5        32 200
27  38  18  28  -9  37   0    T    T    M  7.8 26 280   M    M   7        32 270
================================================================================
SM 1192  699       803   0  1.14     9.9 193.2          M      137
================================================================================
AV 44.2 25.9                               7.2 FASTST   M    M   5    MAX(MPH)
                                 MISC ---->  # 35 200               # 49  210
================================================================================
NOTES:
# LAST OF SEVERAL OCCURRENCES

COLUMN 17 PEAK WIND IN M.P.H.

PRELIMINARY LOCAL CLIMATOLOGICAL DATA (WS FORM: F-6) , PAGE 2

                                          STATION:  REDMOND OR
                                          MONTH:    FEBRUARY
                                          YEAR:     2017
                                          LATITUDE:   44 16 N
                                          LONGITUDE: 121  9 W

[TEMPERATURE DATA]      [PRECIPITATION DATA]       SYMBOLS USED IN COLUMN 16

AVERAGE MONTHLY: 35.0   TOTAL FOR MONTH:   1.14    1 = FOG OR MIST
DPTR FM NORMAL:  -0.1   DPTR FM NORMAL:    0.51    2 = FOG REDUCING VISIBILITY
HIGHEST:    57 ON 14    GRTST 24HR  0.41 ON  7- 7      TO 1/4 MILE OR LESS
LOWEST:     16 ON 24, 7                            3 = THUNDER
                        SNOW, ICE PELLETS, HAIL    4 = ICE PELLETS
                        TOTAL MONTH:   9.9 INCHES  5 = HAIL
                        GRTST 24HR   4.9 ON   M    6 = FREEZING RAIN OR DRIZZLE
                        GRTST DEPTH:  10 ON  2     7 = DUSTSTORM OR SANDSTORM:
                                                       VSBY 1/2 MILE OR LESS
                                                   8 = SMOKE OR HAZE
[NO. OF DAYS WITH]      [WEATHER - DAYS WITH]      9 = BLOWING SNOW
                                                   X = TORNADO
MAX 32 OR BELOW:   2    0.01 INCH OR MORE:  14
MAX 90 OR ABOVE:   0    0.10 INCH OR MORE:   4
MIN 32 OR BELOW:  20    0.50 INCH OR MORE:   0
MIN  0 OR BELOW:   0    1.00 INCH OR MORE:   0

[HDD (BASE 65) ]
TOTAL THIS MO.   803    CLEAR  (SCALE 0-3)   7
DPTR FM NORMAL    -3    PTCLDY (SCALE 4-7)  16
TOTAL FM JUL 1  4846    CLOUDY (SCALE 8-10)  4
DPTR FM NORMAL   200

[CDD (BASE 65) ]
TOTAL THIS MO.     0
DPTR FM NORMAL     0    [PRESSURE DATA]
TOTAL FM JAN 1     0    HIGHEST SLP 30.27 ON 25
DPTR FM NORMAL     0    LOWEST  SLP 29.22 ON  6

[REMARKS]
