000
CXUS56 KBOI 241002
CF6REO
PRELIMINARY LOCAL CLIMATOLOGICAL DATA (WS FORM: F-6)

                                          STATION:   ROME OR
                                          MONTH:     FEBRUARY
                                          YEAR:      2017
                                          LATITUDE:   42 35 N
                                          LONGITUDE: 117 52 W

  TEMPERATURE IN F:       :PCPN:    SNOW:  WIND      :SUNSHINE: SKY     :PK WND
================================================================================
1   2   3   4   5  6A  6B    7    8   9   10  11  12  13   14  15   16   17  18
                                     12Z  AVG MX 2MIN
DY MAX MIN AVG DEP HDD CDD  WTR  SNW DPTH SPD SPD DIR MIN PSBL S-S WX    SPD DR
================================================================================

 1  32  25  29  -2  36   0 0.00    M    M  7.7 13  10   M    M   0        15  40
 2  28  23  26  -5  39   0 0.02    M    M  5.2 12  20   M    M   0        16  20
 3  45  21  33   2  32   0 0.00    M    M 10.4 29 170   M    M   0        37 190
 4  49  39  44  13  21   0 0.00    M    M 13.1 25 190   M    M   0        33 200
 5  51  39  45  14  20   0 0.00    M    M 13.1 24 180   M    M   0        30 170
 6  50  34  42  10  23   0 0.06    M    M 18.8 38 230   M    M   0        49 220
 7  53  34  44  12  21   0 0.51    M    M 11.3 38 220   M    M   0        52 220
 8  53  36  45  13  20   0 0.10    M    M  9.3 20 180   M    M   0        23 180
 9  61  50  56  24   9   0 0.00    M    M 23.1 45 180   M    M   0        58 180
10  56  35  46  14  19   0 0.00    M    M 11.5 23 220   M    M   0        29 190
11  42  23  33   1  32   0 0.00    M    M  7.2 17 350   M    M   0        21 350
12  44  18  31  -2  34   0 0.00    M    M  5.1 12  10   M    M   0        14  40
13  47  22  35   2  30   0 0.00    M    M  4.1 10  20   M    M   0        13  20
14  51  20  36   3  29   0 0.00    M    M  3.7 10  30   M    M   0        10  30
15  53  24  39   6  26   0 0.00    M    M  4.4 16 170   M    M   0        21 180
16  59  37  48  14  17   0 0.00    M    M 17.8 37 230   M    M   0        49 220
17  49  33  41   7  24   0 0.06    M    M  7.9 24  80   M    M   0        30  80
18  54  34  44  10  21   0 0.00    M    M  9.2 29 190   M    M   0        41 180
19  55  35  45  11  20   0 0.02    M    M 14.9 36 220   M    M   0        45 210
20  54  39  47  13  18   0 0.08    M    M 18.5 35 180   M    M   0        43 180
21  50  31  41   6  24   0 0.00    M    M 19.5 40 230   M    M   0        50 220
22  35  21  28  -7  37   0 0.57    M    M  5.6 13 340   M    M   0        16 340
23  32   7  20 -15  45   0 0.00    M    M  9.1 20 280   M    M   0        24 280
================================================================================
SM 1103  680       597   0  1.42    M    250.5          M        0
================================================================================
AV 48.0 29.6                              10.9 FASTST   M    M   0    MAX(MPH)
                                 MISC ---->  # 45 180               # 58  180
================================================================================
NOTES:
# LAST OF SEVERAL OCCURRENCES

COLUMN 17 PEAK WIND IN M.P.H.

PRELIMINARY LOCAL CLIMATOLOGICAL DATA (WS FORM: F-6) , PAGE 2

                                          STATION:  ROME OR
                                          MONTH:    FEBRUARY
                                          YEAR:     2017
                                          LATITUDE:   42 35 N
                                          LONGITUDE: 117 52 W

[TEMPERATURE DATA]      [PRECIPITATION DATA]       SYMBOLS USED IN COLUMN 16

AVERAGE MONTHLY: 38.8   TOTAL FOR MONTH:   1.42    1 = FOG OR MIST
DPTR FM NORMAL:   6.0   DPTR FM NORMAL:    0.80    2 = FOG REDUCING VISIBILITY
HIGHEST:    61 ON  9    GRTST 24HR  0.57 ON 22-22      TO 1/4 MILE OR LESS
LOWEST:      7 ON 23                               3 = THUNDER
                        SNOW, ICE PELLETS, HAIL    4 = ICE PELLETS
                        TOTAL MONTH:    M          5 = HAIL
                        GRTST 24HR    M  ON   M    6 = FREEZING RAIN OR DRIZZLE
                        GRTST DEPTH:  M  ON   M    7 = DUSTSTORM OR SANDSTORM:
                                                       VSBY 1/2 MILE OR LESS
                                                   8 = SMOKE OR HAZE
[NO. OF DAYS WITH]      [WEATHER - DAYS WITH]      9 = BLOWING SNOW
                                                   X = TORNADO
MAX 32 OR BELOW:   3    0.01 INCH OR MORE:   8
MAX 90 OR ABOVE:   0    0.10 INCH OR MORE:   3
MIN 32 OR BELOW:  11    0.50 INCH OR MORE:   2
MIN  0 OR BELOW:   0    1.00 INCH OR MORE:   0

[HDD (BASE 65) ]
TOTAL THIS MO.   597    CLEAR  (SCALE 0-3)  23
DPTR FM NORMAL  -142    PTCLDY (SCALE 4-7)   0
TOTAL FM JUL 1  4375    CLOUDY (SCALE 8-10)  0
DPTR FM NORMAL  -213

[CDD (BASE 65) ]
TOTAL THIS MO.     0
DPTR FM NORMAL     0    [PRESSURE DATA]
TOTAL FM JAN 1     0    HIGHEST SLP M ON M
DPTR FM NORMAL     0    LOWEST  SLP 29.41 ON 18

[REMARKS]
