000
CXUS53 KMPX 290700
CF6RGK
PRELIMINARY LOCAL CLIMATOLOGICAL DATA (WS FORM: F-6)

                                          STATION:   RED_WING MN
                                          MONTH:     MAY
                                          YEAR:      2015
                                          LATITUDE:   44 34 N
                                          LONGITUDE:  92 29 W

  TEMPERATURE IN F:       :PCPN:    SNOW:  WIND      :SUNSHINE: SKY     :PK WND
================================================================================
1   2   3   4   5  6A  6B    7    8   9   10  11  12  13   14  15   16   17  18
                                     12Z  AVG MX 2MIN
DY MAX MIN AVG DEP HDD CDD  WTR  SNW DPTH SPD SPD DIR MIN PSBL S-S WX    SPD DR
================================================================================

 1  68  39  54   M  11   0 0.10    M    M  5.2 13 250   M    M   3         M  M
 2  81  46  64   M   1   0 0.00    M    M  6.1 13 200   M    M   1        23 200
 3  84  55  70   M   0   5 0.91    M    M  5.7 18  20   M    M   1 3      37 200
 4  70  46  58   M   7   0 0.00    M    M  5.0 12  50   M    M   0        18  30
 5  70  46  58   M   7   0 0.02    M    M 10.4 18 140   M    M   4        24 140
 6  75  55  65   M   0   0 0.19    M    M 11.1 17 130   M    M   7 1      23 130
 7  79  64  72   M   0   7 0.91    M    M 11.8 18 190   M    M   5 3      29 200
 8  64  48  56   M   9   0 0.01    M    M  6.5 13 280   M    M   8 1      17 310
 9  72  43  58   M   7   0    M    M    M  3.5  9  80   M    M   2         M  M
10  63  50  57   M   8   0    M    M    M 11.6 21 100   M    M   9        25 100
11  57  45  51   M  14   0 0.25    M    M 11.2 15 250   M    M  10        21 250
12  55  37  46   M  19   0 0.05    M    M  9.4 16 310   M    M   7        25 310
13  66  41  54   M  11   0 0.00    M    M  9.7 15 120   M    M   2        23 120
14  57  50  54   M  11   0 0.34    M    M 11.6 18 130   M    M   6 1      24 130
15  66  55  61   M   4   0 0.00    M    M  3.2  7 290   M    M   8 1       M  M
16  77  55  66   M   0   1 0.09    M    M  9.0 15 130   M    M   6        20 130
17  75  52  64   M   1   0 0.39    M    M 13.5 22 240   M    M   7 38     36 240
18  52  43  48   M  17   0    T    M    M   M   M   M   M    M   9         M  M
19  55  36  46   M  19   0 0.00    M    M  5.0 12 350   M    M   5        17 350
20  61  36  49   M  16   0 0.00    M    M  2.9  8 310   M    M   0 1       M  M
21  73  36  55   M  10   0 0.00    M    M  5.2 14 290   M    M   0        21 330
22  73  39  56   M   9   0 0.00    M    M  1.7  7  30   M    M   0         M  M
23  75  45  60   M   5   0 0.00    M    M  3.2  7 120   M    M   3         M  M
24  64  57  61   M   4   0 0.38    M    M  6.8 12 130   M    M   8        16 110
25  75  57  66   M   0   1 0.08    M    M  7.0 16 240   M    M   8 1      22 250
26  66  55  61   M   4   0 0.82    M    M  3.2  7 290   M    M   6 1       M  M
27  82  55  69   M   0   4 0.04    M    M  4.6 15 270   M    M   2 1      18 270
28  84  55  70   M   0   5 0.00    M    M  6.8 16 190   M    M   2        24 190
================================================================================
SM 1939 1341       194  23  4.58    M    190.9          M      129
================================================================================
AV 69.2 47.9                               7.1 FASTST   M    M   5    MAX(MPH)
                                 MISC ---->    22   M                 37    M
================================================================================
NOTES:
# LAST OF SEVERAL OCCURRENCES

COLUMN 17 PEAK WIND IN M.P.H.

PRELIMINARY LOCAL CLIMATOLOGICAL DATA (WS FORM: F-6) , PAGE 2

                                          STATION:  RED_WING MN
                                          MONTH:    MAY
                                          YEAR:     2015
                                          LATITUDE:   44 34 N
                                          LONGITUDE:  92 29 W

[TEMPERATURE DATA]      [PRECIPITATION DATA]       SYMBOLS USED IN COLUMN 16

AVERAGE MONTHLY: 58.6   TOTAL FOR MONTH:   4.58    1 = FOG OR MIST
DPTR FM NORMAL:     M   DPTR FM NORMAL:       M    2 = FOG REDUCING VISIBILITY
HIGHEST:    84 ON 28, 3 GRTST 24HR  0.91 ON  7- 7      TO 1/4 MILE OR LESS
LOWEST:     36 ON 21,20                            3 = THUNDER
                        SNOW, ICE PELLETS, HAIL    4 = ICE PELLETS
                        TOTAL MONTH:    M          5 = HAIL
                        GRTST 24HR    M  ON   M    6 = FREEZING RAIN OR DRIZZLE
                        GRTST DEPTH:  M  ON   M    7 = DUSTSTORM OR SANDSTORM:
                                                       VSBY 1/2 MILE OR LESS
                                                   8 = SMOKE OR HAZE
[NO. OF DAYS WITH]      [WEATHER - DAYS WITH]      9 = BLOWING SNOW
                                                   X = TORNADO
MAX 32 OR BELOW:   0    0.01 INCH OR MORE:  15
MAX 90 OR ABOVE:   0    0.10 INCH OR MORE:   9
MIN 32 OR BELOW:   0    0.50 INCH OR MORE:   3
MIN  0 OR BELOW:   0    1.00 INCH OR MORE:   0

[HDD (BASE 65) ]
TOTAL THIS MO.   194    CLEAR  (SCALE 0-3)  12
DPTR FM NORMAL     M    PTCLDY (SCALE 4-7)  11
TOTAL FM JUL 1  7643    CLOUDY (SCALE 8-10)  5
DPTR FM NORMAL     M

[CDD (BASE 65) ]
TOTAL THIS MO.    23
DPTR FM NORMAL     M    [PRESSURE DATA]
TOTAL FM JAN 1    23    HIGHEST SLP M ON M
DPTR FM NORMAL     M    LOWEST  SLP M ON M

[REMARKS]
