000
CXUS53 KGRB 220706
CF6RHI
PRELIMINARY LOCAL CLIMATOLOGICAL DATA (WS FORM: F-6)

                                          STATION:   RHINELANDER WI
                                          MONTH:     FEBRUARY
                                          YEAR:      2018
                                          LATITUDE:   45 37 N
                                          LONGITUDE:  89 27 W

  TEMPERATURE IN F:       :PCPN:    SNOW:  WIND      :SUNSHINE: SKY     :PK WND
================================================================================
1   2   3   4   5  6A  6B    7    8   9   10  11  12  13   14  15   16   17  18
                                     12Z  AVG MX 2MIN
DY MAX MIN AVG DEP HDD CDD  WTR  SNW DPTH SPD SPD DIR MIN PSBL S-S WX    SPD DR
================================================================================

 1  14  -8   3 -10  62   0    T    T   12 12.1 22 290   M    M   6 89     30 290
 2   6 -18  -6 -19  71   0    T    T   12  8.0 17 260   M    M   4 18     22 290
 3  14   3   9  -4  56   0 0.23  4.0   16  5.7 12  10   M    M  10 18     18 350
 4   7  -9  -1 -15  66   0    T    T   15  9.2 18 260   M    M   4 18     24 280
 5  12 -17  -2 -16  67   0 0.00  0.0   15  8.3 18 270   M    M   2 8      23 260
 6   9 -17  -4 -18  69   0 0.00  0.0   14  5.8 13 220   M    M   0        19 230
 7  14  -9   3 -11  62   0    T    T   14  6.0 13 270   M    M   4 18     16 300
 8  14 -15   0 -14  65   0 0.00  0.0   14  5.9 17 260   M    M   1 8      23 270
 9  12  -7   3 -12  62   0 0.00  0.0   14  4.3 10 290   M    M   2        14  40
10  18 -10   4 -11  61   0 0.00  0.0   14  4.4 12 270   M    M   0        13 270
11  21  -4   9  -6  56   0 0.00  0.0   14  8.2 23 270   M    M   0        30 270
12  15  -8   4 -12  61   0 0.00  0.0   14  5.1 15 260   M    M   0        17 280
13  27   0  14  -2  51   0 0.00  0.0   14 10.4 23 210   M    M   5        33 200
14  42  18  30  14  35   0 0.00  0.0   12 10.2 17 240   M    M   4 18     24 230
15  36  23  30  14  35   0 0.00  0.0   11  7.9 17 290   M    M   6 18     23 280
16  24   4  14  -3  51   0 0.00  0.0   11  9.7 17 260   M    M   2 1      25 330
17  28   7  18   1  47   0 0.00  0.0   11  9.7 16 230   M    M   5 8      23 230
18  35   6  21   4  44   0 0.00  0.0   11  8.6 21 160   M    M   7        31 160
19  32  19  26   8  39   0 0.11  0.4   12  8.4 15  60   M    M  10 16     26  60
20  28  14  21   3  44   0    M  0.0   12  8.5 18 290   M    M  10 16     23 280
21  22   0  11  -7  54   0 0.00  0.0   11  6.3 15 280   M    M   1        18 280
================================================================================
SM  430  -28      1158   0  0.34     4.4 162.7          M       83
================================================================================
AV 20.5 -1.3                               7.7 FASTST   M    M   4    MAX(MPH)
                                 MISC ---->  # 23 270               # 33  200
================================================================================
NOTES:
# LAST OF SEVERAL OCCURRENCES

COLUMN 17 PEAK WIND IN M.P.H.

PRELIMINARY LOCAL CLIMATOLOGICAL DATA (WS FORM: F-6) , PAGE 2

                                          STATION:  RHINELANDER WI
                                          MONTH:    FEBRUARY
                                          YEAR:     2018
                                          LATITUDE:   45 37 N
                                          LONGITUDE:  89 27 W

[TEMPERATURE DATA]      [PRECIPITATION DATA]       SYMBOLS USED IN COLUMN 16

AVERAGE MONTHLY:  9.6   TOTAL FOR MONTH:   0.34    1 = FOG OR MIST
DPTR FM NORMAL:  -5.8   DPTR FM NORMAL:   -0.32    2 = FOG REDUCING VISIBILITY
HIGHEST:    42 ON 14    GRTST 24HR  0.23 ON  3- 3      TO 1/4 MILE OR LESS
LOWEST:    -18 ON  2                               3 = THUNDER
                        SNOW, ICE PELLETS, HAIL    4 = ICE PELLETS
                        TOTAL MONTH:   4.4 INCHES  5 = HAIL
                        GRTST 24HR   4.0 ON  3- 3  6 = FREEZING RAIN OR DRIZZLE
                        GRTST DEPTH:  16 ON  3     7 = DUSTSTORM OR SANDSTORM:
                                                       VSBY 1/2 MILE OR LESS
                                                   8 = SMOKE OR HAZE
[NO. OF DAYS WITH]      [WEATHER - DAYS WITH]      9 = BLOWING SNOW
                                                   X = TORNADO
MAX 32 OR BELOW:  18    0.01 INCH OR MORE:   2
MAX 90 OR ABOVE:   0    0.10 INCH OR MORE:   2
MIN 32 OR BELOW:  21    0.50 INCH OR MORE:   0
MIN  0 OR BELOW:  13    1.00 INCH OR MORE:   0

[HDD (BASE 65) ]
TOTAL THIS MO.  1158    CLEAR  (SCALE 0-3)   9
DPTR FM NORMAL   115    PTCLDY (SCALE 4-7)   9
TOTAL FM JUL 1  6306    CLOUDY (SCALE 8-10)  3
DPTR FM NORMAL     2

[CDD (BASE 65) ]
TOTAL THIS MO.     0
DPTR FM NORMAL     0    [PRESSURE DATA]
TOTAL FM JAN 1     0    HIGHEST SLP M ON M
DPTR FM NORMAL     0    LOWEST  SLP 29.63 ON 15

[REMARKS]
