000
CXUS51 KAKQ 231010
CF6RIC
PRELIMINARY LOCAL CLIMATOLOGICAL DATA (WS FORM: F-6)

                                          STATION:   RICHMOND VA
                                          MONTH:     AUGUST
                                          YEAR:      2017
                                          LATITUDE:   37 30 N
                                          LONGITUDE:  77 20 W

  TEMPERATURE IN F:       :PCPN:    SNOW:  WIND      :SUNSHINE: SKY     :PK WND
================================================================================
1   2   3   4   5  6A  6B    7    8   9   10  11  12  13   14  15   16   17  18
                                     12Z  AVG MX 2MIN
DY MAX MIN AVG DEP HDD CDD  WTR  SNW DPTH SPD SPD DIR MIN PSBL S-S WX    SPD DR
================================================================================

 1  90  62  76  -3   0  11 0.00  0.0    0  4.5  9 170   M    M   5        13 200
 2  90  69  80   1   0  15 0.00  0.0    0  5.8 13 180   M    M   8        17 170
 3  93  69  81   2   0  16 0.00  0.0    0  6.8 20 170   M    M   6        24 170
 4  91  68  80   1   0  15 0.00  0.0    0  7.5 17 180   M    M   5        22 180
 5  88  64  76  -2   0  11 0.00  0.0    0  7.9 18 350   M    M   6        22 340
 6  89  59  74  -4   0   9 0.00  0.0    0  5.1 15 140   M    M   5        20 140
 7  87  71  79   1   0  14 0.81  0.0    0  9.5 23 240   M    M   9 1      30 220
 8  80  65  73  -5   0   8 0.84  0.0    0  6.6 15  20   M    M   9 1      19 350
 9  84  63  74  -4   0   9 0.00  0.0    0  5.4 13 110   M    M   5        21  20
10  85  62  74  -4   0   9 0.00  0.0    0  4.6 14 150   M    M   3        22 150
11  85  65  75  -3   0  10 0.03  0.0    0  6.9 15 140   M    M   8        19 130
12  87  73  80   2   0  15 0.30  0.0    0  5.9 14 220   M    M   8 1      19 210
13  82  70  76  -2   0  11 0.19  0.0    0  5.2 17  10   M    M   7 1      20  10
14  84  67  76  -2   0  11 0.00  0.0    0  4.2  9 140   M    M   9        13 100
15  84  74  79   1   0  14 0.33  0.0    0  4.4 17  20   M    M   9 18     21  20
16  91  73  82   4   0  17 0.00  0.0    0  4.3  9 320   M    M   7 18     13 340
17  86  73  80   2   0  15    T  0.0    0  6.6 22 190   M    M   5 1      25 190
18  92  74  83   5   0  18 2.15  0.0    0  9.9 30 320   M    M   5 13     39 310
19  89  74  82   5   0  17    T  0.0    0  4.1 14  10   M    M   6 3      18  20
20  89  71  80   3   0  15 0.00  0.0    0  5.3 13  30   M    M   1        15  30
21  89  71  80   3   0  15 0.00  0.0    0  5.6 16 180   M    M   5 128    20 170
22  91  73  82   5   0  17 0.00  0.0    0  9.0 18 190   M    M   2 1      23 190
================================================================================
SM 1926 1510         0 292  4.65     0.0 135.1          M      133
================================================================================
AV 87.6 68.6                               6.1 FASTST   M    M   6    MAX(MPH)
                                 MISC ---->  # 30 320               # 39  310
================================================================================
NOTES:
# LAST OF SEVERAL OCCURRENCES

COLUMN 17 PEAK WIND IN M.P.H.

PRELIMINARY LOCAL CLIMATOLOGICAL DATA (WS FORM: F-6) , PAGE 2

                                          STATION:  RICHMOND VA
                                          MONTH:    AUGUST
                                          YEAR:     2017
                                          LATITUDE:   37 30 N
                                          LONGITUDE:  77 20 W

[TEMPERATURE DATA]      [PRECIPITATION DATA]       SYMBOLS USED IN COLUMN 16

AVERAGE MONTHLY: 78.1   TOTAL FOR MONTH:   4.65    1 = FOG OR MIST
DPTR FM NORMAL:   0.1   DPTR FM NORMAL:    1.29    2 = FOG REDUCING VISIBILITY
HIGHEST:    93 ON  3    GRTST 24HR  2.15 ON 18-18      TO 1/4 MILE OR LESS
LOWEST:     59 ON  6                               3 = THUNDER
                        SNOW, ICE PELLETS, HAIL    4 = ICE PELLETS
                        TOTAL MONTH:   0.0 INCH    5 = HAIL
                        GRTST 24HR     0.0         6 = FREEZING RAIN OR DRIZZLE
                        GRTST DEPTH:   0           7 = DUSTSTORM OR SANDSTORM:
                                                       VSBY 1/2 MILE OR LESS
                                                   8 = SMOKE OR HAZE
[NO. OF DAYS WITH]      [WEATHER - DAYS WITH]      9 = BLOWING SNOW
                                                   X = TORNADO
MAX 32 OR BELOW:   0    0.01 INCH OR MORE:   7
MAX 90 OR ABOVE:   7    0.10 INCH OR MORE:   6
MIN 32 OR BELOW:   0    0.50 INCH OR MORE:   3
MIN  0 OR BELOW:   0    1.00 INCH OR MORE:   1

[HDD (BASE 65) ]
TOTAL THIS MO.     0    CLEAR  (SCALE 0-3)   3
DPTR FM NORMAL     0    PTCLDY (SCALE 4-7)  15
TOTAL FM JUL 1     0    CLOUDY (SCALE 8-10)  4
DPTR FM NORMAL     0

[CDD (BASE 65) ]
TOTAL THIS MO.   292
DPTR FM NORMAL     6    [PRESSURE DATA]
TOTAL FM JAN 1  1344    HIGHEST SLP M ON M
DPTR FM NORMAL   139    LOWEST  SLP 29.79 ON 18

[REMARKS]
