000
CXUS51 KAKQ 220657
CF6RIC
PRELIMINARY LOCAL CLIMATOLOGICAL DATA (WS FORM: F-6)

                                          STATION:   RICHMOND VA
                                          MONTH:     NOVEMBER
                                          YEAR:      2017
                                          LATITUDE:   37 30 N
                                          LONGITUDE:  77 20 W

  TEMPERATURE IN F:       :PCPN:    SNOW:  WIND      :SUNSHINE: SKY     :PK WND
================================================================================
1   2   3   4   5  6A  6B    7    8   9   10  11  12  13   14  15   16   17  18
                                     12Z  AVG MX 2MIN
DY MAX MIN AVG DEP HDD CDD  WTR  SNW DPTH SPD SPD DIR MIN PSBL S-S WX    SPD DR
================================================================================

 1  71  45  58   3   7   0 0.00  0.0    0  5.0 13 180   M    M   7        16 190
 2  77  57  67  12   0   2 0.00  0.0    0  4.5 14 180   M    M   5        19 170
 3  82  54  68  14   0   3 0.23  0.0    0  5.5 20 350   M    M   3 1      25 360
 4  64  52  58   4   7   0 0.00  0.0    0  8.3 17  20   M    M  10        24  30
 5  64  51  58   4   7   0 0.12  0.0    0  4.0  9 340   M    M  10 18     10 340
 6  76  56  66  12   0   1 0.00  0.0    0  8.6 20  10   M    M   8 1      23  10
 7  61  42  52  -1  13   0 0.17  0.0    0 10.7 17  10   M    M  10 1      22 360
 8  46  41  44  -9  21   0 0.07  0.0    0 10.9 17  10   M    M  10 1      22 360
 9  55  45  50  -3  15   0 0.11  0.0    0  6.6 12  10   M    M  10 1      14  30
10  52  30  41 -11  24   0 0.00  0.0    0 12.5 25 350   M    M   6 1      30 340
11  42  26  34 -18  31   0 0.00  0.0    0  4.5 12  30   M    M   6        16  30
12  48  28  38 -14  27   0 0.02  0.0    0  1.5  6 120   M    M   8 1       9 240
13  48  39  44  -7  21   0 0.65  0.0    0  6.2 13 340   M    M   6 1      16 330
14  51  35  43  -8  22   0 0.00  0.0    0  7.8 15  10   M    M   5 1      20  20
15  56  33  45  -6  20   0 0.00  0.0    0  4.4 12  20   M    M   7        17  20
16  65  41  53   3  12   0    T  0.0    0  9.4 20 300   M    M   4        26 290
17  55  32  44  -6  21   0 0.00  0.0    0  5.2 15 320   M    M   2        20 350
18  62  32  47  -3  18   0 0.00  0.0    0 12.9 26 190   M    M   6        33 200
19  66  39  53   4  12   0 0.01  0.0    0 16.6 29 310   M    M   4        40 210
20  54  33  44  -5  21   0 0.00  0.0    0  5.5 13 270   M    M   1        17 260
21  62  34  48  -1  17   0 0.01  0.0    0  7.8 16 190   M    M   8        20 190
================================================================================
SM 1257  845       316   6  1.39     0.0 158.4          M      136
================================================================================
AV 59.9 40.2                               7.5 FASTST   M    M   6    MAX(MPH)
                                 MISC ---->  # 29 310               # 40  210
================================================================================
NOTES:
# LAST OF SEVERAL OCCURRENCES

COLUMN 17 PEAK WIND IN M.P.H.

PRELIMINARY LOCAL CLIMATOLOGICAL DATA (WS FORM: F-6) , PAGE 2

                                          STATION:  RICHMOND VA
                                          MONTH:    NOVEMBER
                                          YEAR:     2017
                                          LATITUDE:   37 30 N
                                          LONGITUDE:  77 20 W

[TEMPERATURE DATA]      [PRECIPITATION DATA]       SYMBOLS USED IN COLUMN 16

AVERAGE MONTHLY: 50.1   TOTAL FOR MONTH:   1.39    1 = FOG OR MIST
DPTR FM NORMAL:  -1.9   DPTR FM NORMAL:   -0.87    2 = FOG REDUCING VISIBILITY
HIGHEST:    82 ON  3    GRTST 24HR  0.65 ON 13-13      TO 1/4 MILE OR LESS
LOWEST:     26 ON 11                               3 = THUNDER
                        SNOW, ICE PELLETS, HAIL    4 = ICE PELLETS
                        TOTAL MONTH:   0.0 INCH    5 = HAIL
                        GRTST 24HR     0.0         6 = FREEZING RAIN OR DRIZZLE
                        GRTST DEPTH:   0           7 = DUSTSTORM OR SANDSTORM:
                                                       VSBY 1/2 MILE OR LESS
                                                   8 = SMOKE OR HAZE
[NO. OF DAYS WITH]      [WEATHER - DAYS WITH]      9 = BLOWING SNOW
                                                   X = TORNADO
MAX 32 OR BELOW:   0    0.01 INCH OR MORE:   9
MAX 90 OR ABOVE:   0    0.10 INCH OR MORE:   5
MIN 32 OR BELOW:   5    0.50 INCH OR MORE:   1
MIN  0 OR BELOW:   0    1.00 INCH OR MORE:   0

[HDD (BASE 65) ]
TOTAL THIS MO.   316    CLEAR  (SCALE 0-3)   2
DPTR FM NORMAL    37    PTCLDY (SCALE 4-7)  13
TOTAL FM JUL 1   450    CLOUDY (SCALE 8-10)  6
DPTR FM NORMAL   -62

[CDD (BASE 65) ]
TOTAL THIS MO.     6
DPTR FM NORMAL     6    [PRESSURE DATA]
TOTAL FM JAN 1  1706    HIGHEST SLP M ON M
DPTR FM NORMAL   163    LOWEST  SLP 29.45 ON 19

[REMARKS]
