000
CXUS55 KGJT 281000
CF6RIL
PRELIMINARY LOCAL CLIMATOLOGICAL DATA (WS FORM: F-6)

                                          STATION:   RIFLE CO
                                          MONTH:     MARCH
                                          YEAR:      2015
                                          LATITUDE:   39 31 N
                                          LONGITUDE: 107 43 W

  TEMPERATURE IN F:       :PCPN:    SNOW:  WIND      :SUNSHINE: SKY     :PK WND
================================================================================
1   2   3   4   5  6A  6B    7    8   9   10  11  12  13   14  15   16   17  18
                                     12Z  AVG MX 2MIN
DY MAX MIN AVG DEP HDD CDD  WTR  SNW DPTH SPD SPD DIR MIN PSBL S-S WX    SPD DR
================================================================================

 1  46  28  37   2  28   0 0.04    M    M  2.4 12 120   M    M   7 1      13 130
 2  44  32  38   2  27   0 0.60    M    M  6.6 37 260   M    M  10 12     47 250
 3  44  29  37   1  28   0 0.03    M    M  9.0 31 270   M    M   8 18     38 270
 4  36  20  28  -8  37   0    T    M    M  6.3 23 320   M    M   6        31 320
 5  44  15  30  -6  35   0 0.00    M    M  4.4 12 260   M    M   0        15 270
 6  53  20  37   0  28   0 0.00    M    M  3.0  8 200   M    M   0        10  70
 7  58  22  40   3  25   0 0.00    M    M  2.9 13 260   M    M   0        15 260
 8  60  25  43   6  22   0 0.00    M    M  3.1 16 310   M    M   0        20 310
 9  59  24  42   4  23   0 0.00    M    M  3.4 16 320   M    M   0        21 320
10  62  23  43   5  22   0 0.00    M    M  2.2  8 220   M    M   0        10 230
11  60  25  43   5  22   0 0.00    M    M  3.1 16 260   M    M   0        20 260
12  58  32  45   7  20   0 0.00    M    M  4.1 16 320   M    M   4        21 310
13  65  34  50  11  15   0 0.00    M    M  4.0 14  70   M    M   3        16 110
14  65  28  47   8  18   0 0.00    M    M  3.9 15 250   M    M   0        19 260
15  71  30  51  12  14   0 0.00    M    M  2.7 12 160   M    M   0        14 270
16  73  31  52  12  13   0 0.00    M    M  5.8 22 260   M    M   0        27 270
17  74  32  53  13  12   0 0.00    M    M  6.1 26 270   M    M   1        30 270
18  63  43  53  13  12   0 0.05    M    M  5.4 17 280   M    M   8 1      21 270
19  61  34  48   8  17   0 0.00    M    M  5.4 18 360   M    M   4        25 340
20  66  25  46   5  19   0 0.00    M    M  2.8  8 110   M    M   0        11 120
21  68  27  48   7  17   0 0.00    M    M  5.0 18 260   M    M   0        22 260
22  69  29  49   8  16   0 0.00    M    M  6.7 22 260   M    M   0        27 270
23  66  38  52  10  13   0 0.04    M    M 11.5 35 320   M    M   4        48 320
24  57  29  43   1  22   0    T    M    M  6.8 28 260   M    M   3 1      37 270
25  51  28  40  -2  25   0    T    M    M  8.4 23 320   M    M   5        32 320
26  62  21  42   0  23   0 0.00    M    M  5.1 17 250   M    M   0        21 250
27  72  28  50   7  15   0 0.00    M    M  3.2 17 310   M    M   0        22 310
================================================================================
SM 1607  752       568   0  0.76    M    133.3          M       63
================================================================================
AV 59.5 27.9                               4.9 FASTST   M    M   2    MAX(MPH)
                                 MISC ---->  # 37 260               # 48  320
================================================================================
NOTES:
# LAST OF SEVERAL OCCURRENCES

COLUMN 17 PEAK WIND IN M.P.H.

PRELIMINARY LOCAL CLIMATOLOGICAL DATA (WS FORM: F-6) , PAGE 2

                                          STATION:  RIFLE CO
                                          MONTH:    MARCH
                                          YEAR:     2015
                                          LATITUDE:   39 31 N
                                          LONGITUDE: 107 43 W

[TEMPERATURE DATA]      [PRECIPITATION DATA]       SYMBOLS USED IN COLUMN 16

AVERAGE MONTHLY: 43.7   TOTAL FOR MONTH:   0.76    1 = FOG OR MIST
DPTR FM NORMAL:   4.7   DPTR FM NORMAL:   -0.22    2 = FOG REDUCING VISIBILITY
HIGHEST:    74 ON 17    GRTST 24HR  0.60 ON  2- 2      TO 1/4 MILE OR LESS
LOWEST:     15 ON  5                               3 = THUNDER
                        SNOW, ICE PELLETS, HAIL    4 = ICE PELLETS
                        TOTAL MONTH:    M          5 = HAIL
                        GRTST 24HR    M  ON   M    6 = FREEZING RAIN OR DRIZZLE
                        GRTST DEPTH:  M  ON   M    7 = DUSTSTORM OR SANDSTORM:
                                                       VSBY 1/2 MILE OR LESS
                                                   8 = SMOKE OR HAZE
[NO. OF DAYS WITH]      [WEATHER - DAYS WITH]      9 = BLOWING SNOW
                                                   X = TORNADO
MAX 32 OR BELOW:   0    0.01 INCH OR MORE:   5
MAX 90 OR ABOVE:   0    0.10 INCH OR MORE:   1
MIN 32 OR BELOW:  23    0.50 INCH OR MORE:   1
MIN  0 OR BELOW:   0    1.00 INCH OR MORE:   0

[HDD (BASE 65) ]
TOTAL THIS MO.   568    CLEAR  (SCALE 0-3)  18
DPTR FM NORMAL  -132    PTCLDY (SCALE 4-7)   8
TOTAL FM JUL 1  4941    CLOUDY (SCALE 8-10)  1
DPTR FM NORMAL  -756

[CDD (BASE 65) ]
TOTAL THIS MO.     0
DPTR FM NORMAL     0    [PRESSURE DATA]
TOTAL FM JAN 1     0    HIGHEST SLP M ON M
DPTR FM NORMAL     0    LOWEST  SLP 29.43 ON  2

[REMARKS]
