000
CXUS55 KRIW 230945
CF6RKS
PRELIMINARY LOCAL CLIMATOLOGICAL DATA (WS FORM: F-6)

                                          STATION:   ROCK SPRINGS WY
                                          MONTH:     JANUARY
                                          YEAR:      2017
                                          LATITUDE:   41 35 N
                                          LONGITUDE: 109  4 W

  TEMPERATURE IN F:       :PCPN:    SNOW:  WIND      :SUNSHINE: SKY     :PK WND
================================================================================
1   2   3   4   5  6A  6B    7    8   9   10  11  12  13   14  15   16   17  18
                                     12Z  AVG MX 2MIN
DY MAX MIN AVG DEP HDD CDD  WTR  SNW DPTH SPD SPD DIR MIN PSBL S-S WX    SPD DR
================================================================================

 1  36  15  26   5  39   0 0.00  0.0    M  5.2 20 210   M    M   1        25 200
 2  29  15  22   1  43   0 0.05    M    M 12.8 29 190   M    M   8 12     39 270
 3  25  12  19  -2  46   0    T    M    M  8.2 16 220   M    M   7 18     21 220
 4  22   0  11 -10  54   0 0.12    M    M 13.4 26  70   M    M  10 12     32  70
 5   1 -20  -9 -30  74   0    T    M    M  8.3 22  70   M    M   4 18     26  70
 6   5 -24  -9 -30  74   0 0.00  0.0    M  5.2 14 240   M    M   0        15 270
 7   3 -18  -7 -28  72   0    T    M    M  2.7  9 270   M    M   3 18     10 270
 8  31   1  16  -5  49   0 0.01    M    M  4.4 16 170   M    M   9 168    21 170
 9  38  25  32  11  33   0 0.06    M    M 17.9 41 260   M    M   9 1      53 270
10  35  21  28   6  37   0    T    M    M 19.3 43 250   M    M   6 1      53 250
11  35  22  29   7  36   0 0.17    M    M 19.8 43 260   M    M   8 128    54 270
12  25  16  21  -1  44   0    T    M    M  5.3 15 240   M    M   8 1      18 240
13  22  14  18  -4  47   0 0.00  0.0    M  4.1  9 280   M    M  10 128    10 280
14  19  11  15  -7  50   0 0.00  0.0    M  3.7 10 230   M    M  10 128    11 220
15  14   1   8 -14  57   0    T    M    M  5.7 15 260   M    M   7 128    16 260
16   6  -9  -1 -23  66   0 0.00  0.0    M  5.0 12 280   M    M   2 128    12 220
17   8 -14  -3 -25  68   0 0.00  0.0    M  2.7 12 260   M    M   0 128    13 260
18  16  -6   5 -17  60   0 0.00  0.0    M  1.4  8 190   M    M   0 18      9 190
19  23  -2  11 -11  54   0    T    M    M  2.5 10 250   M    M   6 18     11 240
20  26  17  22   0  43   0 0.00    M    M  6.9 15 260   M    M   8 128    17 250
21  26  12  19  -2  46   0    T    M    M 11.1 28 260   M    M   6 128    33 270
22  28  14  21   0  44   0    T    M    M 13.0 25 260   M    M   3 18     31 160
================================================================================
SM  473  103      1136   0  0.41     0.0 178.6          M      125
================================================================================
AV 21.5  4.7                               8.1 FASTST   M    M   6    MAX(MPH)
                                 MISC ---->  # 43 250               # 54  270
================================================================================
NOTES:
# LAST OF SEVERAL OCCURRENCES

COLUMN 17 PEAK WIND IN M.P.H.

PRELIMINARY LOCAL CLIMATOLOGICAL DATA (WS FORM: F-6) , PAGE 2

                                          STATION:  ROCK SPRINGS WY
                                          MONTH:    JANUARY
                                          YEAR:     2017
                                          LATITUDE:   41 35 N
                                          LONGITUDE: 109  4 W

[TEMPERATURE DATA]      [PRECIPITATION DATA]       SYMBOLS USED IN COLUMN 16

AVERAGE MONTHLY: 13.1   TOTAL FOR MONTH:   0.41    1 = FOG OR MIST
DPTR FM NORMAL:  -8.4   DPTR FM NORMAL:    0.10    2 = FOG REDUCING VISIBILITY
HIGHEST:    38 ON  9    GRTST 24HR  0.17 ON 11-11      TO 1/4 MILE OR LESS
LOWEST:    -24 ON  6                               3 = THUNDER
                        SNOW, ICE PELLETS, HAIL    4 = ICE PELLETS
                        TOTAL MONTH:   0.0 INCH    5 = HAIL
                        GRTST 24HR     0.0         6 = FREEZING RAIN OR DRIZZLE
                        GRTST DEPTH:  M  ON   M    7 = DUSTSTORM OR SANDSTORM:
                                                       VSBY 1/2 MILE OR LESS
                                                   8 = SMOKE OR HAZE
[NO. OF DAYS WITH]      [WEATHER - DAYS WITH]      9 = BLOWING SNOW
                                                   X = TORNADO
MAX 32 OR BELOW:  18    0.01 INCH OR MORE:   5
MAX 90 OR ABOVE:   0    0.10 INCH OR MORE:   2
MIN 32 OR BELOW:  22    0.50 INCH OR MORE:   0
MIN  0 OR BELOW:   8    1.00 INCH OR MORE:   0

[HDD (BASE 65) ]
TOTAL THIS MO.  1136    CLEAR  (SCALE 0-3)   7
DPTR FM NORMAL   173    PTCLDY (SCALE 4-7)   9
TOTAL FM JUL 1  4261    CLOUDY (SCALE 8-10)  6
DPTR FM NORMAL   -54

[CDD (BASE 65) ]
TOTAL THIS MO.     0
DPTR FM NORMAL     0    [PRESSURE DATA]
TOTAL FM JAN 1     0    HIGHEST SLP M ON M
DPTR FM NORMAL     0    LOWEST  SLP 29.34 ON 11

[REMARKS]
