000
CXUS56 KSGX 011445
CF6RNM
PRELIMINARY LOCAL CLIMATOLOGICAL DATA (WS FORM: F-6)

                                          STATION:   RAMONA AIRPORT CA
                                          MONTH:     SEPTEMBER
                                          YEAR:      2014
                                          LATITUDE:   33  2 N
                                          LONGITUDE: 116 55 W

  TEMPERATURE IN F:       :PCPN:    SNOW:  WIND      :SUNSHINE: SKY     :PK WND
================================================================================
1   2   3   4   5  6A  6B    7    8   9   10  11  12  13   14  15   16   17  18
                                     12Z  AVG MX 2MIN
DY MAX MIN AVG DEP HDD CDD  WTR  SNW DPTH SPD SPD DIR MIN PSBL S-S WX    SPD DR
================================================================================

 1  92  51  72  -2   0   7 0.00  0.0    0  4.3 14 260   M    M   0 12     20 250
 2  91  57  74   1   0   9 0.00  0.0    0  4.8 15 290   M    M   3 128    19 300
 3  86  60  73   0   0   8 0.00  0.0    0  5.8 16 270   M    M   4 1      20 270
 4  86  58  72  -1   0   7 0.00  0.0    0  4.6 16 270   M    M   4        20 290
 5  90  52  71  -2   0   6 0.00  0.0    0  5.8 14 280   M    M   2 12     33 210
 6  99  63  81   8   0  16 0.00  0.0    0  5.2 16 260   M    M   0        20 300
 7  97  69  83  11   0  18 0.00  0.0    0  4.2 16 160   M    M   3        20 200
 8  92  66  79   7   0  14 0.00  0.0    0  4.8 18 270   M    M   4        26 280
 9  89  61  75   3   0  10 0.00  0.0    0  4.8 17 270   M    M   1        22 270
10  93  58  76   4   0  11 0.00  0.0    0  4.4 16 280   M    M   0        21 280
11  94  61  78   6   0  13 0.00  0.0    0  5.0 16 270   M    M   0        22 280
12  97  59  78   6   0  13 0.00  0.0    0  4.7 16 280   M    M   0        19 270
13 100  61  81  10   0  16 0.00  0.0    0  5.1 17 320   M    M   0        21 320
14 102  66  84  13   0  19 0.00  0.0    0  5.2 18 270   M    M   0        21 270
15 103  66  85  14   0  20 0.00  0.0    0  5.6 16 290   M    M   0        22 280
16 101  68  85  15   0  20 0.00  0.0    0  9.5 24  90   M    M   1        31  90
17  97  66  82  12   0  17 0.00  0.0    0  6.6 20 280   M    M   1        28 270
18  84  57  71   1   0   6 0.00  0.0    0  5.9 18 270   M    M   3        24 260
19  83  60  72   2   0   7 0.00  0.0    0  5.7 16 270   M    M   4        20 260
20  79  57  68  -2   0   3 0.00  0.0    0  4.2 17 300   M    M   5        22 300
21  83  56  70   1   0   5 0.00  0.0    0  4.9 14 270   M    M   4 1      18 280
22  88  51  70   1   0   5 0.00  0.0    0  4.2 14 270   M    M   2 12     17 270
23  93  52  73   4   0   8 0.00  0.0    0  4.7 15 300   M    M   0        19 300
24  96  58  77   9   0  12 0.00  0.0    0  4.9 16 300   M    M   0        22 300
25  94  61  78  10   0  13 0.00  0.0    0  5.6 16 270   M    M   0        23 310
26  87  59  73   5   0   8 0.00  0.0    0  6.8 16 260   M    M   1        22 280
27  77  53  65  -3   0   0 0.00  0.0    0  5.2 20 270   M    M   3        25 260
28  76  55  66  -1   0   1 0.00  0.0    0  5.5 20 270   M    M   5        26 290
29  80  49  65  -2   0   0 0.00  0.0    0  4.8 17 260   M    M   0        21 260
30  87  48  68   1   0   3 0.00  0.0    0  4.4 15 270   M    M   0        19 270
================================================================================
SM 2716 1758         0 295  0.00     0.0 157.2          M       50
================================================================================
AV 90.5 58.6                               5.2 FASTST   M    M   2    MAX(MPH)
                                 MISC ---->  # 24  90               # 33  210
================================================================================
NOTES:
# LAST OF SEVERAL OCCURRENCES

COLUMN 17 PEAK WIND IN M.P.H.

PRELIMINARY LOCAL CLIMATOLOGICAL DATA (WS FORM: F-6) , PAGE 2

                                          STATION:  RAMONA AIRPORT CA
                                          MONTH:    SEPTEMBER
                                          YEAR:     2014
                                          LATITUDE:   33  2 N
                                          LONGITUDE: 116 55 W

[TEMPERATURE DATA]      [PRECIPITATION DATA]       SYMBOLS USED IN COLUMN 16

AVERAGE MONTHLY: 74.6   TOTAL FOR MONTH:   0.00    1 = FOG OR MIST
DPTR FM NORMAL:   4.1   DPTR FM NORMAL:   -0.29    2 = FOG REDUCING VISIBILITY
HIGHEST:   103 ON 15    GRTST 24HR  0.00 ON 30-30      TO 1/4 MILE OR LESS
LOWEST:     48 ON 30                               3 = THUNDER
                        SNOW, ICE PELLETS, HAIL    4 = ICE PELLETS
                        TOTAL MONTH:   0.0 INCH    5 = HAIL
                        GRTST 24HR     0.0         6 = FREEZING RAIN OR DRIZZLE
                        GRTST DEPTH:   0           7 = DUSTSTORM OR SANDSTORM:
                                                       VSBY 1/2 MILE OR LESS
                                                   8 = SMOKE OR HAZE
[NO. OF DAYS WITH]      [WEATHER - DAYS WITH]      9 = BLOWING SNOW
                                                   X = TORNADO
MAX 32 OR BELOW:   0    0.01 INCH OR MORE:   0
MAX 90 OR ABOVE:  17    0.10 INCH OR MORE:   0
MIN 32 OR BELOW:   0    0.50 INCH OR MORE:   0
MIN  0 OR BELOW:   0    1.00 INCH OR MORE:   0

[HDD (BASE 65) ]
TOTAL THIS MO.     0    CLEAR  (SCALE 0-3)  22
DPTR FM NORMAL   -15    PTCLDY (SCALE 4-7)   8
TOTAL FM JUL 1     0    CLOUDY (SCALE 8-10)  0
DPTR FM NORMAL   -18

[CDD (BASE 65) ]
TOTAL THIS MO.   295
DPTR FM NORMAL   115    [PRESSURE DATA]
TOTAL FM JAN 1  1034    HIGHEST SLP M ON M
DPTR FM NORMAL   241    LOWEST  SLP 29.69 ON 16

[REMARKS]
#FINAL-09-14#
