000
CXUS54 KFWD 310730
CF6RPH
PRELIMINARY LOCAL CLIMATOLOGICAL DATA (WS FORM: F-6)

                                          STATION:   GRAHAM
                                          MONTH:     AUGUST
                                          YEAR:      2016
                                          LATITUDE:   33  6 N
                                          LONGITUDE:  98 30 W

  TEMPERATURE IN F:       :PCPN:    SNOW:  WIND      :SUNSHINE: SKY     :PK WND
================================================================================
1   2   3   4   5  6A  6B    7    8   9   10  11  12  13   14  15   16   17  18
                                     12Z  AVG MX 2MIN
DY MAX MIN AVG DEP HDD CDD  WTR  SNW DPTH SPD SPD DIR MIN PSBL S-S WX    SPD DR
================================================================================

 1 104  78  91   7   0  26 0.00  0.0    0  8.7 14 190   M    M   0        20 170
 2 103  74  89   5   0  24 0.00  0.0    0  6.3 12 120   M    M   0        16 200
 3 104  77  91   7   0  26 0.00  0.0    0  5.2  9 190   M    M   0        16 140
 4 103  79  91   7   0  26 0.00  0.0    0  6.4 12 200   M    M   0        16 200
 5 103  75  89   5   0  24 0.00  0.0    0  4.6  9 180   M    M   1         M  M
 6 104  76  90   6   0  25 0.00  0.0    0  3.8  8 120   M    M   0         M  M
 7 104  77  91   7   0  26 0.00  0.0    0  5.6 13 170   M    M   1 8      16 210
 8 103  79  91   7   0  26 0.01  0.0    0  4.7  9 110   M    M   2         M  M
 9  97  74  86   2   0  21 0.02  0.0    0  5.2 13 280   M    M   2        18 280
10 103  81  92   8   0  27 0.00  0.0    0  6.2 13 110   M    M   1        17 110
11 106  81  94  10   0  29 0.00  0.0    0  5.8  8 140   M    M   1         M  M
12 103  74  89   5   0  24 0.04  0.0    0  3.9 10 220   M    M   3        16  10
13  95  74  85   1   0  20 0.00  0.0    0  5.5 12  10   M    M   2 8      18  10
14  93  67  80  -4   0  15 0.00  0.0    0  7.3 14 360   M    M   1        23 360
15  91  70  81  -3   0  16 0.00  0.0    0  5.1 10  90   M    M   1        17  80
16  92  61  77  -7   0  12 0.00  0.0    0  3.9 12 130   M    M   1         M  M
17  90  73  82  -2   0  17 0.22  0.0    0  5.5 10 110   M    M   7        16  90
18  74  68  71 -13   0   6 0.20  0.0    0  3.7  8 210   M    M   6 1       M  M
19  75  69  72 -11   0   7 0.08  0.0    0  4.8 17 280   M    M   5        28 280
20  83  68  76  -7   0  11 0.11  0.0    0  3.7 18 330   M    M   6 1      29 330
21  87  66  77  -6   0  12 0.00  0.0    0  3.8  9  40   M    M   0 18     16  80
22  89  65  77  -6   0  12 0.04  0.0    0  3.2  7 120   M    M   4         M  M
23  94  75  85   2   0  20 0.02  0.0    0  9.0 16 190   M    M   2        22 170
24  95  73  84   2   0  19 0.00  0.0    0  7.9 15 210   M    M   0        22 170
25  96  73  85   3   0  20 0.00  0.0    0  5.5  8 190   M    M   1         M  M
26  92  69  81  -1   0  16 0.00  0.0    0  4.4  8 120   M    M   1         M  M
27  92  71  82   0   0  17 0.00  0.0    0  2.7  8 200   M    M   0         M  M
28  91  70  81  -1   0  16 0.02  0.0    0  4.4 12  70   M    M   1         M  M
29  91  70  81   0   0  16 0.00  0.0    0  3.0  8 110   M    M   3         M  M
30  91  70  81   0   0  16 0.00  0.0    0  2.6 10 120   M    M   2        17 120
================================================================================
SM 2848 2177         0 572  0.76     0.0 152.4          M       54
================================================================================
AV 94.9 72.6                               5.1 FASTST   M    M   2    MAX(MPH)
                                 MISC ---->    18   M                 29    M
================================================================================
NOTES:
# LAST OF SEVERAL OCCURRENCES

COLUMN 17 PEAK WIND IN M.P.H.

PRELIMINARY LOCAL CLIMATOLOGICAL DATA (WS FORM: F-6) , PAGE 2

                                          STATION:  GRAHAM
                                          MONTH:    AUGUST
                                          YEAR:     2016
                                          LATITUDE:   33  6 N
                                          LONGITUDE:  98 30 W

[TEMPERATURE DATA]      [PRECIPITATION DATA]       SYMBOLS USED IN COLUMN 16

AVERAGE MONTHLY: 83.8   TOTAL FOR MONTH:   0.76    1 = FOG OR MIST
DPTR FM NORMAL:   0.4   DPTR FM NORMAL:   -0.91    2 = FOG REDUCING VISIBILITY
HIGHEST:   106 ON 11    GRTST 24HR  0.22 ON 17-17      TO 1/4 MILE OR LESS
LOWEST:     61 ON 16                               3 = THUNDER
                        SNOW, ICE PELLETS, HAIL    4 = ICE PELLETS
                        TOTAL MONTH:   0.0 INCH    5 = HAIL
                        GRTST 24HR     0.0         6 = FREEZING RAIN OR DRIZZLE
                        GRTST DEPTH:   0           7 = DUSTSTORM OR SANDSTORM:
                                                       VSBY 1/2 MILE OR LESS
                                                   8 = SMOKE OR HAZE
[NO. OF DAYS WITH]      [WEATHER - DAYS WITH]      9 = BLOWING SNOW
                                                   X = TORNADO
MAX 32 OR BELOW:   0    0.01 INCH OR MORE:  10
MAX 90 OR ABOVE:  25    0.10 INCH OR MORE:   3
MIN 32 OR BELOW:   0    0.50 INCH OR MORE:   0
MIN  0 OR BELOW:   0    1.00 INCH OR MORE:   0

[HDD (BASE 65) ]
TOTAL THIS MO.     0    CLEAR  (SCALE 0-3)  25
DPTR FM NORMAL     0    PTCLDY (SCALE 4-7)   5
TOTAL FM JUL 1     0    CLOUDY (SCALE 8-10)  0
DPTR FM NORMAL     0

[CDD (BASE 65) ]
TOTAL THIS MO.   572
DPTR FM NORMAL    23    [PRESSURE DATA]
TOTAL FM JAN 1  2034    HIGHEST SLP M ON M
DPTR FM NORMAL   181    LOWEST  SLP M ON M

[REMARKS]
