000
CXUS54 KFWD 310730
CF6RPH
PRELIMINARY LOCAL CLIMATOLOGICAL DATA (WS FORM: F-6)

                                          STATION:   GRAHAM
                                          MONTH:     MAY
                                          YEAR:      2016
                                          LATITUDE:   33  6 N
                                          LONGITUDE:  98 30 W

  TEMPERATURE IN F:       :PCPN:    SNOW:  WIND      :SUNSHINE: SKY     :PK WND
================================================================================
1   2   3   4   5  6A  6B    7    8   9   10  11  12  13   14  15   16   17  18
                                     12Z  AVG MX 2MIN
DY MAX MIN AVG DEP HDD CDD  WTR  SNW DPTH SPD SPD DIR MIN PSBL S-S WX    SPD DR
================================================================================

 1  71  51  61  -6   4   0 0.00  0.0    0 10.8 16 330   M    M   3        24 350
 2  68  47  58  -9   7   0    M  0.0    0  7.8 14 310   M    M   4        20 310
 3  77  41  59  -8   6   0 0.04  0.0    0  2.1 14 330   M    M   1 1      22 330
 4  82  45  64  -4   1   0 0.00  0.0    0  3.5 12 300   M    M   1 1      22 300
 5  85  48  67  -1   0   2 0.00  0.0    0  1.4  5  70   M    M   0         M  M
 6  85  51  68   0   0   3 0.00  0.0    0  4.4  9 130   M    M   0        16 130
 7  85  58  72   4   0   7 0.00  0.0    0  8.6 15 130   M    M   0        23 140
 8  84  60  72   3   0   7 0.76  0.0    0  9.5 21 140   M    M   3        29 140
 9  87  59  73   4   0   8 0.69  0.0    0  9.4 21 240   M    M   3        32 140
10  94  64  79  10   0  14 0.00  0.0    0  8.7 14 210   M    M   0        22 210
11  91  64  78   8   0  13 0.02  0.0    0  7.0 23 170   M    M   2        33 170
12  81  61  71   1   0   6 0.01  0.0    0  4.9 10  30   M    M   1        22  10
13  85  57  71   1   0   6 0.00  0.0    0  3.9  8 140   M    M   3        16 140
14  75  53  64  -7   1   0 0.00  0.0    0  8.6 17  10   M    M   4        29  10
15  73  53  63  -8   2   0 0.00  0.0    0  3.0  6 100   M    M   9         M  M
16  81  63  72   1   0   7 0.00  0.0    0  8.1 13 130   M    M   7 1      21 130
17  73  57  65  -7   0   0 0.14  0.0    0  9.2 15 350   M    M   9        25  60
18  61  53  57 -15   8   0 0.02  0.0    0  5.8 10  50   M    M  10         M  M
19  63  55  59 -13   6   0 0.26  0.0    0  1.3  8 290   M    M  10 1       M  M
20  81  55  68  -4   0   3 0.00  0.0    0  3.3  8 120   M    M   5 12      M  M
21  87  63  75   2   0  10 0.00  0.0    0  6.3 10 120   M    M   3        17 120
22  86  69  78   5   0  13 0.00  0.0    0  8.0 13 120   M    M   6 1      20 130
23  77  69  73   0   0   8 0.00  0.0    0  9.3 15 110   M    M   8 1      22 130
24  89  73  81   7   0  16 0.00  0.0    0  8.6 14 150   M    M   5        22 160
25  91  74  83   9   0  18 0.00  0.0    0  9.5 16 180   M    M   4 1      21 170
26  87  66  77   3   0  12 0.01  0.0    0  9.9 20 120   M    M   2 1      28 120
27  85  64  75   1   0  10 0.08  0.0    0  8.1 14 190   M    M   2        23 180
28  93  63  78   3   0  13 0.07  0.0    0  5.1 14  40   M    M   3 1       M  M
29  88  63  76   1   0  11 0.77  0.0    0  7.1 15 330   M    M   3 3      22 330
30  84  64  74  -1   0   9 0.23  0.0    0  4.3 12 360   M    M   4        18  90
================================================================================
SM 2449 1763        35 196  3.10     0.0 197.5          M      115
================================================================================
AV 81.6 58.8                               6.6 FASTST   M    M   4    MAX(MPH)
                                 MISC ---->  # 23 170                 33    M
================================================================================
NOTES:
# LAST OF SEVERAL OCCURRENCES

COLUMN 17 PEAK WIND IN M.P.H.

PRELIMINARY LOCAL CLIMATOLOGICAL DATA (WS FORM: F-6) , PAGE 2

                                          STATION:  GRAHAM
                                          MONTH:    MAY
                                          YEAR:     2016
                                          LATITUDE:   33  6 N
                                          LONGITUDE:  98 30 W

[TEMPERATURE DATA]      [PRECIPITATION DATA]       SYMBOLS USED IN COLUMN 16

AVERAGE MONTHLY: 70.2   TOTAL FOR MONTH:   3.10    1 = FOG OR MIST
DPTR FM NORMAL:  -0.8   DPTR FM NORMAL:   -1.01    2 = FOG REDUCING VISIBILITY
HIGHEST:    94 ON 10    GRTST 24HR  0.77 ON 29-29      TO 1/4 MILE OR LESS
LOWEST:     41 ON  3                               3 = THUNDER
                        SNOW, ICE PELLETS, HAIL    4 = ICE PELLETS
                        TOTAL MONTH:   0.0 INCH    5 = HAIL
                        GRTST 24HR     0.0         6 = FREEZING RAIN OR DRIZZLE
                        GRTST DEPTH:   0           7 = DUSTSTORM OR SANDSTORM:
                                                       VSBY 1/2 MILE OR LESS
                                                   8 = SMOKE OR HAZE
[NO. OF DAYS WITH]      [WEATHER - DAYS WITH]      9 = BLOWING SNOW
                                                   X = TORNADO
MAX 32 OR BELOW:   0    0.01 INCH OR MORE:  13
MAX 90 OR ABOVE:   4    0.10 INCH OR MORE:   6
MIN 32 OR BELOW:   0    0.50 INCH OR MORE:   3
MIN  0 OR BELOW:   0    1.00 INCH OR MORE:   0

[HDD (BASE 65) ]
TOTAL THIS MO.    35    CLEAR  (SCALE 0-3)  14
DPTR FM NORMAL     8    PTCLDY (SCALE 4-7)  11
TOTAL FM JUL 1  2087    CLOUDY (SCALE 8-10)  5
DPTR FM NORMAL  -822

[CDD (BASE 65) ]
TOTAL THIS MO.   196
DPTR FM NORMAL   -10    [PRESSURE DATA]
TOTAL FM JAN 1   295    HIGHEST SLP M ON M
DPTR FM NORMAL     0    LOWEST  SLP M ON M

[REMARKS]
