000
CXUS54 KLZK 281130
CF6RUE
PRELIMINARY LOCAL CLIMATOLOGICAL DATA (WS FORM: F-6)

                                          STATION:   Russellville
                                          MONTH:     JUNE
                                          YEAR:      2017
                                          LATITUDE:   35 15 N
                                          LONGITUDE:  93  6 W

  TEMPERATURE IN F:       :PCPN:    SNOW:  WIND      :SUNSHINE: SKY     :PK WND
================================================================================
1   2   3   4   5  6A  6B    7    8   9   10  11  12  13   14  15   16   17  18
                                     12Z  AVG MX 2MIN
DY MAX MIN AVG DEP HDD CDD  WTR  SNW DPTH SPD SPD DIR MIN PSBL S-S WX    SPD DR
================================================================================

 1  84  64  74   0   0   9 0.00  0.0    0  1.9 12 190   M    M   0        18 200
 2  83  62  73  -1   0   8 0.00  0.0    0  3.1 16 100   M    M   5 1      23 100
 3  83  67  75   1   0  10 0.99  0.0    0  2.4 14 170   M    M   4 138    19 170
 4  82  68  75   1   0  10 1.41  0.0    0  1.6  9  50   M    M   4 13     14 250
 5  81  67  74  -1   0   9 1.79  0.0    0  2.2 15  60   M    M   5 18     19  60
 6  92  67  80   5   0  15 0.00  0.0    0  5.0 13  30   M    M   2 12      M  M
 7  83  57  70  -5   0   5 0.00  0.0    0  4.3 14 360   M    M   0        18  10
 8  82  55  69  -7   0   4 0.00  0.0    0  1.4 10  20   M    M   0        14  20
 9  82  56  69  -7   0   4 0.00  0.0    0  1.6  8 190   M    M   1        11 190
10  84  58  71  -5   0   6 0.00  0.0    0  3.4 13 190   M    M   2        19 190
11  88  67  78   2   0  13 0.00  0.0    0  3.8 13 180   M    M   1        18 200
12  88  70  79   3   0  14 0.00  0.0    0  3.0  5 120   M    M   3         M  M
13  89  71  80   3   0  15 0.00  0.0    M  4.2 10 180   M    M   4        16 200
14  90  73  82   5   0  17 0.00  0.0    0  4.0 13 190   M    M   3        18 230
15  85  73  79   2   0  14    T  0.0    0  2.4 22  60   M    M   1 3      29  70
16  91  69  80   2   0  15 0.00  0.0    0  5.3 23 330   M    M   1 138    33 330
17  88  73  81   3   0  16 0.00  0.0    0  4.3 14  40   M    M   1        19  30
18  81  64  73  -5   0   8 0.62  0.0    0  4.6 26 310   M    M   5 13     36 330
19  89  61  75  -3   0  10 0.54  0.0    0  2.1  9  60   M    M   2 13     12  40
20  90  63  77  -1   0  12 0.00  0.0    0  1.0  7 180   M    M   0         9 190
21  88  64  76  -3   0  11 0.00  0.0    0  3.6 13  60   M    M   2 1      17  70
22  86  74  80   1   0  15 0.02  0.0    0  6.1 12 130   M    M   8 13     20 140
23  92  69  81   2   0  16 0.46  0.0    0  6.3 35  10   M    M   3 13     44  10
24  84  67  76  -3   0  11 0.00  0.0    0  4.4 12  50   M    M   1 1      16  40
25  85  62  74  -6   0   9 0.00  0.0    0  2.0  9 170   M    M   1        12 130
26  85  63  74  -6   0   9    T  0.0    0  2.1  8 190   M    M   3        12 190
27  84  61  73  -7   0   8 0.00  0.0    0  3.1 10  80   M    M   0        16 100
================================================================================
SM 2319 1765         0 293  5.83     0.0  89.2          M       62
================================================================================
AV 85.9 65.4                               3.3 FASTST   M    M   2    MAX(MPH)
                                 MISC ---->  # 35  10               # 44   10
================================================================================
NOTES:
# LAST OF SEVERAL OCCURRENCES

COLUMN 17 PEAK WIND IN M.P.H.

PRELIMINARY LOCAL CLIMATOLOGICAL DATA (WS FORM: F-6) , PAGE 2

                                          STATION:  Russellville
                                          MONTH:    JUNE
                                          YEAR:     2017
                                          LATITUDE:   35 15 N
                                          LONGITUDE:  93  6 W

[TEMPERATURE DATA]      [PRECIPITATION DATA]       SYMBOLS USED IN COLUMN 16

AVERAGE MONTHLY: 75.6   TOTAL FOR MONTH:   5.83    1 = FOG OR MIST
DPTR FM NORMAL:  -1.3   DPTR FM NORMAL:    2.26    2 = FOG REDUCING VISIBILITY
HIGHEST:    92 ON 23, 6 GRTST 24HR  1.79 ON  5- 5      TO 1/4 MILE OR LESS
LOWEST:     55 ON  8                               3 = THUNDER
                        SNOW, ICE PELLETS, HAIL    4 = ICE PELLETS
                        TOTAL MONTH:   0.0 INCH    5 = HAIL
                        GRTST 24HR     0.0         6 = FREEZING RAIN OR DRIZZLE
                        GRTST DEPTH:   0           7 = DUSTSTORM OR SANDSTORM:
                                                       VSBY 1/2 MILE OR LESS
                                                   8 = SMOKE OR HAZE
[NO. OF DAYS WITH]      [WEATHER - DAYS WITH]      9 = BLOWING SNOW
                                                   X = TORNADO
MAX 32 OR BELOW:   0    0.01 INCH OR MORE:   7
MAX 90 OR ABOVE:   5    0.10 INCH OR MORE:   6
MIN 32 OR BELOW:   0    0.50 INCH OR MORE:   5
MIN  0 OR BELOW:   0    1.00 INCH OR MORE:   2

[HDD (BASE 65) ]
TOTAL THIS MO.     0    CLEAR  (SCALE 0-3)  19
DPTR FM NORMAL     0    PTCLDY (SCALE 4-7)   7
TOTAL FM JUL 1  2494    CLOUDY (SCALE 8-10)  1
DPTR FM NORMAL  -765

[CDD (BASE 65) ]
TOTAL THIS MO.   293
DPTR FM NORMAL   -33    [PRESSURE DATA]
TOTAL FM JAN 1   528    HIGHEST SLP M ON M
DPTR FM NORMAL   -30    LOWEST  SLP 29.62 ON 23

[REMARKS]
