000
CXUS53 KMPX 171000
CF6RWF
PRELIMINARY LOCAL CLIMATOLOGICAL DATA (WS FORM: F-6)

                                          STATION:   REDWOOD FALLS MN
                                          MONTH:     AUGUST
                                          YEAR:      2017
                                          LATITUDE:   44 32 N
                                          LONGITUDE:  95  5 W

  TEMPERATURE IN F:       :PCPN:    SNOW:  WIND      :SUNSHINE: SKY     :PK WND
================================================================================
1   2   3   4   5  6A  6B    7    8   9   10  11  12  13   14  15   16   17  18
                                     12Z  AVG MX 2MIN
DY MAX MIN AVG DEP HDD CDD  WTR  SNW DPTH SPD SPD DIR MIN PSBL S-S WX    SPD DR
================================================================================

 1  87  61  74   2   0   9 0.00    M    M  6.6 15 260   M    M   2        19 290
 2  83  61  72   0   0   7    T    M    M  4.2 10 360   M    M   1        16 280
 3  69  52  61 -11   4   0 0.47    M    M  9.4 21  10   M    M   7 1      34  10
 4  77  49  63  -9   2   0 0.00    M    M  5.8 15 340   M    M   1 1      19 330
 5  71  53  62 -10   3   0 0.00    M    M  2.6  9 200   M    M   6        11 200
 6  75  60  68  -3   0   3 0.06    M    M  3.5  9 320   M    M   8 1      13  10
 7  80  55  68  -3   0   3 0.00    M    M  3.1  8  10   M    M   2 1      11 360
 8  83  57  70  -1   0   5 0.00    M    M  5.5 13 260   M    M   1        17 240
 9  78  59  69  -2   0   4 0.94    M    M  8.3 22 220   M    M   5 1      28 210
10  75  58  67  -4   0   2 0.02    M    M  8.7 17 300   M    M   5 1      22 290
11  79  55  67  -4   0   2 0.00    M    M  2.1  7 350   M    M   1 1      10  20
12  79  54  67  -4   0   2 0.00    M    M  4.8 14 160   M    M   2 1      17 160
13  75  60  68  -3   0   3 1.02    M    M 10.4 20 200   M    M  10 1      26 200
14  71  59  65  -6   0   0 0.01    M    M  3.5  9  20   M    M   7 18     12  20
15  74  57  66  -4   0   1 0.00    M    M  7.3 16 140   M    M   3 12     19 130
16  70  65  68  -2   0   3 7.84    M    M 11.7 45 300   M    M  10 128    58 310
================================================================================
SM 1226  915         9  44 10.36    M     97.5          M       71
================================================================================
AV 76.6 57.2                               6.1 FASTST   M    M   4    MAX(MPH)
                                 MISC ---->  # 45 300               # 58  310
================================================================================
NOTES:
# LAST OF SEVERAL OCCURRENCES

COLUMN 17 PEAK WIND IN M.P.H.

PRELIMINARY LOCAL CLIMATOLOGICAL DATA (WS FORM: F-6) , PAGE 2

                                          STATION:  REDWOOD FALLS MN
                                          MONTH:    AUGUST
                                          YEAR:     2017
                                          LATITUDE:   44 32 N
                                          LONGITUDE:  95  5 W

[TEMPERATURE DATA]      [PRECIPITATION DATA]       SYMBOLS USED IN COLUMN 16

AVERAGE MONTHLY: 66.9   TOTAL FOR MONTH:  10.36    1 = FOG OR MIST
DPTR FM NORMAL:  -4.3   DPTR FM NORMAL:    8.45    2 = FOG REDUCING VISIBILITY
HIGHEST:    87 ON  1    GRTST 24HR  7.84 ON 16-16      TO 1/4 MILE OR LESS
LOWEST:     49 ON  4                               3 = THUNDER
                        SNOW, ICE PELLETS, HAIL    4 = ICE PELLETS
                        TOTAL MONTH:    M          5 = HAIL
                        GRTST 24HR    M  ON   M    6 = FREEZING RAIN OR DRIZZLE
                        GRTST DEPTH:  M  ON   M    7 = DUSTSTORM OR SANDSTORM:
                                                       VSBY 1/2 MILE OR LESS
                                                   8 = SMOKE OR HAZE
[NO. OF DAYS WITH]      [WEATHER - DAYS WITH]      9 = BLOWING SNOW
                                                   X = TORNADO
MAX 32 OR BELOW:   0    0.01 INCH OR MORE:   7
MAX 90 OR ABOVE:   0    0.10 INCH OR MORE:   4
MIN 32 OR BELOW:   0    0.50 INCH OR MORE:   3
MIN  0 OR BELOW:   0    1.00 INCH OR MORE:   2

[HDD (BASE 65) ]
TOTAL THIS MO.     9    CLEAR  (SCALE 0-3)   8
DPTR FM NORMAL     4    PTCLDY (SCALE 4-7)   6
TOTAL FM JUL 1     9    CLOUDY (SCALE 8-10)  2
DPTR FM NORMAL    -3

[CDD (BASE 65) ]
TOTAL THIS MO.    44
DPTR FM NORMAL   -62    [PRESSURE DATA]
TOTAL FM JAN 1   527    HIGHEST SLP M ON M
DPTR FM NORMAL    -8    LOWEST  SLP 29.46 ON 16

[REMARKS]
