000
CXUS55 KCYS 011515
CF6RWL
PRELIMINARY LOCAL CLIMATOLOGICAL DATA (WS FORM: F-6)

                                          STATION:   RAWLINS WYOMING AIRPORT
                                          MONTH:     JULY
                                          YEAR:      2014
                                          LATITUDE:   41 47 N
                                          LONGITUDE: 107 12 W

  TEMPERATURE IN F:       :PCPN:    SNOW:  WIND      :SUNSHINE: SKY     :PK WND
================================================================================
1   2   3   4   5  6A  6B    7    8   9   10  11  12  13   14  15   16   17  18
                                     12Z  AVG MX 2MIN
DY MAX MIN AVG DEP HDD CDD  WTR  SNW DPTH SPD SPD DIR MIN PSBL S-S WX    SPD DR
================================================================================

 1  74  39  57  -7   8   0 0.00    M    M  8.7 20  60   M    M   0        29  50
 2  82  46  64  -1   1   0 0.00    M    M  7.5 15  50   M    M   0        19  80
 3  91  44  68   3   0   3    T    M    M  7.9 29 290   M    M   1        41 260
 4  87  56  72   7   0   7    T    M    M  8.8 33 330   M    M   2 3      42 330
 5  92  48  70   4   0   5 0.00    M    M  7.9 20 290   M    M   0        26 280
 6  93  51  72   6   0   7 0.00    M    M  7.8 25 280   M    M   0        33 270
 7  92  54  73   7   0   8 0.00    M    M 14.4 29 320   M    M   0        35 290
 8  87  53  70   4   0   5 0.00    M    M  9.8 18  50   M    M   0        26  40
 9  93  51  72   6   0   7 0.00    M    M 12.1 30 230   M    M   1        38 230
10  86  61  74   7   0   9 0.01    M    M 13.3 29 250   M    M   4 3      35 250
11  82  59  71   4   0   6 0.03    M    M  8.8 25  60   M    M   6 3      32  50
12  84  58  71   4   0   6 0.00    M    M  8.6 26  20   M    M   5        30  20
13  86  53  70   3   0   5 0.00    M    M  8.4 17  60   M    M   1 3      22 350
14  84  51  68   1   0   3 0.02    M    M  7.8 35 310   M    M   1 3      48 340
15  89  47  68   0   0   3 0.01    M    M  9.6 32 270   M    M   1        40 270
16  72  50  61  -7   4   0 0.05    M    M  8.6 22  20   M    M   4 13     29  20
17  82  44  63  -5   2   0 0.00    M    M  5.1 20 280   M    M   1        26 270
18  88  61  75   7   0  10 0.00    M    M 12.8 28 290   M    M   1 8      35 290
19  91  54  73   5   0   8 0.00    M    M 13.8 32 250   M    M   0        44 250
20  90  57  74   6   0   9    T    M    M 13.8 36 270   M    M   1        46 240
21  91  54  73   5   0   8    T    M    M 11.6 32 260   M    M   1        46 250
22  92  50  71   3   0   6 0.00    M    M  5.7 18 260   M    M   0        23 270
23  96  50  73   5   0   8 0.00    M    M 10.2 26 200   M    M   0        41 210
24  89  67  78  10   0  13 0.00    M    M 17.5 38 230   M    M   1        46 230
25  90  60  75   7   0  10 0.00    M    M 14.6 39 200   M    M   0 3      52 200
26  90  52  71   3   0   6 0.00    M    M 12.3 28 300   M    M   0        38 290
27  87  55  71   3   0   6 0.00    M    M 10.2 23  70   M    M   0        27  70
28  89  53  71   3   0   6 0.00    M    M  9.5 25  60   M    M   0        31  50
29  73  53  63  -5   2   0 0.34    M    M  9.6 20  50   M    M   7 13     24  40
30  66  52  59  -9   6   0 0.04    M    M 12.7 21  70   M    M   8 1      26  70
31  79  45  62  -6   3   0 0.00    M    M  7.2 16  50   M    M   0        24 110
================================================================================
SM 2667 1628        26 164  0.50    M    316.6          M       46
================================================================================
AV 86.0 52.5                              10.2 FASTST   M    M   1    MAX(MPH)
                                 MISC ---->  # 39 200               # 52  200
================================================================================
NOTES:
# LAST OF SEVERAL OCCURRENCES

COLUMN 17 PEAK WIND IN M.P.H.

PRELIMINARY LOCAL CLIMATOLOGICAL DATA (WS FORM: F-6) , PAGE 2

                                          STATION:  RAWLINS WYOMING AIRPORT
                                          MONTH:    JULY
                                          YEAR:     2014
                                          LATITUDE:   41 47 N
                                          LONGITUDE: 107 12 W

[TEMPERATURE DATA]      [PRECIPITATION DATA]       SYMBOLS USED IN COLUMN 16

AVERAGE MONTHLY: 69.3   TOTAL FOR MONTH:   0.50    1 = FOG OR MIST
DPTR FM NORMAL:   2.3   DPTR FM NORMAL:   -0.34    2 = FOG REDUCING VISIBILITY
HIGHEST:    96 ON 23    GRTST 24HR  0.38 ON 29-30      TO 1/4 MILE OR LESS
LOWEST:     39 ON  1                               3 = THUNDER
                        SNOW, ICE PELLETS, HAIL    4 = ICE PELLETS
                        TOTAL MONTH:    M          5 = HAIL
                        GRTST 24HR    M  ON   M    6 = FREEZING RAIN OR DRIZZLE
                        GRTST DEPTH:  M  ON   M    7 = DUSTSTORM OR SANDSTORM:
                                                       VSBY 1/2 MILE OR LESS
                                                   8 = SMOKE OR HAZE
[NO. OF DAYS WITH]      [WEATHER - DAYS WITH]      9 = BLOWING SNOW
                                                   X = TORNADO
MAX 32 OR BELOW:   0    0.01 INCH OR MORE:   7
MAX 90 OR ABOVE:  12    0.10 INCH OR MORE:   1
MIN 32 OR BELOW:   0    0.50 INCH OR MORE:   0
MIN  0 OR BELOW:   0    1.00 INCH OR MORE:   0

[HDD (BASE 65) ]
TOTAL THIS MO.    26    CLEAR  (SCALE 0-3)  25
DPTR FM NORMAL    -9    PTCLDY (SCALE 4-7)   5
TOTAL FM JUL 1    26    CLOUDY (SCALE 8-10)  1
DPTR FM NORMAL    -9

[CDD (BASE 65) ]
TOTAL THIS MO.   164
DPTR FM NORMAL    66    [PRESSURE DATA]
TOTAL FM JAN 1   177    HIGHEST SLP 30.19 ON 31
DPTR FM NORMAL    60    LOWEST  SLP 29.70 ON 15

[REMARKS]
#FINAL-07-14#
