000
CXUS55 KPIH 231200
CF6RXE

PRELIMINARY LOCAL CLIMATOLOGICAL DATA (WS FORM: F-6)

                                          STATION:   REXBURG ID
                                          MONTH:     MAY
                                          YEAR:      2015
                                          LATITUDE:   43 49 N
                                          LONGITUDE: 111 48 W

  TEMPERATURE IN F:       :PCPN:    SNOW:  WIND      :SUNSHINE: SKY     :PK WND
================================================================================
1   2   3   4   5  6A  6B    7    8   9   10  11  12  13   14  15   16   17  18
                                     12Z  AVG MX 2MIN
DY MAX MIN AVG DEP HDD CDD  WTR  SNW DPTH SPD SPD DIR MIN PSBL S-S WX    SPD DR
================================================================================

 1  72  34  53   5  12   0 0.00    M    M  8.0 17 200   M    M   0        23 240
 2  78  36  57   9   8   0 0.00    M    M  9.5 28 260   M    M   0        37 230
 3  72  38  55   6  10   0 0.01    M    M  7.2 25 220   M    M   3        32 220
 4  74  37  56   7   9   0    T    M    M  6.4 14 220   M    M   2 3      19 240
 5  72  43  58   9   7   0 0.15    M    M  5.3 23 270   M    M   3 13     35 300
 6  64  43  54   4  11   0 0.21    M    M  6.9 15 300   M    M   4 13     21 300
 7  57  43  50   0  15   0 0.04    M    M  6.9 14  30   M    M   8 1      17  40
 8  60  42  51   1  14   0 0.13    M    M  9.6 17  30   M    M   8 13     23  40
 9  62  39  51   1  14   0 0.00    M    M 14.0 23  20   M    M   5        31  30
10  60  34  47  -4  18   0 0.00    M    M  8.8 18  30   M    M   0        25  40
11  66  28  47  -4  18   0 0.03    M    M  5.8 14 250   M    M   2 3      18 240
12  69  44  57   6   8   0 0.12    M    M  8.1 24 150   M    M   5 13     31 150
13  67  46  57   5   8   0    T    M    M  8.1 21 210   M    M   2        28 210
14  68  46  57   5   8   0    T    M    M  7.4 20 170   M    M   3        36 180
15  59  41  50  -2  15   0 0.39    M    M  7.9 20 170   M    M   9 13     26 190
16  52  40  46  -7  19   0 0.66    M    M  6.1 20 220   M    M   9 1      24 190
17  60  42  51  -2  14   0    T    M    M  5.5 10  40   M    M   7        16 280
18  63  40  52  -1  13   0 0.08    M    M  7.2 21 160   M    M   6 13     26 190
19  61  45  53  -1  12   0 0.11    M    M  6.1 20 180   M    M   8 1      26 180
20  59  42  51  -3  14   0 0.15    M    M  4.4 18 200   M    M   8 1      25 180
21  66  47  57   3   8   0    T    M    M  4.5 15 180   M    M   6        22 180
22  66  47  57   3   8   0 0.06    M    M  4.2 14 220   M    M   7 3      17 210
================================================================================
SM 1427  897       263   0  2.14    M    157.9          M      105
================================================================================
AV 64.9 40.8                               7.2 FASTST   M    M   5    MAX(MPH)
                                 MISC ---->  # 28 260               # 37  230
================================================================================
NOTES:
# LAST OF SEVERAL OCCURRENCES

COLUMN 17 PEAK WIND IN M.P.H.

PRELIMINARY LOCAL CLIMATOLOGICAL DATA (WS FORM: F-6) , PAGE 2

                                          STATION:  REXBURG ID
                                          MONTH:    MAY
                                          YEAR:     2015
                                          LATITUDE:   43 49 N
                                          LONGITUDE: 111 48 W

[TEMPERATURE DATA]      [PRECIPITATION DATA]       SYMBOLS USED IN COLUMN 16

AVERAGE MONTHLY: 52.8   TOTAL FOR MONTH:   2.14    1 = FOG OR MIST
DPTR FM NORMAL:   1.6   DPTR FM NORMAL:    0.94    2 = FOG REDUCING VISIBILITY
HIGHEST:    78 ON  2    GRTST 24HR  0.83 ON 15-16      TO 1/4 MILE OR LESS
LOWEST:     28 ON 11                               3 = THUNDER
                        SNOW, ICE PELLETS, HAIL    4 = ICE PELLETS
                        TOTAL MONTH:    M          5 = HAIL
                        GRTST 24HR    M  ON   M    6 = FREEZING RAIN OR DRIZZLE
                        GRTST DEPTH:  M  ON   M    7 = DUSTSTORM OR SANDSTORM:
                                                       VSBY 1/2 MILE OR LESS
                                                   8 = SMOKE OR HAZE
[NO. OF DAYS WITH]      [WEATHER - DAYS WITH]      9 = BLOWING SNOW
                                                   X = TORNADO
MAX 32 OR BELOW:   0    0.01 INCH OR MORE:  13
MAX 90 OR ABOVE:   0    0.10 INCH OR MORE:   8
MIN 32 OR BELOW:   1    0.50 INCH OR MORE:   1
MIN  0 OR BELOW:   0    1.00 INCH OR MORE:   0

[HDD (BASE 65) ]
TOTAL THIS MO.   263    CLEAR  (SCALE 0-3)   8
DPTR FM NORMAL   -42    PTCLDY (SCALE 4-7)  11
TOTAL FM JUL 1  6683    CLOUDY (SCALE 8-10)  3
DPTR FM NORMAL -1187

[CDD (BASE 65) ]
TOTAL THIS MO.     0
DPTR FM NORMAL     0    [PRESSURE DATA]
TOTAL FM JAN 1     0    HIGHEST SLP M ON M
DPTR FM NORMAL     0    LOWEST  SLP 29.55 ON 12

[REMARKS]
