000
CXUS54 KEWX 010910
CF6RYW
PRELIMINARY LOCAL CLIMATOLOGICAL DATA (WS FORM: F-6)

                                          STATION:   LAGO VISTA
                                          MONTH:     SEPTEMBER
                                          YEAR:      2014
                                          LATITUDE:   30 30 N
                                          LONGITUDE:  97 58 W

  TEMPERATURE IN F:       :PCPN:    SNOW:  WIND      :SUNSHINE: SKY     :PK WND
================================================================================
1   2   3   4   5  6A  6B    7    8   9   10  11  12  13   14  15   16   17  18
                                     12Z  AVG MX 2MIN
DY MAX MIN AVG DEP HDD CDD  WTR  SNW DPTH SPD SPD DIR MIN PSBL S-S WX    SPD DR
================================================================================

 1  97  76  87   M   0  22    M    M    M  8.4 13 160   M    M   6        23 140
 2  99  77  88   M   0  23    M    M    M  8.3 14 130   M    M   5        21 120
 3  98  75  87   M   0  22    M    M    M  7.3 14 140   M    M   4        27 160
 4  97  76  87   M   0  22    M    M    M  5.8 16 150   M    M   5        28 150
 5  98  76  87   M   0  22    M    M    M  5.5 13 130   M    M   6        21 120
 6  96  75  86   M   0  21    M    M    M  4.2 12  40   M    M   3 3      17  20
 7  88  72  80   M   0  15    M    M    M  4.7  9  20   M    M   5 13      M  M
 8  96  72  84   M   0  19    M    M    M  3.0  8 140   M    M   1         M  M
 9  96  76  86   M   0  21    M    M    M  6.9 12 160   M    M   1        20 160
10  98  76  87   M   0  22    M    M    M  8.7 13 170   M    M   2        23 210
11  98  76  87   M   0  22    M    M    M  6.5 10 140   M    M   4        17 140
12  94  63  79   M   0  14    M    M    M  6.9 17  10   M    M   5 3      23  10
13  65  58  62   M   3   0    M    M    M  8.2 16  20   M    M  10        25  20
14  78  62  70   M   0   5    M    M    M  4.2  9  60   M    M   7 1       M  M
15  89  69  79   M   0  14    M    M    M  3.4  8  60   M    M   4         M  M
16  94  73  84   M   0  19    M    M    M  5.5 12  40   M    M   5 1      22  40
17  92  72  82   M   0  17    M    M    M  3.6  9 110   M    M   7 13      M  M
18  89  72  81   M   0  16    M    M    M  4.5 10  30   M    M   9 123    25  30
19  83  73  78   M   0  13    M    M    M  3.6  9  70   M    M   7 12      M  M
20  87  74  81   M   0  16    M    M    M  4.1  8 100   M    M   8 1       M  M
21  91  72  82   M   0  17    M    M    M  3.9  9  90   M    M   4        18  80
22  91  72  82   M   0  17    M    M    M  5.6 10  70   M    M   2         M  M
23  86  65  76   M   0  11    M    M    M  5.8  9  70   M    M   0         M  M
24  85  60  73   M   0   8    M    M    M  4.9  9 100   M    M   0         M  M
25  85  64  75   M   0  10    M    M    M  5.8 10  90   M    M   3        18  90
26  85  66  76   M   0  11    M    M    M  5.3  9 100   M    M   4        18  80
27  79  68  74   M   0   9    M    M    M  2.1  7  80   M    M   6         M  M
28  87  66  77   M   0  12    M    M    M  5.3 12  90   M    M   3        17  90
29  89  67  78   M   0  13    M    M    M  4.3  8  70   M    M   1         M  M
30  89  69  79   M   0  14    M    M    M  3.2  9 120   M    M   1         M  M
================================================================================
SM 2699 2112         3 467    M     M    159.5          M      128
================================================================================
AV 90.0 70.4                               5.3 FASTST   M    M   4    MAX(MPH)
                                 MISC ---->    17   M                 28    M
================================================================================
NOTES:
# LAST OF SEVERAL OCCURRENCES

COLUMN 17 PEAK WIND IN M.P.H.

PRELIMINARY LOCAL CLIMATOLOGICAL DATA (WS FORM: F-6) , PAGE 2

                                          STATION:  LAGO VISTA
                                          MONTH:    SEPTEMBER
                                          YEAR:     2014
                                          LATITUDE:   30 30 N
                                          LONGITUDE:  97 58 W

[TEMPERATURE DATA]      [PRECIPITATION DATA]       SYMBOLS USED IN COLUMN 16

AVERAGE MONTHLY: 80.2   TOTAL FOR MONTH:      M    1 = FOG OR MIST
DPTR FM NORMAL:     M   DPTR FM NORMAL:       M    2 = FOG REDUCING VISIBILITY
HIGHEST:    99 ON  2    GRTST 24HR    M  ON   M        TO 1/4 MILE OR LESS
LOWEST:     58 ON 13                               3 = THUNDER
                        SNOW, ICE PELLETS, HAIL    4 = ICE PELLETS
                        TOTAL MONTH:    M          5 = HAIL
                        GRTST 24HR    M  ON   M    6 = FREEZING RAIN OR DRIZZLE
                        GRTST DEPTH:  M  ON   M    7 = DUSTSTORM OR SANDSTORM:
                                                       VSBY 1/2 MILE OR LESS
                                                   8 = SMOKE OR HAZE
[NO. OF DAYS WITH]      [WEATHER - DAYS WITH]      9 = BLOWING SNOW
                                                   X = TORNADO
MAX 32 OR BELOW:   0    0.01 INCH OR MORE:   0
MAX 90 OR ABOVE:  15    0.10 INCH OR MORE:   0
MIN 32 OR BELOW:   0    0.50 INCH OR MORE:   0
MIN  0 OR BELOW:   0    1.00 INCH OR MORE:   0

[HDD (BASE 65) ]
TOTAL THIS MO.     3    CLEAR  (SCALE 0-3)  10
DPTR FM NORMAL     M    PTCLDY (SCALE 4-7)  18
TOTAL FM JUL 1     3    CLOUDY (SCALE 8-10)  2
DPTR FM NORMAL     M

[CDD (BASE 65) ]
TOTAL THIS MO.   467
DPTR FM NORMAL     M    [PRESSURE DATA]
TOTAL FM JAN 1  2768    HIGHEST SLP M ON M
DPTR FM NORMAL     M    LOWEST  SLP M ON M

[REMARKS]
#FINAL-09-14#
