000
CXUS54 KEWX 260910
CF6RYW
PRELIMINARY LOCAL CLIMATOLOGICAL DATA (WS FORM: F-6)

                                          STATION:   LAGO VISTA
                                          MONTH:     MAY
                                          YEAR:      2017
                                          LATITUDE:   30 30 N
                                          LONGITUDE:  97 58 W

  TEMPERATURE IN F:       :PCPN:    SNOW:  WIND      :SUNSHINE: SKY     :PK WND
================================================================================
1   2   3   4   5  6A  6B    7    8   9   10  11  12  13   14  15   16   17  18
                                     12Z  AVG MX 2MIN
DY MAX MIN AVG DEP HDD CDD  WTR  SNW DPTH SPD SPD DIR MIN PSBL S-S WX    SPD DR
================================================================================

 1  88  58  73   M   0   8 0.00    M    M  9.8 17 170   M    M   0        25 230
 2  89  65  77   M   0  12 0.00    M    M  9.9 15 180   M    M   0        22 190
 3  91  62  77   M   0  12 0.00    M    M  9.4 22 350   M    M   7 1      31 350
 4  76  58  67   M   0   2 0.00    M    M 10.7 15 340   M    M   1        28 350
 5  83  55  69   M   0   4 0.00    M    M  5.7 10 310   M    M   0        17 310
 6  87  62  75   M   0  10 0.00    M    M  4.8  9 170   M    M   0         M  M
 7  86  65  76   M   0  11 0.00    M    M  8.5 12 140   M    M   0        18 140
 8  82  64  73   M   0   8 0.00    M    M  7.8 12 150   M    M   6        20 160
 9  74  67  71   M   0   6 0.07    M    M  7.0 12 150   M    M  10 13     18 160
10  82  70  76   M   0  11 0.01    M    M  8.9 14 180   M    M   9 1      24 180
11  82  69  76   M   0  11 0.01    M    M  5.3 10 190   M    M   7        17 170
12  85  64  75   M   0  10 0.00    M    M  8.2 13 320   M    M   1        25 350
13  88  60  74   M   0   9 0.00    M    M  4.9  9 100   M    M   0         M  M
14  91  65  78   M   0  13 0.00    M    M  6.8 10 140   M    M   0        20 150
15  89  67  78   M   0  13 0.00    M    M  9.2 14 150   M    M   3        25 150
16  83  70  77   M   0  12 0.00    M    M 11.1 17 160   M    M  10        30 160
17  90  68  79   M   0  14 0.06    M    M  6.6 14 190   M    M   8 1      24 180
18  91  75  83   M   0  18 0.00    M    M 10.1 20 150   M    M   8 18     31 160
19  90  74  82   M   0  17 0.00    M    M 10.4 14 170   M    M   9        29 150
20  82  65  74   M   0   9 0.68    M    M  6.7 13  10   M    M   8 13     29  10
21  76  59  68   M   0   3 0.29    M    M 10.2 16  20   M    M   9 3      23  50
22  74  58  66   M   0   1 0.01    M    M  7.5 13  60   M    M  10 1      18  30
23  81  57  69   M   0   4 0.15    M    M  6.9 14 350   M    M   6 123    29 350
24  85  54  70   M   0   5 0.00    M    M  6.9 12 290   M    M   0        18 290
25  92  67  80   M   0  15 0.00  0.0    0 12.1 17 200   M    M   1        30 210
================================================================================
SM 2117 1598         0 238  1.28     0.0 205.4          M      113
================================================================================
AV 84.7 63.9                               8.2 FASTST   M    M   5    MAX(MPH)
                                 MISC ---->  # 22 350               # 31  350
================================================================================
NOTES:
# LAST OF SEVERAL OCCURRENCES

COLUMN 17 PEAK WIND IN M.P.H.

PRELIMINARY LOCAL CLIMATOLOGICAL DATA (WS FORM: F-6) , PAGE 2

                                          STATION:  LAGO VISTA
                                          MONTH:    MAY
                                          YEAR:     2017
                                          LATITUDE:   30 30 N
                                          LONGITUDE:  97 58 W

[TEMPERATURE DATA]      [PRECIPITATION DATA]       SYMBOLS USED IN COLUMN 16

AVERAGE MONTHLY: 74.3   TOTAL FOR MONTH:   1.28    1 = FOG OR MIST
DPTR FM NORMAL:     M   DPTR FM NORMAL:       M    2 = FOG REDUCING VISIBILITY
HIGHEST:    92 ON 25    GRTST 24HR  0.68 ON 20-20      TO 1/4 MILE OR LESS
LOWEST:     54 ON 24                               3 = THUNDER
                        SNOW, ICE PELLETS, HAIL    4 = ICE PELLETS
                        TOTAL MONTH:   0.0 INCH    5 = HAIL
                        GRTST 24HR     0.0         6 = FREEZING RAIN OR DRIZZLE
                        GRTST DEPTH:   0           7 = DUSTSTORM OR SANDSTORM:
                                                       VSBY 1/2 MILE OR LESS
                                                   8 = SMOKE OR HAZE
[NO. OF DAYS WITH]      [WEATHER - DAYS WITH]      9 = BLOWING SNOW
                                                   X = TORNADO
MAX 32 OR BELOW:   0    0.01 INCH OR MORE:   8
MAX 90 OR ABOVE:   6    0.10 INCH OR MORE:   3
MIN 32 OR BELOW:   0    0.50 INCH OR MORE:   1
MIN  0 OR BELOW:   0    1.00 INCH OR MORE:   0

[HDD (BASE 65) ]
TOTAL THIS MO.     0    CLEAR  (SCALE 0-3)  12
DPTR FM NORMAL     M    PTCLDY (SCALE 4-7)   7
TOTAL FM JUL 1   960    CLOUDY (SCALE 8-10)  6
DPTR FM NORMAL     M

[CDD (BASE 65) ]
TOTAL THIS MO.   238
DPTR FM NORMAL     M    [PRESSURE DATA]
TOTAL FM JAN 1   667    HIGHEST SLP M ON M
DPTR FM NORMAL     M    LOWEST  SLP M ON M

[REMARKS]
