000
CXUS55 KTWC 300855
CF6SAD
PRELIMINARY LOCAL CLIMATOLOGICAL DATA (WS FORM: F-6)

                                          STATION:   SAFFORD AZ AIRPORT
                                          MONTH:     JULY
                                          YEAR:      2015
                                          LATITUDE:   32 50 N
                                          LONGITUDE: 109 38 W

  TEMPERATURE IN F:       :PCPN:    SNOW:  WIND      :SUNSHINE: SKY     :PK WND
================================================================================
1   2   3   4   5  6A  6B    7    8   9   10  11  12  13   14  15   16   17  18
                                     12Z  AVG MX 2MIN
DY MAX MIN AVG DEP HDD CDD  WTR  SNW DPTH SPD SPD DIR MIN PSBL S-S WX    SPD DR
================================================================================

 1 101  79  90   4   0  25 0.00  0.0    0 11.1 30 290   M    M   0        37 280
 2 106  78  92   6   0  27    T  0.0    0 15.6 24 310   M    M   1 3      31 290
 3  96  70  83  -3   0  18 0.65  0.0    0  6.3 23  80   M    M   1 13     37  70
 4  96  76  86   0   0  21 0.00  0.0    0 10.9 28 270   M    M   1 3      35 280
 5  92  69  81  -5   0  16 0.24  0.0    0  8.9 24  10   M    M   4 1      30  50
 6  97  70  84  -2   0  19 0.00  0.0    0 10.2 23 300   M    M   2        31 290
 7  97  76  87   1   0  22    T  0.0    0  9.9 22 320   M    M   0 3      27 220
 8  99  76  88   2   0  23 0.00  0.0    0  7.5 21 290   M    M   3        25 290
 9  91  76  84  -2   0  19 0.01  0.0    0  9.9 23 130   M    M   3 3      27 130
10  87  69  78  -8   0  13 0.50  0.0    0 10.8 35 310   M    M   3 13     41 270
11  97  69  83  -3   0  18 0.01  0.0    0 10.2 21 280   M    M   3 3      27 360
12 100  71  86   0   0  21    T  0.0    0  6.4 26 330   M    M   1 3      33 330
13  98  74  86   0   0  21 0.00  0.0    0  6.9 26 160   M    M   0        34 160
14  96  72  84  -2   0  19 0.00  0.0    0  4.8 17 230   M    M   0        21 230
15  95  69  82  -4   0  17 0.20  0.0    0 10.2 29 310   M    M   2 3      36 310
16  97  68  83  -3   0  18 0.00  0.0    0  7.3 22  30   M    M   0        28  30
17  87  73  80  -6   0  15 0.00  0.0    0  8.4 21 300   M    M   2        26 270
18  96  68  82  -4   0  17    T  0.0    0 10.9 24 320   M    M   1        31 320
19  92  70  81  -4   0  16 0.03  0.0    0 10.4 22 310   M    M   4        27 310
20  99  73  86   1   0  21 0.00  0.0    0 12.4 23 290   M    M   0        31 290
21 101  69  85   0   0  20 0.00  0.0    0  8.6 22 290   M    M   0        26 330
22  97  75  86   1   0  21    T  0.0    0  7.8 20 280   M    M   1        26 270
23  94  78  86   1   0  21    T  0.0    0 14.3 24 300   M    M   2        29 290
24 100  70  85   0   0  20    T  0.0    0  8.9 20 310   M    M   0        25 300
25 102  77  90   6   0  25 0.00  0.0    0  9.2 20 280   M    M   1        25 280
26 104  71  88   4   0  23 0.00  0.0    0 10.3 24 280   M    M   0        31 280
27 102  77  90   6   0  25 0.00  0.0    0 10.0 18 310   M    M   1        25 300
28 100  76  88   4   0  23 0.00    M    0  8.0 20 330   M    M   1 3      26 330
29  97  73  85   1   0  20 0.04  0.0    0  7.5 30  40   M    M   4 3      37  40
================================================================================
SM 2816 2112         0 584  1.68     0.0 273.6          M       41
================================================================================
AV 97.1 72.8                               9.4 FASTST   M    M   1    MAX(MPH)
                                 MISC ---->  # 35 310               # 41  270
================================================================================
NOTES:
# LAST OF SEVERAL OCCURRENCES

COLUMN 17 PEAK WIND IN M.P.H.

PRELIMINARY LOCAL CLIMATOLOGICAL DATA (WS FORM: F-6) , PAGE 2

                                          STATION:  SAFFORD AZ AIRPORT
                                          MONTH:    JULY
                                          YEAR:     2015
                                          LATITUDE:   32 50 N
                                          LONGITUDE: 109 38 W

[TEMPERATURE DATA]      [PRECIPITATION DATA]       SYMBOLS USED IN COLUMN 16

AVERAGE MONTHLY: 85.0   TOTAL FOR MONTH:   1.68    1 = FOG OR MIST
DPTR FM NORMAL:  -0.5   DPTR FM NORMAL:   -0.03    2 = FOG REDUCING VISIBILITY
HIGHEST:   106 ON  2    GRTST 24HR  0.65 ON  3- 3      TO 1/4 MILE OR LESS
LOWEST:     68 ON 18,16                            3 = THUNDER
                        SNOW, ICE PELLETS, HAIL    4 = ICE PELLETS
                        TOTAL MONTH:   0.0 INCH    5 = HAIL
                        GRTST 24HR     0.0         6 = FREEZING RAIN OR DRIZZLE
                        GRTST DEPTH:   0           7 = DUSTSTORM OR SANDSTORM:
                                                       VSBY 1/2 MILE OR LESS
                                                   8 = SMOKE OR HAZE
[NO. OF DAYS WITH]      [WEATHER - DAYS WITH]      9 = BLOWING SNOW
                                                   X = TORNADO
MAX 32 OR BELOW:   0    0.01 INCH OR MORE:   8
MAX 90 OR ABOVE:  27    0.10 INCH OR MORE:   4
MIN 32 OR BELOW:   0    0.50 INCH OR MORE:   2
MIN  0 OR BELOW:   0    1.00 INCH OR MORE:   0

[HDD (BASE 65) ]
TOTAL THIS MO.     0    CLEAR  (SCALE 0-3)  26
DPTR FM NORMAL     0    PTCLDY (SCALE 4-7)   3
TOTAL FM JUL 1     0    CLOUDY (SCALE 8-10)  0
DPTR FM NORMAL     0

[CDD (BASE 65) ]
TOTAL THIS MO.   584
DPTR FM NORMAL   -10    [PRESSURE DATA]
TOTAL FM JAN 1  1449    HIGHEST SLP M ON M
DPTR FM NORMAL   -33    LOWEST  SLP 29.65 ON  3

[REMARKS]
