257
CXUS56 KSGX 221445
CF6SAN
PRELIMINARY LOCAL CLIMATOLOGICAL DATA (WS FORM: F-6)

                                          STATION:   SAN DIEGO INTL AIRPORT CA
                                          MONTH:     AUGUST
                                          YEAR:      2017
                                          LATITUDE:   32 43 N
                                          LONGITUDE: 117 10 W

  TEMPERATURE IN F:       :PCPN:    SNOW:  WIND      :SUNSHINE: SKY     :PK WND
================================================================================
1   2   3   4   5  6A  6B    7    8   9   10  11  12  13   14  15   16   17  18
                                     12Z  AVG MX 2MIN
DY MAX MIN AVG DEP HDD CDD  WTR  SNW DPTH SPD SPD DIR MIN PSBL S-S WX    SPD DR
================================================================================

 1  80  70  75   4   0  10    T  0.0    0  4.6 12 210   M    M   8 3      15 230
 2  84  71  78   7   0  13 0.00  0.0    0  4.2  9 340   M    M   7        12 330
 3  81  71  76   5   0  11 0.00  0.0    0  5.7 14 210   M    M   8 18     17 190
 4  83  71  77   6   0  12 0.00  0.0    0  5.8 13 270   M    M   5        18 250
 5  77  70  74   3   0   9 0.00  0.0    0  6.4 13 210   M    M   6        20 250
 6  78  70  74   3   0   9 0.00  0.0    0  6.3 13 220   M    M   7        19 270
 7  79  72  76   5   0  11 0.00  0.0    0  7.0 15 290   M    M   6        20 280
 8  79  70  75   4   0  10 0.00  0.0    0  7.1 16 290   M    M   6        21 300
 9  78  69  74   3   0   9 0.00  0.0    0  7.1 14 280   M    M   5        20 300
10  78  69  74   3   0   9 0.00  0.0    0  6.6 13 290   M    M   6        17 290
11  78  68  73   1   0   8 0.00  0.0    0  7.7 14 290   M    M   7        18 290
12  78  68  73   1   0   8 0.00  0.0    0  5.8 13 240   M    M   8        16 280
13  78  67  73   1   0   8 0.00  0.0    0  5.4 12 260   M    M   6 8      15 290
14  75  66  71  -1   0   6 0.00  0.0    0  6.2 13 250   M    M   7        17 230
15  70  66  68  -4   0   3    T  0.0    0  5.4 13 260   M    M   9 1      17 270
16  76  67  72   0   0   7 0.00  0.0    0  6.6 14 300   M    M   5        20 290
17  77  66  72   0   0   7 0.00  0.0    0  5.8 14 280   M    M   4        17 300
18  77  68  73   1   0   8 0.00  0.0    0  7.0 14 290   M    M   5        20 270
19  76  68  72   0   0   7 0.00  0.0    0  5.6 14 260   M    M   7        18 270
20  75  68  72   0   0   7 0.00  0.0    0  6.8 13 220   M    M   8        17 220
21  78  69  74   2   0   9 0.00  0.0    0  6.9 14 280   M    M   5        18 280
================================================================================
SM 1635 1444         0 181    T      0.0 130.0          M      135
================================================================================
AV 77.9 68.8                               6.2 FASTST   M    M   6    MAX(MPH)
                                 MISC ---->  # 16 290               # 21  300
================================================================================
NOTES:
# LAST OF SEVERAL OCCURRENCES

COLUMN 17 PEAK WIND IN M.P.H.

PRELIMINARY LOCAL CLIMATOLOGICAL DATA (WS FORM: F-6) , PAGE 2

                                          STATION:  SAN DIEGO INTL AIRPORT CA
                                          MONTH:    AUGUST
                                          YEAR:     2017
                                          LATITUDE:   32 43 N
                                          LONGITUDE: 117 10 W

[TEMPERATURE DATA]      [PRECIPITATION DATA]       SYMBOLS USED IN COLUMN 16

AVERAGE MONTHLY: 73.3   TOTAL FOR MONTH:      T    1 = FOG OR MIST
DPTR FM NORMAL:   1.8   DPTR FM NORMAL:   -0.01    2 = FOG REDUCING VISIBILITY
HIGHEST:    84 ON  2    GRTST 24HR    T  ON 15-15      TO 1/4 MILE OR LESS
LOWEST:     66 ON 17,15                            3 = THUNDER
                        SNOW, ICE PELLETS, HAIL    4 = ICE PELLETS
                        TOTAL MONTH:   0.0 INCH    5 = HAIL
                        GRTST 24HR     0.0         6 = FREEZING RAIN OR DRIZZLE
                        GRTST DEPTH:   0           7 = DUSTSTORM OR SANDSTORM:
                                                       VSBY 1/2 MILE OR LESS
                                                   8 = SMOKE OR HAZE
[NO. OF DAYS WITH]      [WEATHER - DAYS WITH]      9 = BLOWING SNOW
                                                   X = TORNADO
MAX 32 OR BELOW:   0    0.01 INCH OR MORE:   0
MAX 90 OR ABOVE:   0    0.10 INCH OR MORE:   0
MIN 32 OR BELOW:   0    0.50 INCH OR MORE:   0
MIN  0 OR BELOW:   0    1.00 INCH OR MORE:   0

[HDD (BASE 65) ]
TOTAL THIS MO.     0    CLEAR  (SCALE 0-3)   0
DPTR FM NORMAL     0    PTCLDY (SCALE 4-7)  20
TOTAL FM JUL 1     0    CLOUDY (SCALE 8-10)  1
DPTR FM NORMAL    -1

[CDD (BASE 65) ]
TOTAL THIS MO.   181
DPTR FM NORMAL    46    [PRESSURE DATA]
TOTAL FM JAN 1   626    HIGHEST SLP M ON M
DPTR FM NORMAL   226    LOWEST  SLP 29.79 ON 11

[REMARKS]
