000
CXUS53 KMKX 300653
CF6SBM
PRELIMINARY LOCAL CLIMATOLOGICAL DATA (WS FORM: F-6)

                                          STATION:   SHEBOYGAN WI
                                          MONTH:     JUNE
                                          YEAR:      2014
                                          LATITUDE:   43 46 N
                                          LONGITUDE:  87 51 W

  TEMPERATURE IN F:       :PCPN:    SNOW:  WIND      :SUNSHINE: SKY     :PK WND
================================================================================
1   2   3   4   5  6A  6B    7    8   9   10  11  12  13   14  15   16   17  18
                                     12Z  AVG MX 2MIN
DY MAX MIN AVG DEP HDD CDD  WTR  SNW DPTH SPD SPD DIR MIN PSBL S-S WX    SPD DR
================================================================================

 1  80  57  69  10   0   4 0.73    M    M 10.0 22 170   M    M   2 13     30 170
 2  79  59  69   9   0   4 0.70  0.0    0 10.9 25 250   M    M   5 13     34 260
 3  75  59  67   7   0   2 0.00  0.0    0 12.7 26 300   M    M   2        41 310
 4  71  49  60   0   5   0    T  0.0    0  3.9 17  50   M    M   3 18     20  50
 5  71  46  59  -2   6   0 0.00    M    M  4.0 12 120   M    M   0 1      15 110
 6  79  56  68   7   0   3 0.00    M    M  6.4 18 180   M    M   3        22 180
 7  78  54  66   4   0   1    T    M    M  7.6 15  60   M    M   1        19 150
 8  69  48  59  -3   6   0 0.00    M    M 11.2 24  50   M    M   3        29  40
 9  71  44  58  -4   7   0 0.00  0.0    0  6.9 13  60   M    M   1        16  60
10  64  51  58  -5   7   0 0.00  0.0    0  7.3 14  40   M    M   2        16  50
11  62  54  58  -5   7   0 0.46  0.0    0  9.9 20  40   M    M   9 18     27  40
12  76  57  67   3   0   2 0.00  0.0    0  9.9 23 300   M    M   6 1      30 300
13  71  46  59  -5   6   0 0.00  0.0    0 10.8 23 300   M    M   1        30 300
14  66  40  53 -11  12   0 0.00  0.0    0  5.9 14 150   M    M   0 1      20 140
15  71  45  58  -7   7   0 0.02    M    0 10.0 30 170   M    M   1        42 160
16  85  56  71   6   0   6 0.01    M    M  8.5 20 160   M    M   1 3      26 160
17  84  62  73   8   0   8 0.79    M    M 10.4 32 190   M    M   4 13     43 190
18  71  59  65  -1   0   0 1.86    M    M  8.5 21 270   M    M   6 123    25 270
19  72  54  63  -3   2   0 0.04    M    M  7.2 15  70   M    M   7 12     18  70
20  64  53  59  -7   6   0 0.26  0.0    0  4.1 12 120   M    M   9 12     16 110
21  68  54  61  -6   4   0    T  0.0    0  3.9 16 190   M    M  10 12     19 190
22  73  55  64  -3   1   0 0.01  0.0    0  3.3  9 100   M    M   7 1      13 130
23  76  58  67   0   0   2 0.32  0.0    0  2.9 12  80   M    M   9 123    14  70
24  79  59  69   2   0   4 0.10  0.0    0  4.8 18  30   M    M   6 123    23  20
25  64  55  60  -8   5   0 0.00  0.0    0  8.5 15  40   M    M   9 12     19  30
26  69  52  61  -7   4   0 0.00  0.0    0  5.2 10  60   M    M   1 12     13  60
27  76  54  65  -3   0   0 0.00    M    M  6.6 16 150   M    M   4 12     23 140
28  79  62  71   3   0   6    T    M    M  9.8 22 170   M    M   1 18     30 180
29  84  68  76   8   0  11 0.11    M    M 12.1 23 230   M    M   2 13     32 220
================================================================================
SM 2127 1566        85  53  5.41     0.0 223.2          M      115
================================================================================
AV 73.3 54.0                               7.7 FASTST   M    M   4    MAX(MPH)
                                 MISC ---->  # 32 190               # 43  190
================================================================================
NOTES:
# LAST OF SEVERAL OCCURRENCES

COLUMN 17 PEAK WIND IN M.P.H.

PRELIMINARY LOCAL CLIMATOLOGICAL DATA (WS FORM: F-6) , PAGE 2

                                          STATION:  SHEBOYGAN WI
                                          MONTH:    JUNE
                                          YEAR:     2014
                                          LATITUDE:   43 46 N
                                          LONGITUDE:  87 51 W

[TEMPERATURE DATA]      [PRECIPITATION DATA]       SYMBOLS USED IN COLUMN 16

AVERAGE MONTHLY: 63.7   TOTAL FOR MONTH:   5.41    1 = FOG OR MIST
DPTR FM NORMAL:  -0.7   DPTR FM NORMAL:    1.67    2 = FOG REDUCING VISIBILITY
HIGHEST:    85 ON 16    GRTST 24HR  1.86 ON 18-18      TO 1/4 MILE OR LESS
LOWEST:     40 ON 14                               3 = THUNDER
                        SNOW, ICE PELLETS, HAIL    4 = ICE PELLETS
                        TOTAL MONTH:   0.0 INCH    5 = HAIL
                        GRTST 24HR     0.0         6 = FREEZING RAIN OR DRIZZLE
                        GRTST DEPTH:   0           7 = DUSTSTORM OR SANDSTORM:
                                                       VSBY 1/2 MILE OR LESS
                                                   8 = SMOKE OR HAZE
[NO. OF DAYS WITH]      [WEATHER - DAYS WITH]      9 = BLOWING SNOW
                                                   X = TORNADO
MAX 32 OR BELOW:   0    0.01 INCH OR MORE:  13
MAX 90 OR ABOVE:   0    0.10 INCH OR MORE:   9
MIN 32 OR BELOW:   0    0.50 INCH OR MORE:   4
MIN  0 OR BELOW:   0    1.00 INCH OR MORE:   1

[HDD (BASE 65) ]
TOTAL THIS MO.    85    CLEAR  (SCALE 0-3)  16
DPTR FM NORMAL    -8    PTCLDY (SCALE 4-7)   8
TOTAL FM JUL 1  8701    CLOUDY (SCALE 8-10)  5
DPTR FM NORMAL  1060

[CDD (BASE 65) ]
TOTAL THIS MO.    53
DPTR FM NORMAL   -19    [PRESSURE DATA]
TOTAL FM JAN 1    59    HIGHEST SLP M ON M
DPTR FM NORMAL   -23    LOWEST  SLP 29.62 ON 15

[REMARKS]
