000
CXUS55 KLOX 301655
CF6SDB
PRELIMINARY LOCAL CLIMATOLOGICAL DATA (WS FORM: F-6)

                                          STATION:   SANDBERG CA
                                          MONTH:     SEPTEMBER
                                          YEAR:      2016
                                          LATITUDE:   34 45 N
                                          LONGITUDE: 118 44 W

  TEMPERATURE IN F:       :PCPN:    SNOW:  WIND      :SUNSHINE: SKY     :PK WND
================================================================================
1   2   3   4   5  6A  6B    7    8   9   10  11  12  13   14  15   16   17  18
                                     12Z  AVG MX 2MIN
DY MAX MIN AVG DEP HDD CDD  WTR  SNW DPTH SPD SPD DIR MIN PSBL S-S WX    SPD DR
================================================================================

 1  91  67  79   6   0  14 0.00  0.0    0 10.6 23 160   M    M   0        30 170
 2  85  62  74   2   0   9 0.00  0.0    0 11.5 23 180   M    M   0        30 170
 3  80  54  67  -5   0   2 0.00  0.0    0 10.6 21 320   M    M   0        27 320
 4  75  49  62 -10   3   0 0.00  0.0    0 14.1 25 330   M    M   1 128    31 340
 5  77  53  65  -7   0   0 0.00  0.0    0 14.4 28 330   M    M   0 8      36 340
 6  92  60  76   4   0  11 0.00  0.0    0 11.2 22 340   M    M   0        29 340
 7  88  61  75   3   0  10 0.00  0.0    0 13.1 25 180   M    M   0        33 140
 8  89  65  77   6   0  12 0.00  0.0    0  8.2 17 330   M    M   0        23 340
 9  89  66  78   7   0  13 0.00  0.0    0 10.2 20 210   M    M   0        28 200
10  91  69  80   9   0  15 0.00  0.0    0 10.8 22 160   M    M   0        30 160
11  85  64  75   4   0  10 0.00  0.0    0  9.8 18 180   M    M   0        31 180
12  75  51  63  -7   2   0 0.00  0.0    0 12.7 23 190   M    M   2 128    29 190
13  63  48  56 -14   9   0 0.00  0.0    0 17.6 30 210   M    M   6 128    42 200
14  79  47  63  -7   2   0 0.00  0.0    0  9.2 21 320   M    M   0        25 310
15  83  56  70   0   0   5 0.00  0.0    0 11.5 20 330   M    M   0        27  80
16  86  59  73   4   0   8 0.00  0.0    0 13.1 23  80   M    M   0        30 100
17  90  65  78   9   0  13 0.00  0.0    0 11.9 21  80   M    M   0        29 110
18  94  71  83  14   0  18 0.00  0.0    0 10.0 21  90   M    M   0        27 100
19  94  65  80  12   0  15 0.00  0.0    0 10.0 23 180   M    M   0        30 180
20  85  62  74   6   0   9 0.00  0.0    0 10.2 20 170   M    M   0 8      28 170
21  82  58  70   2   0   5 0.00  0.0    0 10.2 24 330   M    M   1        28 330
22  64  48  56 -12   9   0 0.00  0.0    0 16.5 35 330   M    M   0        43 340
23  67  47  57 -10   8   0 0.00  0.0    0 18.9 36 330   M    M   0        43 320
24  83  55  69   2   0   4 0.00  0.0    0 12.3 31 340   M    M   0        36 330
25  86  66  76   9   0  11 0.00  0.0    0 15.8 33  80   M    M   0        42  80
26  88  66  77  11   0  12 0.00  0.0    0 12.3 26  90   M    M   0        35 110
27  87  67  77  11   0  12 0.00  0.0    0 11.4 21  90   M    M   0        28  90
28  85  67  76  10   0  11    T  0.0    0  9.1 21 110   M    M   2        27  90
29  87  66  77  12   0  12 0.00  0.0    0  9.1 14 140   M    M   1        18 160
================================================================================
SM 2420 1734        33 231    T      0.0 346.4          M       13
================================================================================
AV 83.4 59.8                              11.9 FASTST   M    M   0    MAX(MPH)
                                 MISC ---->  # 36 330               # 43  340
================================================================================
NOTES:
# LAST OF SEVERAL OCCURRENCES

COLUMN 17 PEAK WIND IN M.P.H.

PRELIMINARY LOCAL CLIMATOLOGICAL DATA (WS FORM: F-6) , PAGE 2

                                          STATION:  SANDBERG CA
                                          MONTH:    SEPTEMBER
                                          YEAR:     2016
                                          LATITUDE:   34 45 N
                                          LONGITUDE: 118 44 W

[TEMPERATURE DATA]      [PRECIPITATION DATA]       SYMBOLS USED IN COLUMN 16

AVERAGE MONTHLY: 71.6   TOTAL FOR MONTH:      T    1 = FOG OR MIST
DPTR FM NORMAL:   2.2   DPTR FM NORMAL:   -0.16    2 = FOG REDUCING VISIBILITY
HIGHEST:    94 ON 19,18 GRTST 24HR    T  ON 28-28      TO 1/4 MILE OR LESS
LOWEST:     47 ON 23,14                            3 = THUNDER
                        SNOW, ICE PELLETS, HAIL    4 = ICE PELLETS
                        TOTAL MONTH:   0.0 INCH    5 = HAIL
                        GRTST 24HR     0.0         6 = FREEZING RAIN OR DRIZZLE
                        GRTST DEPTH:   0           7 = DUSTSTORM OR SANDSTORM:
                                                       VSBY 1/2 MILE OR LESS
                                                   8 = SMOKE OR HAZE
[NO. OF DAYS WITH]      [WEATHER - DAYS WITH]      9 = BLOWING SNOW
                                                   X = TORNADO
MAX 32 OR BELOW:   0    0.01 INCH OR MORE:   0
MAX 90 OR ABOVE:   6    0.10 INCH OR MORE:   0
MIN 32 OR BELOW:   0    0.50 INCH OR MORE:   0
MIN  0 OR BELOW:   0    1.00 INCH OR MORE:   0

[HDD (BASE 65) ]
TOTAL THIS MO.    33    CLEAR  (SCALE 0-3)  28
DPTR FM NORMAL   -25    PTCLDY (SCALE 4-7)   1
TOTAL FM JUL 1    33    CLOUDY (SCALE 8-10)  0
DPTR FM NORMAL   -42

[CDD (BASE 65) ]
TOTAL THIS MO.   231
DPTR FM NORMAL    47    [PRESSURE DATA]
TOTAL FM JAN 1  1575    HIGHEST SLP M ON M
DPTR FM NORMAL   634    LOWEST  SLP 29.72 ON  5

[REMARKS]
