000
CXUS55 KPSR 241005
CF6SDL
PRELIMINARY LOCAL CLIMATOLOGICAL DATA (WS FORM: F-6)

                                          STATION:   SCOTTSDALE AZ
                                          MONTH:     JANUARY
                                          YEAR:      2018
                                          LATITUDE:   33 37 N
                                          LONGITUDE: 111 55 W

  TEMPERATURE IN F:       :PCPN:    SNOW:  WIND      :SUNSHINE: SKY     :PK WND
================================================================================
1   2   3   4   5  6A  6B    7    8   9   10  11  12  13   14  15   16   17  18
                                     12Z  AVG MX 2MIN
DY MAX MIN AVG DEP HDD CDD  WTR  SNW DPTH SPD SPD DIR MIN PSBL S-S WX    SPD DR
================================================================================

 1  74  40  57   3   8   0 0.00  0.0    0  2.3  9 210   M    M   0        11 210
 2  76  47  62   8   3   0 0.00  0.0    0  2.2  9 360   M    M   0        11 360
 3  76  46  61   7   4   0 0.00  0.0    0  2.5 12 100   M    M   0        16 110
 4  76  52  64  10   1   0 0.00  0.0    0  1.4  8 130   M    M   0        12 230
 5  76  47  62   8   3   0 0.00  0.0    0  1.4  7 150   M    M   0        10 150
 6  74  47  61   7   4   0 0.00  0.0    0  0.3  6  20   M    M   0         9 260
 7  75  50  63   9   2   0 0.00  0.0    0  2.3  8 240   M    M   1        12 190
 8  75  53  64  10   1   0 0.00  0.0    0  1.5  6 100   M    M   0         9 150
 9  77  52  65  11   0   0 0.27  0.0    0  6.6 26 230   M    M   5 138    37 260
10  60  50  55   1  10   0 0.08  0.0    0  2.8 13 230   M    M   8 1      15 230
11  68  46  57   3   8   0 0.00  0.0    0  2.3  9 200   M    M   0        12 200
12  70  45  58   4   7   0 0.00  0.0    0  1.6  8 230   M    M   0         9 230
13  78  44  61   7   4   0 0.00  0.0    0  1.1  6 360   M    M   0         7  50
14  77  45  61   6   4   0 0.00  0.0    0  1.2  7 270   M    M   0         9 220
15  74  46  60   5   5   0 0.00  0.0    0  2.2  7  30   M    M   0         9 250
16  72  50  61   6   4   0 0.00  0.0    0  3.5 13 140   M    M   0        18 140
17  70  48  59   4   6   0 0.00  0.0    0  2.3  8 210   M    M   0        11 220
18  73  44  59   4   6   0 0.00  0.0    0  1.1  7 220   M    M   0         9 210
19  74  46  60   5   5   0 0.00  0.0    0  1.9 10 160   M    M   0        14 130
20  58  45  52  -3  13   0 0.01    M    0  4.7 22 270   M    M   8        33 280
21  56  39  48  -7  17   0 0.00  0.0    0  3.2 12 280   M    M   0        18 330
22  60  35  48  -7  17   0 0.00  0.0    0  1.7  7 260   M    M   0         9 220
23  69  35  52  -3  13   0 0.00  0.0    0  3.1 13  30   M    M   0        17  40
================================================================================
SM 1638 1052       145   0  0.36     0.0  53.2          M       22
================================================================================
AV 71.2 45.7                               2.3 FASTST   M    M   1    MAX(MPH)
                                 MISC ---->  # 26 230               # 37  260
================================================================================
NOTES:
# LAST OF SEVERAL OCCURRENCES

COLUMN 17 PEAK WIND IN M.P.H.

PRELIMINARY LOCAL CLIMATOLOGICAL DATA (WS FORM: F-6) , PAGE 2

                                          STATION:  SCOTTSDALE AZ
                                          MONTH:    JANUARY
                                          YEAR:     2018
                                          LATITUDE:   33 37 N
                                          LONGITUDE: 111 55 W

[TEMPERATURE DATA]      [PRECIPITATION DATA]       SYMBOLS USED IN COLUMN 16

AVERAGE MONTHLY: 58.5   TOTAL FOR MONTH:   0.36    1 = FOG OR MIST
DPTR FM NORMAL:   4.0   DPTR FM NORMAL:   -0.59    2 = FOG REDUCING VISIBILITY
HIGHEST:    78 ON 13    GRTST 24HR  0.27 ON  9- 9      TO 1/4 MILE OR LESS
LOWEST:     35 ON 23,22                            3 = THUNDER
                        SNOW, ICE PELLETS, HAIL    4 = ICE PELLETS
                        TOTAL MONTH:   0.0 INCH    5 = HAIL
                        GRTST 24HR     0.0         6 = FREEZING RAIN OR DRIZZLE
                        GRTST DEPTH:   0           7 = DUSTSTORM OR SANDSTORM:
                                                       VSBY 1/2 MILE OR LESS
                                                   8 = SMOKE OR HAZE
[NO. OF DAYS WITH]      [WEATHER - DAYS WITH]      9 = BLOWING SNOW
                                                   X = TORNADO
MAX 32 OR BELOW:   0    0.01 INCH OR MORE:   3
MAX 90 OR ABOVE:   0    0.10 INCH OR MORE:   1
MIN 32 OR BELOW:   0    0.50 INCH OR MORE:   0
MIN  0 OR BELOW:   0    1.00 INCH OR MORE:   0

[HDD (BASE 65) ]
TOTAL THIS MO.   145    CLEAR  (SCALE 0-3)  20
DPTR FM NORMAL   -98    PTCLDY (SCALE 4-7)   2
TOTAL FM JUL 1   378    CLOUDY (SCALE 8-10)  1
DPTR FM NORMAL  -364

[CDD (BASE 65) ]
TOTAL THIS MO.     0
DPTR FM NORMAL     0    [PRESSURE DATA]
TOTAL FM JAN 1     0    HIGHEST SLP M ON M
DPTR FM NORMAL     0    LOWEST  SLP 29.64 ON  9

[REMARKS]
