809
CXUS56 KSGX 181545
CF6SDM
PRELIMINARY LOCAL CLIMATOLOGICAL DATA (WS FORM: F-6)

                                          STATION:   SAN DIEGO/BROWN
                                          MONTH:     NOVEMBER
                                          YEAR:      2017
                                          LATITUDE:   32 34 N
                                          LONGITUDE: 116 59 W

  TEMPERATURE IN F:       :PCPN:    SNOW:  WIND      :SUNSHINE: SKY     :PK WND
================================================================================
1   2   3   4   5  6A  6B    7    8   9   10  11  12  13   14  15   16   17  18
                                     12Z  AVG MX 2MIN
DY MAX MIN AVG DEP HDD CDD  WTR  SNW DPTH SPD SPD DIR MIN PSBL S-S WX    SPD DR
================================================================================

 1  68  61  65   3   0   0 0.00  0.0    0  3.1 12 240   M    M  10        15 250
 2  71  54  63   1   2   0 0.00  0.0    0  3.9 15 260   M    M   6 8      19 240
 3  73  49  61  -1   4   0 0.00  0.0    0  4.4 15 280   M    M   0 8      20 260
 4  71  48  60  -1   5   0 0.00  0.0    0  5.0 15 280   M    M   0 18     19 300
 5  72  52  62   1   3   0 0.00  0.0    0  4.3 12 280   M    M   4 18     16 270
 6  75  52  64   3   1   0 0.00  0.0    0  2.5 10 280   M    M   0        14 290
 7  74  55  65   4   0   0 0.31  0.0    0  3.7 21 240   M    M   1 138    26 230
 8  77  54  66   6   0   1 0.00  0.0    0  4.1 16 280   M    M   0 1      19 280
 9  72  58  65   5   0   0 0.00  0.0    0  4.0 16 280   M    M   5        22 270
10  70  50  60   0   5   0 0.00  0.0    0  4.1 14 270   M    M   2 1      18 270
11  72  47  60   0   5   0 0.00  0.0    0  3.8 10 280   M    M   0 18     16 280
12  69  52  61   2   4   0 0.00  0.0    0  3.4 20 310   M    M   0 1      34 330
13  71  54  63   4   2   0 0.00  0.0    0  2.6  9 260   M    M   0 18     11 300
14  77  48  63   4   2   0 0.00  0.0    0  4.2 10 280   M    M   0 18     14 270
15  81  51  66   7   0   1 0.00  0.0    0  4.6 10 280   M    M   0 18     14 300
16  82  54  68  10   0   3 0.00  0.0    0  5.1 12 280   M    M   0 8      17 270
17  74  56  65   7   0   0 0.00  0.0    0  3.9 12 280   M    M   2 8      14 290
================================================================================
SM 1249  895        33   5  0.31     0.0  66.7          M       30
================================================================================
AV 73.5 52.7                               3.9 FASTST   M    M   2    MAX(MPH)
                                 MISC ---->  # 21 240               # 34  330
================================================================================
NOTES:
# LAST OF SEVERAL OCCURRENCES

COLUMN 17 PEAK WIND IN M.P.H.

PRELIMINARY LOCAL CLIMATOLOGICAL DATA (WS FORM: F-6) , PAGE 2

                                          STATION:  SAN DIEGO/BROWN
                                          MONTH:    NOVEMBER
                                          YEAR:     2017
                                          LATITUDE:   32 34 N
                                          LONGITUDE: 116 59 W

[TEMPERATURE DATA]      [PRECIPITATION DATA]       SYMBOLS USED IN COLUMN 16

AVERAGE MONTHLY: 63.1   TOTAL FOR MONTH:   0.31    1 = FOG OR MIST
DPTR FM NORMAL:   2.9   DPTR FM NORMAL:   -0.25    2 = FOG REDUCING VISIBILITY
HIGHEST:    82 ON 16    GRTST 24HR  0.31 ON  7- 7      TO 1/4 MILE OR LESS
LOWEST:     47 ON 11                               3 = THUNDER
                        SNOW, ICE PELLETS, HAIL    4 = ICE PELLETS
                        TOTAL MONTH:   0.0 INCH    5 = HAIL
                        GRTST 24HR     0.0         6 = FREEZING RAIN OR DRIZZLE
                        GRTST DEPTH:   0           7 = DUSTSTORM OR SANDSTORM:
                                                       VSBY 1/2 MILE OR LESS
                                                   8 = SMOKE OR HAZE
[NO. OF DAYS WITH]      [WEATHER - DAYS WITH]      9 = BLOWING SNOW
                                                   X = TORNADO
MAX 32 OR BELOW:   0    0.01 INCH OR MORE:   1
MAX 90 OR ABOVE:   0    0.10 INCH OR MORE:   1
MIN 32 OR BELOW:   0    0.50 INCH OR MORE:   0
MIN  0 OR BELOW:   0    1.00 INCH OR MORE:   0

[HDD (BASE 65) ]
TOTAL THIS MO.    33    CLEAR  (SCALE 0-3)  13
DPTR FM NORMAL   -62    PTCLDY (SCALE 4-7)   3
TOTAL FM JUL 1    41    CLOUDY (SCALE 8-10)  1
DPTR FM NORMAL  -119

[CDD (BASE 65) ]
TOTAL THIS MO.     5
DPTR FM NORMAL    -7    [PRESSURE DATA]
TOTAL FM JAN 1   990    HIGHEST SLP M ON M
DPTR FM NORMAL   370    LOWEST  SLP 29.89 ON  1

[REMARKS]
