896
CXUS56 KSGX 171545
CF6SDM
PRELIMINARY LOCAL CLIMATOLOGICAL DATA (WS FORM: F-6)

                                          STATION:   SAN DIEGO/BROWN
                                          MONTH:     JANUARY
                                          YEAR:      2018
                                          LATITUDE:   32 34 N
                                          LONGITUDE: 116 59 W

  TEMPERATURE IN F:       :PCPN:    SNOW:  WIND      :SUNSHINE: SKY     :PK WND
================================================================================
1   2   3   4   5  6A  6B    7    8   9   10  11  12  13   14  15   16   17  18
                                     12Z  AVG MX 2MIN
DY MAX MIN AVG DEP HDD CDD  WTR  SNW DPTH SPD SPD DIR MIN PSBL S-S WX    SPD DR
================================================================================

 1  67  42  55   0  10   0 0.00  0.0    0  3.1 10 270   M    M   4 128    13 260
 2  77  50  64   9   1   0 0.00  0.0    0  3.4 13 130   M    M   1 128    14 130
 3  73  53  63   8   2   0 0.00  0.0    0  1.7 10 110   M    M   1 128    12 280
 4  77  47  62   7   3   0 0.00  0.0    0  3.7 13 280   M    M   2 128    16 260
 5  75  49  62   7   3   0 0.00  0.0    0  4.2 12 270   M    M   1 128    15 280
 6  77  55  66  11   0   1 0.00  0.0    0  3.8 10 290   M    M   2 128    15 280
 7  72  52  62   7   3   0 0.00  0.0    0  2.3  9 280   M    M   0 18     12 300
 8  76  59  68  13   0   3 0.07  0.0    0  5.8 18 160   M    M   5 18     26 260
 9  64  54  59   4   6   0 1.29  0.0    0 13.8 39 170   M    M   9 1      47 180
10  60  51  56   1   9   0 0.22  0.0    0  5.5 14 280   M    M   7 1      33 330
11  68  46  57   2   8   0 0.00  0.0    0  4.1 10 270   M    M   1 12     13 270
12  72  47  60   5   5   0 0.00  0.0    0  3.7 14 120   M    M   0 18     16 110
13  86  54  70  15   0   5 0.00  0.0    0  9.8 18 110   M    M   0        23 110
14  83  54  69  14   0   4 0.00  0.0    0  8.0 16 120   M    M   0        20 120
15  74  48  61   6   4   0 0.00  0.0    0  4.8 12 280   M    M   0 18     14 280
16  70  49  60   5   5   0 0.00  0.0    0  4.2 12 280   M    M   0 18     17 280
================================================================================
SM 1171  810        59  13  1.58     0.0  81.9          M       33
================================================================================
AV 73.2 50.6                               5.1 FASTST   M    M   2    MAX(MPH)
                                 MISC ---->  # 39 170               # 47  180
================================================================================
NOTES:
# LAST OF SEVERAL OCCURRENCES

COLUMN 17 PEAK WIND IN M.P.H.

PRELIMINARY LOCAL CLIMATOLOGICAL DATA (WS FORM: F-6) , PAGE 2

                                          STATION:  SAN DIEGO/BROWN
                                          MONTH:    JANUARY
                                          YEAR:     2018
                                          LATITUDE:   32 34 N
                                          LONGITUDE: 116 59 W

[TEMPERATURE DATA]      [PRECIPITATION DATA]       SYMBOLS USED IN COLUMN 16

AVERAGE MONTHLY: 61.9   TOTAL FOR MONTH:   1.58    1 = FOG OR MIST
DPTR FM NORMAL:   6.9   DPTR FM NORMAL:    0.04    2 = FOG REDUCING VISIBILITY
HIGHEST:    86 ON 13    GRTST 24HR  1.29 ON  9- 9      TO 1/4 MILE OR LESS
LOWEST:     42 ON  1                               3 = THUNDER
                        SNOW, ICE PELLETS, HAIL    4 = ICE PELLETS
                        TOTAL MONTH:   0.0 INCH    5 = HAIL
                        GRTST 24HR     0.0         6 = FREEZING RAIN OR DRIZZLE
                        GRTST DEPTH:   0           7 = DUSTSTORM OR SANDSTORM:
                                                       VSBY 1/2 MILE OR LESS
                                                   8 = SMOKE OR HAZE
[NO. OF DAYS WITH]      [WEATHER - DAYS WITH]      9 = BLOWING SNOW
                                                   X = TORNADO
MAX 32 OR BELOW:   0    0.01 INCH OR MORE:   3
MAX 90 OR ABOVE:   0    0.10 INCH OR MORE:   2
MIN 32 OR BELOW:   0    0.50 INCH OR MORE:   1
MIN  0 OR BELOW:   0    1.00 INCH OR MORE:   1

[HDD (BASE 65) ]
TOTAL THIS MO.    59    CLEAR  (SCALE 0-3)  12
DPTR FM NORMAL  -101    PTCLDY (SCALE 4-7)   3
TOTAL FM JUL 1   330    CLOUDY (SCALE 8-10)  1
DPTR FM NORMAL  -416

[CDD (BASE 65) ]
TOTAL THIS MO.    13
DPTR FM NORMAL    13    [PRESSURE DATA]
TOTAL FM JAN 1    13    HIGHEST SLP M ON M
DPTR FM NORMAL    13    LOWEST  SLP 29.67 ON  9

[REMARKS]
