000
CXUS56 KOTX 291500
CF6SFF
PRELIMINARY LOCAL CLIMATOLOGICAL DATA (WS FORM: F-6)

                                          STATION:   SPOKANE WA FELTS AIRPORT
                                          MONTH:     JULY
                                          YEAR:      2015
                                          LATITUDE:   47 40 N
                                          LONGITUDE: 117 20 W

  TEMPERATURE IN F:       :PCPN:    SNOW:  WIND      :SUNSHINE: SKY     :PK WND
================================================================================
1   2   3   4   5  6A  6B    7    8   9   10  11  12  13   14  15   16   17  18
                                     12Z  AVG MX 2MIN
DY MAX MIN AVG DEP HDD CDD  WTR  SNW DPTH SPD SPD DIR MIN PSBL S-S WX    SPD DR
================================================================================

 1  97  63  80  14   0  15 0.00    M    M  4.5 14 290   M    M   0        19 290
 2  99  62  81  14   0  16 0.00    M    M  3.7 10 220   M    M   0        17 290
 3 101  64  83  16   0  18 0.00    M    M  4.5 14 240   M    M   0        22 240
 4 100  65  83  16   0  18 0.00    M    M  5.9 17 350   M    M   0 8      28 350
 5  89  69  79  11   0  14 0.00    M    M  8.7 21  70   M    M   0 8      28  60
 6  94  60  77   9   0  12 0.00    M    M  3.7 13  80   M    M   1 8      17  90
 7  93  60  77   9   0  12 0.00    M    M  6.0 17  90   M    M   1 8      22 100
 8  97  60  79  11   0  14 0.00    M    M  3.6 13  90   M    M   0 8      15 120
 9  99  59  79  10   0  14 0.00    M    M  3.0 10  80   M    M   0 8      12  80
10  93  66  80  11   0  15 0.04    M    M  6.3 20 220   M    M   1 38     25 220
11  78  64  71   2   0   6 0.33    M    M  3.7 16 200   M    M   7 1      22 210
12  84  63  74   5   0   9 0.00    M    M  6.8 15 210   M    M   4        20 200
13  83  65  74   4   0   9 0.02    M    M  6.9 22 230   M    M   5        26 220
14  86  61  74   4   0   9 0.00    M    M  2.9 14 220   M    M   3        17 290
15  87  58  73   3   0   8 0.00    M    M  6.9 22 220   M    M   2 8      29 230
16  81  60  71   1   0   6 0.00    M    M  7.5 20 290   M    M   3        25 290
17  85  54  70   0   0   5 0.00    M    M  4.3 13  70   M    M   0        17 290
18  90  57  74   3   0   9 0.00    M    M  2.3 13 160   M    M   2 8      18 190
19  96  59  78   7   0  13 0.00    M    M  2.8 12 230   M    M   0        14 180
20  95  68  82  11   0  17 0.00    M    M  8.6 20 220   M    M   1        30 190
21  88  65  77   6   0  12 0.00    M    M  9.5 22 210   M    M   0 8      27 230
22  82  60  71   0   0   6 0.00    M    M  6.6 20 190   M    M   0        28 220
23  85  54  70  -1   0   5 0.00    M    M  7.2 21 220   M    M   0        25 220
24  84  61  73   2   0   8 0.00    M    M  6.6 20 210   M    M   0        24 240
25  80  65  73   1   0   8 0.08    M    M 10.4 23 230   M    M   7        30 230
26  76  56  66  -6   0   1 0.00    M    M  8.2 17 210   M    M   3        22 200
27  76  54  65  -7   0   0    T    M    M  7.0 16 290   M    M   4 3      23 280
28  82  51  67  -5   0   2 0.00    M    M  3.6 15 230   M    M   1        19 230
================================================================================
SM 2480 1703         0 281  0.47    M    161.7          M       45
================================================================================
AV 88.6 60.8                               5.8 FASTST   M    M   2    MAX(MPH)
                                 MISC ---->  # 23 230               # 30  190
================================================================================
NOTES:
# LAST OF SEVERAL OCCURRENCES

COLUMN 17 PEAK WIND IN M.P.H.

PRELIMINARY LOCAL CLIMATOLOGICAL DATA (WS FORM: F-6) , PAGE 2

                                          STATION:  SPOKANE WA FELTS AIRPORT
                                          MONTH:    JULY
                                          YEAR:     2015
                                          LATITUDE:   47 40 N
                                          LONGITUDE: 117 20 W

[TEMPERATURE DATA]      [PRECIPITATION DATA]       SYMBOLS USED IN COLUMN 16

AVERAGE MONTHLY: 74.7   TOTAL FOR MONTH:   0.47    1 = FOG OR MIST
DPTR FM NORMAL:   5.1   DPTR FM NORMAL:   -0.31    2 = FOG REDUCING VISIBILITY
HIGHEST:   101 ON  3    GRTST 24HR  0.37 ON 10-11      TO 1/4 MILE OR LESS
LOWEST:     51 ON 28                               3 = THUNDER
                        SNOW, ICE PELLETS, HAIL    4 = ICE PELLETS
                        TOTAL MONTH:    M          5 = HAIL
                        GRTST 24HR    M  ON   M    6 = FREEZING RAIN OR DRIZZLE
                        GRTST DEPTH:  M  ON   M    7 = DUSTSTORM OR SANDSTORM:
                                                       VSBY 1/2 MILE OR LESS
                                                   8 = SMOKE OR HAZE
[NO. OF DAYS WITH]      [WEATHER - DAYS WITH]      9 = BLOWING SNOW
                                                   X = TORNADO
MAX 32 OR BELOW:   0    0.01 INCH OR MORE:   4
MAX 90 OR ABOVE:  12    0.10 INCH OR MORE:   1
MIN 32 OR BELOW:   0    0.50 INCH OR MORE:   0
MIN  0 OR BELOW:   0    1.00 INCH OR MORE:   0

[HDD (BASE 65) ]
TOTAL THIS MO.     0    CLEAR  (SCALE 0-3)  23
DPTR FM NORMAL   -18    PTCLDY (SCALE 4-7)   5
TOTAL FM JUL 1     0    CLOUDY (SCALE 8-10)  0
DPTR FM NORMAL   -18

[CDD (BASE 65) ]
TOTAL THIS MO.   281
DPTR FM NORMAL   130    [PRESSURE DATA]
TOTAL FM JAN 1   543    HIGHEST SLP  0.00 ON  3
DPTR FM NORMAL   345    LOWEST  SLP  0.00 ON M

[REMARKS]
