000
CXUS56 KOTX 180900
CF6SFF
PRELIMINARY LOCAL CLIMATOLOGICAL DATA (WS FORM: F-6)

                                          STATION:   SPOKANE WA FELTS AIRPORT
                                          MONTH:     FEBRUARY
                                          YEAR:      2018
                                          LATITUDE:   47 40 N
                                          LONGITUDE: 117 20 W

  TEMPERATURE IN F:       :PCPN:    SNOW:  WIND      :SUNSHINE: SKY     :PK WND
================================================================================
1   2   3   4   5  6A  6B    7    8   9   10  11  12  13   14  15   16   17  18
                                     12Z  AVG MX 2MIN
DY MAX MIN AVG DEP HDD CDD  WTR  SNW DPTH SPD SPD DIR MIN PSBL S-S WX    SPD DR
================================================================================

 1  43  32  38   5  27   0 0.17    M    M  3.3 12 230   M    M  10 1      16 240
 2  47  34  41   8  24   0 0.21    M    M  2.6 15 250   M    M  10 12     21 230
 3  55  37  46  13  19   0 0.02    M    M  6.9 20 230   M    M   6 1      26 230
 4  54  43  49  16  16   0 0.16    M    M  4.9 18 250   M    M   7 1      25 260
 5  49  41  45  12  20   0 0.03    M    M  3.0 12 230   M    M  10        15 240
 6  50  35  43  10  22   0 0.01    M    M  4.4 14 210   M    M   7        17 210
 7  52  42  47  14  18   0 0.00    M    M  5.3 14 220   M    M   6        18 210
 8  58  38  48  15  17   0 0.02    M    M  7.8 23 250   M    M   2        34 260
 9  41  26  34   0  31   0 0.00    M    M  5.4 14  90   M    M   5        18  90
10  38  20  29  -5  36   0 0.00    M    M  3.4 14 220   M    M   1        17 260
11  40  26  33  -1  32   0 0.00    M    M  3.4 14  60   M    M   2        20  40
12  35  18  27  -7  38   0 0.00    M    M  3.0 13  80   M    M   0        19  10
13  42  21  32  -2  33   0 0.00    M    M  3.1 15 210   M    M   4 8      17 210
14  36  22  29  -5  36   0 0.52    M    M  2.1 10 340   M    M   8 12     15 350
15  33  15  24 -10  41   0 0.00    M    M  3.3 15 200   M    M   3 12     18 210
16  39  26  33  -1  32   0 0.08    M    M  5.7 22 230   M    M   9 13     30 220
17  44  30  37   3  28   0 0.32    M    M  6.6 26 250   M    M   9 1      39 250
================================================================================
SM  756  506       470   0  1.54    M     74.2          M       99
================================================================================
AV 44.5 29.8                               4.4 FASTST   M    M   6    MAX(MPH)
                                 MISC ---->  # 26 250               # 39  250
================================================================================
NOTES:
# LAST OF SEVERAL OCCURRENCES

COLUMN 17 PEAK WIND IN M.P.H.

PRELIMINARY LOCAL CLIMATOLOGICAL DATA (WS FORM: F-6) , PAGE 2

                                          STATION:  SPOKANE WA FELTS AIRPORT
                                          MONTH:    FEBRUARY
                                          YEAR:     2018
                                          LATITUDE:   47 40 N
                                          LONGITUDE: 117 20 W

[TEMPERATURE DATA]      [PRECIPITATION DATA]       SYMBOLS USED IN COLUMN 16

AVERAGE MONTHLY: 37.1   TOTAL FOR MONTH:   1.54    1 = FOG OR MIST
DPTR FM NORMAL:   3.6   DPTR FM NORMAL:    0.60    2 = FOG REDUCING VISIBILITY
HIGHEST:    58 ON  8    GRTST 24HR  0.52 ON 14-14      TO 1/4 MILE OR LESS
LOWEST:     15 ON 15                               3 = THUNDER
                        SNOW, ICE PELLETS, HAIL    4 = ICE PELLETS
                        TOTAL MONTH:    M          5 = HAIL
                        GRTST 24HR    M  ON   M    6 = FREEZING RAIN OR DRIZZLE
                        GRTST DEPTH:  M  ON   M    7 = DUSTSTORM OR SANDSTORM:
                                                       VSBY 1/2 MILE OR LESS
                                                   8 = SMOKE OR HAZE
[NO. OF DAYS WITH]      [WEATHER - DAYS WITH]      9 = BLOWING SNOW
                                                   X = TORNADO
MAX 32 OR BELOW:   0    0.01 INCH OR MORE:  10
MAX 90 OR ABOVE:   0    0.10 INCH OR MORE:   5
MIN 32 OR BELOW:  10    0.50 INCH OR MORE:   1
MIN  0 OR BELOW:   0    1.00 INCH OR MORE:   0

[HDD (BASE 65) ]
TOTAL THIS MO.   470    CLEAR  (SCALE 0-3)   5
DPTR FM NORMAL   -66    PTCLDY (SCALE 4-7)   7
TOTAL FM JUL 1  3883    CLOUDY (SCALE 8-10)  5
DPTR FM NORMAL  -365

[CDD (BASE 65) ]
TOTAL THIS MO.     0
DPTR FM NORMAL     0    [PRESSURE DATA]
TOTAL FM JAN 1     0    HIGHEST SLP M ON M
DPTR FM NORMAL     0    LOWEST  SLP 29.51 ON 17

[REMARKS]
