000
CXUS56 KOTX 301500
CF6SFF
PRELIMINARY LOCAL CLIMATOLOGICAL DATA (WS FORM: F-6)

                                          STATION:   SPOKANE WA FELTS AIRPORT
                                          MONTH:     JUNE
                                          YEAR:      2015
                                          LATITUDE:   47 40 N
                                          LONGITUDE: 117 20 W

  TEMPERATURE IN F:       :PCPN:    SNOW:  WIND      :SUNSHINE: SKY     :PK WND
================================================================================
1   2   3   4   5  6A  6B    7    8   9   10  11  12  13   14  15   16   17  18
                                     12Z  AVG MX 2MIN
DY MAX MIN AVG DEP HDD CDD  WTR  SNW DPTH SPD SPD DIR MIN PSBL S-S WX    SPD DR
================================================================================

 1  81  58  70  11   0   5 0.31    M    M  5.1 24 210   M    M   4 138    31 200
 2  69  56  63   4   2   0    T    M    M  8.3 21 210   M    M   8        25 220
 3  70  51  61   1   4   0 0.02    M    M  5.1 18 230   M    M   6        22 220
 4  75  48  62   2   3   0 0.00    M    M  2.5  9  20   M    M   3        14  10
 5  82  49  66   6   0   1 0.00    M    M  2.9 10 350   M    M   0 1      16 350
 6  88  52  70  10   0   5 0.00    M    M  2.7 10 280   M    M   0        13 360
 7  94  57  76  16   0  11 0.00    M    M  3.3 15 240   M    M   0        21 240
 8  97  62  80  19   0  15 0.00    M    M  6.0 20 190   M    M   0 8      29 190
 9  94  60  77  16   0  12 0.00    M    M  4.9 14 290   M    M   0        20 290
10  91  57  74  13   0   9 0.00    M    M  4.6 15 210   M    M   0        21 170
11  90  64  77  16   0  12 0.00    M    M 10.9 23 240   M    M   0        32 240
12  79  52  66   4   0   1 0.00    M    M 11.8 26 240   M    M   0        36 220
13  75  44  60  -2   5   0 0.00    M    M  3.7 10 340   M    M   2 8      14 210
14  80  47  64   2   1   0 0.00    M    M  2.8 13  90   M    M   1 8      16  70
15  84  51  68   6   0   3 0.00    M    M  4.5 18  80   M    M   0        23  60
16  89  51  70   8   0   5 0.00    M    M  3.0  9 210   0    0   0         M  M
17  87  62  75  12   0  10 0.00    M    M  7.6 16 230   M    M   0 8      29 230
18  89  61  75  12   0  10 0.00    M    M  7.0 22 220   M    M   0        30 220
19  81  56  69   6   0   4 0.00    M    M 10.4 23 220   M    M   2        28 240
20  80  50  65   2   0   0 0.00    M    M  5.8 17 220   M    M   0 8      24 190
21  81  52  67   3   0   2 0.00    M    M  3.6 16 190   M    M   1        22 230
22  85  52  69   5   0   4 0.00    M    M  5.1 14 250   M    M   2        21 250
23  85  56  71   7   0   6 0.00    M    M  6.4 17 230   M    M   1        28 230
24  89  56  73   9   0   8 0.00    M    M  3.4 14 270   M    M   1 8      20 250
25  92  58  75  10   0  10 0.00    M    M  3.5 15 230   M    M   0 8      18 220
26  99  59  79  14   0  14 0.00    M    M  3.1  9 210   M    M   0 8      13 220
27 104  64  84  19   0  19 0.00    M    M  3.2 13  90   M    M   0 8      16  90
28 108  66  87  21   0  22 0.00    M    M  3.3 13 230   M    M   0 8      18 210
29  96  73  85  19   0  20    T    M    M  5.2 18  60   M    M   2 8      22 180
================================================================================
SM 2514 1624        15 208  0.33    M    149.7            0     33
================================================================================
AV 86.7 56.0                               5.2 FASTST    0   0   1    MAX(MPH)
                                 MISC ---->  # 26 240               # 36  220
================================================================================
NOTES:
# LAST OF SEVERAL OCCURRENCES

COLUMN 17 PEAK WIND IN M.P.H.

PRELIMINARY LOCAL CLIMATOLOGICAL DATA (WS FORM: F-6) , PAGE 2

                                          STATION:  SPOKANE WA FELTS AIRPORT
                                          MONTH:    JUNE
                                          YEAR:     2015
                                          LATITUDE:   47 40 N
                                          LONGITUDE: 117 20 W

[TEMPERATURE DATA]      [PRECIPITATION DATA]       SYMBOLS USED IN COLUMN 16

AVERAGE MONTHLY: 71.3   TOTAL FOR MONTH:   0.33    1 = FOG OR MIST
DPTR FM NORMAL:   9.0   DPTR FM NORMAL:   -1.01    2 = FOG REDUCING VISIBILITY
HIGHEST:   108 ON 28    GRTST 24HR  0.31 ON  1- 1      TO 1/4 MILE OR LESS
LOWEST:     44 ON 13                               3 = THUNDER
                        SNOW, ICE PELLETS, HAIL    4 = ICE PELLETS
                        TOTAL MONTH:    M          5 = HAIL
                        GRTST 24HR    M  ON   M    6 = FREEZING RAIN OR DRIZZLE
                        GRTST DEPTH:  M  ON   M    7 = DUSTSTORM OR SANDSTORM:
                                                       VSBY 1/2 MILE OR LESS
                                                   8 = SMOKE OR HAZE
[NO. OF DAYS WITH]      [WEATHER - DAYS WITH]      9 = BLOWING SNOW
                                                   X = TORNADO
MAX 32 OR BELOW:   0    0.01 INCH OR MORE:   2
MAX 90 OR ABOVE:  10    0.10 INCH OR MORE:   1
MIN 32 OR BELOW:   0    0.50 INCH OR MORE:   0
MIN  0 OR BELOW:   0    1.00 INCH OR MORE:   0

[HDD (BASE 65) ]
TOTAL THIS MO.    15    CLEAR  (SCALE 0-3)  26
DPTR FM NORMAL  -100    PTCLDY (SCALE 4-7)   3
TOTAL FM JUL 1  5048    CLOUDY (SCALE 8-10)  0
DPTR FM NORMAL -1242

[CDD (BASE 65) ]
TOTAL THIS MO.   208
DPTR FM NORMAL   167    [PRESSURE DATA]
TOTAL FM JAN 1   246    HIGHEST SLP  0.00 ON 16
DPTR FM NORMAL   198    LOWEST  SLP  0.00 ON M

[REMARKS]
