000
CXUS53 KSGF 250800
CF6SGF
PRELIMINARY LOCAL CLIMATOLOGICAL DATA (WS FORM: F-6)

                                          STATION:   SPRINGFIELD MO
                                          MONTH:     AUGUST
                                          YEAR:      2016
                                          LATITUDE:   37 13 N
                                          LONGITUDE:  93 23 W

  TEMPERATURE IN F:       :PCPN:    SNOW:  WIND      :SUNSHINE: SKY     :PK WND
================================================================================
1   2   3   4   5  6A  6B    7    8   9   10  11  12  13   14  15   16   17  18
                                     12Z  AVG MX 2MIN
DY MAX MIN AVG DEP HDD CDD  WTR  SNW DPTH SPD SPD DIR MIN PSBL S-S WX    SPD DR
================================================================================

 1  91  72  82   3   0  17 0.00  0.0    0  9.4 22  60   M    M   2        26  50
 2  94  74  84   5   0  19 0.00  0.0    0  8.0 15 220   M    M   1        20 220
 3  94  77  86   7   0  21 0.01  0.0    0  6.9 13 260   M    M   2 3      15 250
 4  95  74  85   6   0  20 0.00  0.0    0  8.6 15 220   M    M   0        18 230
 5  93  75  84   5   0  19 0.00  0.0    0  7.3 14 270   M    M   2 3      19 300
 6  82  75  79   0   0  14 0.10  0.0    0  5.7 20  80   M    M   8 13     23  80
 7  79  72  76  -3   0  11 0.42  0.0    0  5.8 13 150   M    M   5 18     16 130
 8  88  72  80   1   0  15 0.75  0.0    0  7.6 15  20   M    M   6 13     20 140
 9  94  73  84   5   0  19 0.00  0.0    0  6.4 13 120   M    M   3 13     18 160
10  93  75  84   5   0  19 0.00  0.0    0  5.9 13 130   M    M   1 1      15 130
11  94  77  86   7   0  21 0.00  0.0    0  8.6 16 150   M    M   0 138    19 150
12  90  75  83   4   0  18 0.08  0.0    0  5.6 24 310   M    M   5 13     36 320
13  86  69  78   0   0  13 0.00  0.0    0 10.4 20  20   M    M   5        24 360
14  79  66  73  -5   0   8    T  0.0    0  9.2 18  30   M    M   4        22  70
15  76  67  72  -6   0   7 0.06  0.0    0  4.5 10  10   M    M   7 18     12 350
16  85  62  74  -4   0   9 0.00  0.0    0  3.9  9 150   M    M   5 12     16 160
17  86  66  76  -2   0  11 0.00  0.0    0  6.2 13 190   M    M   2 12     18 180
18  87  68  78   0   0  13 0.00  0.0    0  7.9 16 180   M    M   3        19 170
19  89  71  80   2   0  15 0.00  0.0    0  9.2 18 280   M    M   4        24 290
20  81  61  71  -7   0   6 0.02  0.0    0  6.6 16 340   M    M   5        21 320
21  81  56  69  -9   0   4 0.00  0.0    0  4.0 13 360   M    M   1        19  90
22  83  57  70  -7   0   5 0.00  0.0    0  8.5 17 160   M    M   0        22 190
23  86  69  78   1   0  13 0.68  0.0    0 12.1 20 170   M    M   5 13     25 170
24  92  73  83   6   0  18 0.00  0.0    0 13.1 22 220   M    M   1        29 220
================================================================================
SM 2098 1676         0 335  2.12     0.0 181.4          M       77
================================================================================
AV 87.4 69.8                               7.6 FASTST   M    M   3    MAX(MPH)
                                 MISC ---->  # 24 310               # 36  320
================================================================================
NOTES:
# LAST OF SEVERAL OCCURRENCES

COLUMN 17 PEAK WIND IN M.P.H.

PRELIMINARY LOCAL CLIMATOLOGICAL DATA (WS FORM: F-6) , PAGE 2

                                          STATION:  SPRINGFIELD MO
                                          MONTH:    AUGUST
                                          YEAR:     2016
                                          LATITUDE:   37 13 N
                                          LONGITUDE:  93 23 W

[TEMPERATURE DATA]      [PRECIPITATION DATA]       SYMBOLS USED IN COLUMN 16

AVERAGE MONTHLY: 78.6   TOTAL FOR MONTH:   2.12    1 = FOG OR MIST
DPTR FM NORMAL:   0.2   DPTR FM NORMAL:   -0.50    2 = FOG REDUCING VISIBILITY
HIGHEST:    95 ON  4    GRTST 24HR  1.17 ON  7- 8      TO 1/4 MILE OR LESS
LOWEST:     56 ON 21                               3 = THUNDER
                        SNOW, ICE PELLETS, HAIL    4 = ICE PELLETS
                        TOTAL MONTH:   0.0 INCH    5 = HAIL
                        GRTST 24HR     0.0         6 = FREEZING RAIN OR DRIZZLE
                        GRTST DEPTH:   0           7 = DUSTSTORM OR SANDSTORM:
                                                       VSBY 1/2 MILE OR LESS
                                                   8 = SMOKE OR HAZE
[NO. OF DAYS WITH]      [WEATHER - DAYS WITH]      9 = BLOWING SNOW
                                                   X = TORNADO
MAX 32 OR BELOW:   0    0.01 INCH OR MORE:   8
MAX 90 OR ABOVE:  10    0.10 INCH OR MORE:   4
MIN 32 OR BELOW:   0    0.50 INCH OR MORE:   2
MIN  0 OR BELOW:   0    1.00 INCH OR MORE:   0

[HDD (BASE 65) ]
TOTAL THIS MO.     0    CLEAR  (SCALE 0-3)  13
DPTR FM NORMAL     0    PTCLDY (SCALE 4-7)  11
TOTAL FM JUL 1     0    CLOUDY (SCALE 8-10)  0
DPTR FM NORMAL     0

[CDD (BASE 65) ]
TOTAL THIS MO.   335
DPTR FM NORMAL    13    [PRESSURE DATA]
TOTAL FM JAN 1  1327    HIGHEST SLP M ON M
DPTR FM NORMAL   217    LOWEST  SLP 29.74 ON 20

[REMARKS]
